{"id":9458,"date":"2018-07-10T12:07:41","date_gmt":"2018-07-10T12:07:41","guid":{"rendered":"http:\/\/www.ipcszeged.hu\/?page_id=9458"},"modified":"2018-08-10T12:48:34","modified_gmt":"2018-08-10T12:48:34","slug":"galeria","status":"publish","type":"page","link":"https:\/\/ipcszeged.hu\/index.php\/programok-ahol-megtalalsz-bennunket\/egyhazmegyei-nyari-tabor\/xv-egyhazmegyei-nyari-tabor\/galeria\/","title":{"rendered":"Gal\u00e9ria"},"content":{"rendered":"<p style=\"text-align: justify;\">Ny\u00e1r, j\u00f3 t\u00e1rsas\u00e1g, fiatalos lend\u00fclet. Az egyh\u00e1zmegyei ifj\u00fas\u00e1gi t\u00e1bor id\u00e9n is megrendez\u00e9sre ker\u00fclt Domasz\u00e9k-Z\u00f6ldf\u00e1son. A lelkigyakorlatos h\u00e1z j\u00fanius 25. \u00e9s j\u00falius 1. k\u00f6z\u00f6tt megtelt mintegy 70 fiatallal, akiket \u00f6sszek\u00f6t hit\u00fck \u00e9s lelkesed\u00e9s\u00fck. A t\u00e1borosoknak gondolat\u00e9breszt\u0151 el\u0151ad\u00e1sokkal, kreat\u00edv im\u00e1ds\u00e1gokkal, kir\u00e1ndul\u00e1sokkal \u00e9s vet\u00e9lked\u0151kkel k\u00e9sz\u00fcltek az Ifj\u00fas\u00e1gpasztor\u00e1ci\u00f3s Iroda munkat\u00e1rsai \u00e9s az \u0151ket seg\u00edt\u0151 egyetemist\u00e1kb\u00f3l \u00e1ll\u00f3 szervez\u0151csoport. A fiatalok koroszt\u00e1lyonk\u00e9nt kiscsoportokban oszthatt\u00e1k meg gondolataikat \u00e9s tapasztalataikat egym\u00e1ssal. A h\u00e9t t\u00e9m\u00e1ja az \u201eAj\u00e1nd\u00e9k\u201d volt, amelyet Isten ad rajtunk, egym\u00e1son vagy a term\u00e9szeten kereszt\u00fcl. A t\u00e1boroz\u00f3k az aj\u00e1nd\u00e9kokon kereszt\u00fcl a legels\u0151 Aj\u00e1nd\u00e9koz\u00f3t, mag\u00e1t Istent is \u00faj oldalr\u00f3l ismertett\u00e9k meg. A lelki felt\u00f6lt\u0151d\u00e9st a p\u00e9nteki lelkinap seg\u00edtette tan\u00fas\u00e1gt\u00e9telekkel, imafoglalkoz\u00e1sokal \u00e9s face2Face szents\u00e9gim\u00e1d\u00e1ssal. A program r\u00e9sze volt kikapcsol\u00f3d\u00e1sk\u00e9nt a m\u00f3rahalmi strandon tett f\u00fcrd\u0151z\u00e9s, majd a \u201eszombat esti l\u00e1z\u201d elnevez\u00e9s\u0171, csal\u00e1dias hangulat\u00fa b\u00facs\u00faeste, melyen a h\u00e9t legviccesebb \u00e9lm\u00e9nyeit foglalt\u00e1k \u00f6ssze a t\u00e1boroz\u00f3k minden tehets\u00e9g\u00fcket bevetve. Vas\u00e1rnap a szentmise, a szob\u00e1k kitakar\u00edt\u00e1sa \u00e9s az eb\u00e9d ut\u00e1n vettek b\u00facs\u00fat egym\u00e1st\u00f3l a fiatalok \u00e9s a szervez\u0151k olyan \u00faj \u00e9lm\u00e9nyekkel, bar\u00e1ts\u00e1gokkal \u00e9s gondolatokkal, amelyek miatt Domasz\u00e9k neve eg\u00e9szen m\u00e1sk\u00e9pp cseng ezut\u00e1n.<\/p>\nngg_shortcode_0_placeholder\nngg_shortcode_1_placeholder\nngg_shortcode_2_placeholder\nngg_shortcode_3_placeholder\n ","protected":false},"excerpt":{"rendered":"<p>Ny\u00e1r, j\u00f3 t\u00e1rsas\u00e1g, fiatalos lend\u00fclet. Az egyh\u00e1zmegyei ifj\u00fas\u00e1gi t\u00e1bor id\u00e9n is megrendez\u00e9sre ker\u00fclt Domasz\u00e9k-Z\u00f6ldf\u00e1son. A lelkigyakorlatos h\u00e1z j\u00fanius 25. \u00e9s j\u00falius 1. k\u00f6z\u00f6tt megtelt mintegy 70 fiatallal, akiket \u00f6sszek\u00f6t hit\u00fck \u00e9s lelkesed\u00e9s\u00fck. A t\u00e1borosoknak gondolat\u00e9breszt\u0151 el\u0151ad\u00e1sokkal, kreat\u00edv im\u00e1ds\u00e1gokkal, kir\u00e1ndul\u00e1sokkal \u00e9s vet\u00e9lked\u0151kkel k\u00e9sz\u00fcltek az Ifj\u00fas\u00e1gpasztor\u00e1ci\u00f3s Iroda munkat\u00e1rsai \u00e9s az \u0151ket seg\u00edt\u0151 egyetemist\u00e1kb\u00f3l \u00e1ll\u00f3 szervez\u0151csoport. A fiatalok&hellip; <br \/> <a class=\"read-more\" href=\"https:\/\/ipcszeged.hu\/index.php\/programok-ahol-megtalalsz-bennunket\/egyhazmegyei-nyari-tabor\/xv-egyhazmegyei-nyari-tabor\/galeria\/\">Read more<\/a><\/p>\n","protected":false},"author":1,"featured_media":0,"parent":8674,"menu_order":2,"comment_status":"closed","ping_status":"closed","template":"","meta":{"ngg_post_thumbnail":0,"footnotes":""},"class_list":["post-9458","page","type-page","status-publish","hentry"],"_links":{"self":[{"href":"https:\/\/ipcszeged.hu\/index.php\/wp-json\/wp\/v2\/pages\/9458","targetHints":{"allow":["GET"]}}],"collection":[{"href":"https:\/\/ipcszeged.hu\/index.php\/wp-json\/wp\/v2\/pages"}],"about":[{"href":"https:\/\/ipcszeged.hu\/index.php\/wp-json\/wp\/v2\/types\/page"}],"author":[{"embeddable":true,"href":"https:\/\/ipcszeged.hu\/index.php\/wp-json\/wp\/v2\/users\/1"}],"replies":[{"embeddable":true,"href":"https:\/\/ipcszeged.hu\/index.php\/wp-json\/wp\/v2\/comments?post=9458"}],"version-history":[{"count":8,"href":"https:\/\/ipcszeged.hu\/index.php\/wp-json\/wp\/v2\/pages\/9458\/revisions"}],"predecessor-version":[{"id":14054,"href":"https:\/\/ipcszeged.hu\/index.php\/wp-json\/wp\/v2\/pages\/9458\/revisions\/14054"}],"up":[{"embeddable":true,"href":"https:\/\/ipcszeged.hu\/index.php\/wp-json\/wp\/v2\/pages\/8674"}],"wp:attachment":[{"href":"https:\/\/ipcszeged.hu\/index.php\/wp-json\/wp\/v2\/media?parent=9458"}],"curies":[{"name":"wp","href":"https:\/\/api.w.org\/{rel}","templated":true}]}}