{"id":708,"date":"2016-02-09T09:29:12","date_gmt":"2016-02-09T09:29:12","guid":{"rendered":"http:\/\/www.ipcszeged.hu\/?page_id=708"},"modified":"2016-02-12T13:10:28","modified_gmt":"2016-02-12T13:10:28","slug":"nagybojti-fuzet-2016","status":"publish","type":"page","link":"https:\/\/ipcszeged.hu\/index.php\/letoltesek\/segedanyagok\/nagybojt\/nagybojti-fuzet-2016\/","title":{"rendered":"Nagyb\u00f6jti F\u00fczet 2016"},"content":{"rendered":"<h5 align=\"center\"><a href=\"http:\/\/www.ipcszeged.hu\/index.php\/2016\/02\/09\/nagybojti-fuzet-2016\/nagybojti_fuzet_2016_\/\" rel=\"attachment wp-att-706\">Nagybojti_fuzet_2016_<\/a><\/h5>\n<h3 align=\"center\">L\u00e9lekben bel\u00e9pek a szent kapun.<u><\/u><u><\/u><\/h3>\n<blockquote><p>Ferenc p\u00e1pa megnyitotta a Szent P\u00e9ter bazilika szent kapuj\u00e1t. Els\u0151k\u00e9nt bement rajta. De aki l\u00e1tta a Tv k\u00f6zvet\u00edt\u00e9st az azt is l\u00e1tta, hogy a bel\u00e9p\u00e9skor meg\u00e1llt egy p\u00e1r m\u00e1sodpercig, l\u00e1tsz\u00f3dott az arc\u00e1n, hogy gondolkozik, im\u00e1dkozik. Gyakran elhangzik ajk\u00e1r\u00f3l: \u00e9n is b\u0171n\u00f6s vagyok, im\u00e1dkozzatok \u00e9rtem.<\/p>\n<p>Az irgalmas Istent bemutatva gyakran id\u00e9zz\u00fck a T\u00e9kozl\u00f3 fi\u00fa szent\u00edr\u00e1si helyet. B\u0171n\u00f6s fi\u00fa, hazaj\u00f6n\u2026 az irgalmas Atya<\/p>\n<p>el\u00e9be megy, megbocs\u00e1t, stb. \u00d6r\u00f6m a sz\u00edv\u00fcnkben, minket is haza\u00a0 v\u00e1r. Ritk\u00e1n, vagy soha sem jut esz\u00fcnkbe a harmadik szem\u00e9ly, az u.n. h\u0171s\u00e9ges fi\u00fa. \u00c9rte is ki kell mennie az Aty\u00e1nak, hogy beh\u00edvja. \u0150 pedig egy ideig visszautas\u00edtja azt, hogy<\/p>\n<p>a t\u00e9kozl\u00f3 mell\u00e9 bemenjen, s\u0151t a h\u0171s\u00e9g\u00e9t emlegetve s\u00e9relmeit is elmondja : m\u00e9g egy g\u00f6d\u00f6ly\u00e9t sem v\u00e1gt\u00e1l, hogy bar\u00e1taimmal egy\u00fctt vigadjunk. Mi a vissz\u00e1ss\u00e1g itt? Hol a hiba?<\/p>\n<p>A buzg\u00f3bbak felm\u00e9rik a t\u00edz-parancsot, s mint t\u00e9kozl\u00f3 fi\u00fak b\u0171nb\u00e1nattal. javul\u00e1si sz\u00e1nd\u00e9kkal bel\u00e9pnek a gy\u00f3ntat\u00f3sz\u00e9kbe. De mi van a t\u00e9kozl\u00f3 fi\u00fak testv\u00e9reivel. \u0150k \u00e1rtatlannak v\u00e9lik magukat. Pedig a 7 f\u0151b\u0171nr\u0151l is sz\u00e1mvet\u00e9st kellene csin\u00e1lniuk. <b>Kev\u00e9lys\u00e9g<\/b>: \u00e9n nem vagyok olyan, mint\u2026 a b\u0171n tudat helyett a hamis \u00f6ntudat. <b>F\u00f6sv\u00e9nys\u00e9g<\/b>: elpocs\u00e9kolni a hizlalt borj\u00fat ez\u00e9rt a z\u00fcll\u00f6tt pasas\u00e9rt? Vigy\u00e1zni kell a maradt \u00f6r\u00f6ks\u00e9g r\u00e9szre. Pocs\u00e9kolni szeretetb\u0151l?<\/p>\n<p><b>Bujas\u00e1g<\/b>: \u00d3, h\u00e1nyszor v\u00e1gyott \u201ez\u00fcll\u00f6tt\u201d testv\u00e9re \u00e1gyasaira, gondolatban h\u00e1nyszor \u00e9lte \u00e1t az \u0151 \u201etiltott kapcsolatait\u201d.<\/p>\n<p>Ugyan, ez m\u00e9gsem lehet b\u0171n.<b> Irigys\u00e9g<\/b>: Gondolatai: milyen j\u00f3 neki, van p\u00e9nze, nem kell dolgoznia, h\u00e1nyan dics\u00e9rik\u2026\u00e9n pedig ink\u00e1bb meg\u00e9rdemeln\u00e9m?\u00a0 <b>Torkoss\u00e1g: <\/b>h\u00e1nyszor d\u00e9zsm\u00e1ltam meg az \u00e9l\u00e9skamr\u00e1t, olyan j\u00f3l esett a frissen s\u00fclt t\u00e9szta, a f\u00e9lretett bor. \u00c9hes voltam? Nem csak megk\u00edv\u00e1ntam. Persze az \u00f6nfegyelmem hi\u00e1nyzik. M\u00e1sban is ilyen fegyelmezetlen lehetek. \u00a0<b>Harag<\/b>: egy bar\u00e1t s\u00e9rt\u0151 megjegyz\u00e9se, egy kiszolg\u00e1l\u00f3 viselked\u00e9se milyen indulatot gerjesztett bennem! Tal\u00e1n m\u00e9g meg\u00f6lni is k\u00e9pes lettem volna\u2026 <b>Rests\u00e9g:<\/b> h\u00e1nyszor fek\u00fcdtem vissza m\u00e9g egy kicsit s azt\u00e1n kapkodva se siker\u00fclt dolgaimat elv\u00e9gezni, kerestem hamis okot, csakhogy neh\u00e9znek k\u00e9pzelt munk\u00e1b\u00f3l kivonjam magam.<\/p>\n<p>\u00c9n is az otthon maradt fi\u00fa v\u00e9lt b\u0171ntelens\u00e9g\u00e9vel felejtem el j\u00f3l megvizsg\u00e1lni lelkiismeretemet, hagyom el a t\u00e9kozl\u00f3<\/p>\n<p>fi\u00fai b\u0171nb\u00e1nat felind\u00edt\u00e1s\u00e1t \u00e9s mint buzg\u00f3, hith\u0171, h\u0171s\u00e9ges nem l\u00e9pek be a gy\u00f3ntat\u00f3sz\u00e9kbe.<\/p>\n<p>\u00c1LLJAK MEG L\u00c9LEKBEN A SZENT KAPU K\u00dcSZ\u00d6B\u00c9N, VIZSG\u00c1LJAM MEG HELYESEN LELKIISMERETEMET \u00c9S MINT<\/p>\n<p align=\"center\">IGAZ T\u00c9KOZL\u00d3 FI\u00da, L\u00c9PJEK BE A GY\u00d3NTAT\u00d3SZ\u00c9KBE\u00a0 TAL\u00c1LKOZNI AZ IRGALMAS ISTENNEL.<\/p>\n<\/blockquote>\n<p style=\"text-align: right;\" align=\"center\">Gyulay Endre<\/p>\n ","protected":false},"excerpt":{"rendered":"<p>Nagybojti_fuzet_2016_ L\u00e9lekben bel\u00e9pek a szent kapun. Ferenc p\u00e1pa megnyitotta a Szent P\u00e9ter bazilika szent kapuj\u00e1t. Els\u0151k\u00e9nt bement rajta. De aki l\u00e1tta a Tv k\u00f6zvet\u00edt\u00e9st az azt is l\u00e1tta, hogy a bel\u00e9p\u00e9skor meg\u00e1llt egy p\u00e1r m\u00e1sodpercig, l\u00e1tsz\u00f3dott az arc\u00e1n, hogy gondolkozik, im\u00e1dkozik. Gyakran elhangzik ajk\u00e1r\u00f3l: \u00e9n is b\u0171n\u00f6s vagyok, im\u00e1dkozzatok \u00e9rtem. Az irgalmas Istent bemutatva gyakran&hellip; <br \/> <a class=\"read-more\" href=\"https:\/\/ipcszeged.hu\/index.php\/letoltesek\/segedanyagok\/nagybojt\/nagybojti-fuzet-2016\/\">Read more<\/a><\/p>\n","protected":false},"author":1,"featured_media":0,"parent":729,"menu_order":0,"comment_status":"closed","ping_status":"closed","template":"","meta":{"ngg_post_thumbnail":0,"footnotes":""},"class_list":["post-708","page","type-page","status-publish","hentry"],"_links":{"self":[{"href":"https:\/\/ipcszeged.hu\/index.php\/wp-json\/wp\/v2\/pages\/708","targetHints":{"allow":["GET"]}}],"collection":[{"href":"https:\/\/ipcszeged.hu\/index.php\/wp-json\/wp\/v2\/pages"}],"about":[{"href":"https:\/\/ipcszeged.hu\/index.php\/wp-json\/wp\/v2\/types\/page"}],"author":[{"embeddable":true,"href":"https:\/\/ipcszeged.hu\/index.php\/wp-json\/wp\/v2\/users\/1"}],"replies":[{"embeddable":true,"href":"https:\/\/ipcszeged.hu\/index.php\/wp-json\/wp\/v2\/comments?post=708"}],"version-history":[{"count":1,"href":"https:\/\/ipcszeged.hu\/index.php\/wp-json\/wp\/v2\/pages\/708\/revisions"}],"predecessor-version":[{"id":709,"href":"https:\/\/ipcszeged.hu\/index.php\/wp-json\/wp\/v2\/pages\/708\/revisions\/709"}],"up":[{"embeddable":true,"href":"https:\/\/ipcszeged.hu\/index.php\/wp-json\/wp\/v2\/pages\/729"}],"wp:attachment":[{"href":"https:\/\/ipcszeged.hu\/index.php\/wp-json\/wp\/v2\/media?parent=708"}],"curies":[{"name":"wp","href":"https:\/\/api.w.org\/{rel}","templated":true}]}}

Nagyböjti Füzet 2016

<h5 align="center"><a href="http://www.ipcszeged.hu/index.php/2016/02/09/nagybojti-fuzet-2016/nagybojti_fuzet_2016_/" rel="attachment wp-att-706">Nagybojti_fuzet_2016_</a></h5>
<h3 align="center">Lélekben belépek a szent kapun.<u></u><u></u></h3>
<blockquote><p>Ferenc pápa megnyitotta a Szent Péter bazilika szent kapuját. Elsőként bement rajta. De aki látta a Tv közvetítést az azt is látta, hogy a belépéskor megállt egy pár másodpercig, látszódott az arcán, hogy gondolkozik, imádkozik. Gyakran elhangzik ajkáról: én is bűnös vagyok, imádkozzatok értem.</p>
<p>Az irgalmas Istent bemutatva gyakran idézzük a Tékozló fiú szentírási helyet. Bűnös fiú, hazajön… az irgalmas Atya</p>
<p>elébe megy, megbocsát, stb. Öröm a szívünkben, minket is haza  vár. Ritkán, vagy soha sem jut eszünkbe a harmadik személy, az u.n. hűséges fiú. Érte is ki kell mennie az Atyának, hogy behívja. Ő pedig egy ideig visszautasítja azt, hogy</p>
<p>a tékozló mellé bemenjen, sőt a hűségét emlegetve sérelmeit is elmondja : még egy gödölyét sem vágtál, hogy barátaimmal együtt vigadjunk. Mi a visszásság itt? Hol a hiba?</p>
<p>A buzgóbbak felmérik a tíz-parancsot, s mint tékozló fiúk bűnbánattal. javulási szándékkal belépnek a gyóntatószékbe. De mi van a tékozló fiúk testvéreivel. Ők ártatlannak vélik magukat. Pedig a 7 főbűnről is számvetést kellene csinálniuk. <b>Kevélység</b>: én nem vagyok olyan, mint… a bűn tudat helyett a hamis öntudat. <b>Fösvénység</b>: elpocsékolni a hizlalt borjút ezért a züllött pasasért? Vigyázni kell a maradt örökség részre. Pocsékolni szeretetből?</p>
<p><b>Bujaság</b>: Ó, hányszor vágyott „züllött” testvére ágyasaira, gondolatban hányszor élte át az ő „tiltott kapcsolatait”.</p>
<p>Ugyan, ez mégsem lehet bűn.<b> Irigység</b>: Gondolatai: milyen jó neki, van pénze, nem kell dolgoznia, hányan dicsérik…én pedig inkább megérdemelném?  <b>Torkosság: </b>hányszor dézsmáltam meg az éléskamrát, olyan jól esett a frissen sült tészta, a félretett bor. Éhes voltam? Nem csak megkívántam. Persze az önfegyelmem hiányzik. Másban is ilyen fegyelmezetlen lehetek.  <b>Harag</b>: egy barát sértő megjegyzése, egy kiszolgáló viselkedése milyen indulatot gerjesztett bennem! Talán még megölni is képes lettem volna… <b>Restség:</b> hányszor feküdtem vissza még egy kicsit s aztán kapkodva se sikerült dolgaimat elvégezni, kerestem hamis okot, csakhogy nehéznek képzelt munkából kivonjam magam.</p>
<p>Én is az otthon maradt fiú vélt bűntelenségével felejtem el jól megvizsgálni lelkiismeretemet, hagyom el a tékozló</p>
<p>fiúi bűnbánat felindítását és mint buzgó, hithű, hűséges nem lépek be a gyóntatószékbe.</p>
<p>ÁLLJAK MEG LÉLEKBEN A SZENT KAPU KÜSZÖBÉN, VIZSGÁLJAM MEG HELYESEN LELKIISMERETEMET ÉS MINT</p>
<p align="center">IGAZ TÉKOZLÓ FIÚ, LÉPJEK BE A GYÓNTATÓSZÉKBE  TALÁLKOZNI AZ IRGALMAS ISTENNEL.</p>
</blockquote>
<p style="text-align: right;" align="center">Gyulay Endre</p>

<p>Nagybojti_fuzet_2016_ Lélekben belépek a szent kapun. Ferenc pápa megnyitotta a Szent Péter bazilika szent kapuját. Elsőként bement rajta. De aki látta a Tv közvetítést az azt is látta, hogy a belépéskor megállt egy pár másodpercig, látszódott az arcán, hogy gondolkozik, imádkozik. Gyakran elhangzik ajkáról: én is bűnös vagyok, imádkozzatok értem. Az irgalmas Istent bemutatva gyakran&hellip; <br /> <a class="read-more" href="https://ipcszeged.hu/index.php/letoltesek/segedanyagok/nagybojt/nagybojti-fuzet-2016/">Read more</a></p>
