{"id":694,"date":"2016-01-26T11:50:19","date_gmt":"2016-01-26T11:50:19","guid":{"rendered":"http:\/\/www.ipcszeged.hu\/?page_id=694"},"modified":"2016-01-26T11:58:28","modified_gmt":"2016-01-26T11:58:28","slug":"kuldetesem-van","status":"publish","type":"page","link":"https:\/\/ipcszeged.hu\/index.php\/programok-ahol-megtalalsz-bennunket\/korzeti-ifjusagi-talalkozo\/kuldetesem-van\/","title":{"rendered":"&#8220;K\u00fcldet\u00e9sem van&#8221;"},"content":{"rendered":"<p style=\"text-align: center;\"><img decoding=\"async\" src=\"http:\/\/images.123hdwallpapers.com\/20150426\/mountain-road-wallpapers-sunset-1920x1080.jpg\" alt=\"\" \/><\/p>\n<p style=\"text-align: center;\">A m\u00f3rahalmi k\u00f6rzet november 21-\u00e9n rendezte meg ifj\u00fas\u00e1gi tal\u00e1lkoz\u00f3j\u00e1t, ahol 6 telep\u00fcl\u00e9sr\u0151l (M\u00f3rahalom, R\u00f6szke, \u00c1sotthalom, Z\u00e1k\u00e1nysz\u00e9k, Pusztam\u00e9rges, Domasz\u00e9k) k\u00f6zel 90 fiatal tal\u00e1lkozhatott egym\u00e1ssal. A nap sor\u00e1n a polg\u00e1rmester \u00far \u00e9s a pl\u00e9b\u00e1nosatya k\u00f6sz\u00f6nt\u00e9s\u00e9t k\u00f6vet\u0151en a telep\u00fcl\u00e9sek elmondt\u00e1k \u00e9s plak\u00e1ttokkal illusztr\u00e1lt\u00e1k, hogy sz\u00e1mukra mit is\u00a0jelent a<\/p>\n<blockquote>\n<h4 style=\"text-align: center;\">&#8220;k\u00fcldet\u00e9s&#8221;<\/h4>\n<\/blockquote>\n<p style=\"text-align: center;\">\u2013 amely a nap mott\u00f3jak\u00e9nt lebegett a fiatalok \u00e9s hitoktat\u00f3ik szeme el\u0151tt. Csoportokat alkotva j\u00e1t\u00e9kos \u00fcgyess\u00e9gi feladatokban kellett r\u00e9szt venni\u00fck az ifjaknak, majd a napot az \u00c1sotthalmi templomban egy Taiz\u00e9 ima\u00f3r\u00e1val z\u00e1rt\u00e1k, ahol a domasz\u00e9ki fiatalok v\u00e1llalt\u00e1k a zenei szolg\u00e1latot.<\/p>\n<h4 style=\"text-align: center;\"><a href=\"http:\/\/www.ipcszeged.hu\/index.php\/2015\/11\/24\/asotthalmon-jartunk\/\" target=\"_blank\">K\u00e9pek a tal\u00e1lkoz\u00f3r\u00f3l<\/a><\/h4>\n ","protected":false},"excerpt":{"rendered":"<p>A m\u00f3rahalmi k\u00f6rzet november 21-\u00e9n rendezte meg ifj\u00fas\u00e1gi tal\u00e1lkoz\u00f3j\u00e1t, ahol 6 telep\u00fcl\u00e9sr\u0151l (M\u00f3rahalom, R\u00f6szke, \u00c1sotthalom, Z\u00e1k\u00e1nysz\u00e9k, Pusztam\u00e9rges, Domasz\u00e9k) k\u00f6zel 90 fiatal tal\u00e1lkozhatott egym\u00e1ssal. A nap sor\u00e1n a polg\u00e1rmester \u00far \u00e9s a pl\u00e9b\u00e1nosatya k\u00f6sz\u00f6nt\u00e9s\u00e9t k\u00f6vet\u0151en a telep\u00fcl\u00e9sek elmondt\u00e1k \u00e9s plak\u00e1ttokkal illusztr\u00e1lt\u00e1k, hogy sz\u00e1mukra mit is\u00a0jelent a &#8220;k\u00fcldet\u00e9s&#8221; \u2013 amely a nap mott\u00f3jak\u00e9nt lebegett a fiatalok \u00e9s&hellip; <br \/> <a class=\"read-more\" href=\"https:\/\/ipcszeged.hu\/index.php\/programok-ahol-megtalalsz-bennunket\/korzeti-ifjusagi-talalkozo\/kuldetesem-van\/\">Read more<\/a><\/p>\n","protected":false},"author":1,"featured_media":0,"parent":277,"menu_order":1,"comment_status":"closed","ping_status":"closed","template":"","meta":{"ngg_post_thumbnail":0,"footnotes":""},"class_list":["post-694","page","type-page","status-publish","hentry"],"_links":{"self":[{"href":"https:\/\/ipcszeged.hu\/index.php\/wp-json\/wp\/v2\/pages\/694","targetHints":{"allow":["GET"]}}],"collection":[{"href":"https:\/\/ipcszeged.hu\/index.php\/wp-json\/wp\/v2\/pages"}],"about":[{"href":"https:\/\/ipcszeged.hu\/index.php\/wp-json\/wp\/v2\/types\/page"}],"author":[{"embeddable":true,"href":"https:\/\/ipcszeged.hu\/index.php\/wp-json\/wp\/v2\/users\/1"}],"replies":[{"embeddable":true,"href":"https:\/\/ipcszeged.hu\/index.php\/wp-json\/wp\/v2\/comments?post=694"}],"version-history":[{"count":1,"href":"https:\/\/ipcszeged.hu\/index.php\/wp-json\/wp\/v2\/pages\/694\/revisions"}],"predecessor-version":[{"id":695,"href":"https:\/\/ipcszeged.hu\/index.php\/wp-json\/wp\/v2\/pages\/694\/revisions\/695"}],"up":[{"embeddable":true,"href":"https:\/\/ipcszeged.hu\/index.php\/wp-json\/wp\/v2\/pages\/277"}],"wp:attachment":[{"href":"https:\/\/ipcszeged.hu\/index.php\/wp-json\/wp\/v2\/media?parent=694"}],"curies":[{"name":"wp","href":"https:\/\/api.w.org\/{rel}","templated":true}]}}