{"id":688,"date":"2016-01-26T11:28:01","date_gmt":"2016-01-26T11:28:01","guid":{"rendered":"http:\/\/www.ipcszeged.hu\/?page_id=688"},"modified":"2016-01-26T11:28:01","modified_gmt":"2016-01-26T11:28:01","slug":"keszulj-testben-es-lelekben","status":"publish","type":"page","link":"https:\/\/ipcszeged.hu\/index.php\/programok-ahol-megtalalsz-bennunket\/ivt-krakko-2016\/keszulj-testben-es-lelekben\/","title":{"rendered":"K\u00e9sz\u00fclj testben \u00e9s l\u00e9lekben&#8230;.."},"content":{"rendered":"<p><img decoding=\"async\" src=\"https:\/\/christlife.org\/images\/made\/assets\/images\/featured\/CLYA_WYD_960_450_s_c1.jpg\" alt=\"\" \/><\/p>\n<p style=\"text-align: center;\"><a href=\"http:\/\/krakko2016.hu\/category\/ivt-lelki-fekeszules\/\" target=\"_blank\">Lelki felk\u00e9sz\u00fcl\u00e9st seg\u00edt\u0151 anyagok<\/a><\/p>\n ","protected":false},"excerpt":{"rendered":"<p>Lelki felk\u00e9sz\u00fcl\u00e9st seg\u00edt\u0151 anyagok<\/p>\n","protected":false},"author":1,"featured_media":0,"parent":202,"menu_order":0,"comment_status":"closed","ping_status":"closed","template":"template-fullwidth.php","meta":{"ngg_post_thumbnail":0,"footnotes":""},"class_list":["post-688","page","type-page","status-publish","hentry"],"_links":{"self":[{"href":"https:\/\/ipcszeged.hu\/index.php\/wp-json\/wp\/v2\/pages\/688","targetHints":{"allow":["GET"]}}],"collection":[{"href":"https:\/\/ipcszeged.hu\/index.php\/wp-json\/wp\/v2\/pages"}],"about":[{"href":"https:\/\/ipcszeged.hu\/index.php\/wp-json\/wp\/v2\/types\/page"}],"author":[{"embeddable":true,"href":"https:\/\/ipcszeged.hu\/index.php\/wp-json\/wp\/v2\/users\/1"}],"replies":[{"embeddable":true,"href":"https:\/\/ipcszeged.hu\/index.php\/wp-json\/wp\/v2\/comments?post=688"}],"version-history":[{"count":1,"href":"https:\/\/ipcszeged.hu\/index.php\/wp-json\/wp\/v2\/pages\/688\/revisions"}],"predecessor-version":[{"id":689,"href":"https:\/\/ipcszeged.hu\/index.php\/wp-json\/wp\/v2\/pages\/688\/revisions\/689"}],"up":[{"embeddable":true,"href":"https:\/\/ipcszeged.hu\/index.php\/wp-json\/wp\/v2\/pages\/202"}],"wp:attachment":[{"href":"https:\/\/ipcszeged.hu\/index.php\/wp-json\/wp\/v2\/media?parent=688"}],"curies":[{"name":"wp","href":"https:\/\/api.w.org\/{rel}","templated":true}]}}