{"id":5879,"date":"2017-09-05T08:45:20","date_gmt":"2017-09-05T08:45:20","guid":{"rendered":"http:\/\/www.ipcszeged.hu\/?page_id=5879"},"modified":"2020-08-28T10:11:48","modified_gmt":"2020-08-28T10:11:48","slug":"gellert-nap-2017","status":"publish","type":"page","link":"https:\/\/ipcszeged.hu\/index.php\/programok-ahol-megtalalsz-bennunket\/szent-gellert-ifjusagi-talalkozo\/gellert-nap-2017\/","title":{"rendered":"Gell\u00e9rt Nap 2017"},"content":{"rendered":"<h3 style=\"text-align: center;\">Id\u00e9n is szeretettel h\u00edvunk mindenkit a Szeged-Csan\u00e1di Egyh\u00e1zmegye ifj\u00fas\u00e1gi tal\u00e1lkoz\u00f3j\u00e1ra, a<\/h3>\n<blockquote>\n<p style=\"text-align: center;\"><span style=\"color: #ff6600;\"><strong>Szent Gell\u00e9rt napra <\/strong><\/span><\/p>\n<p style=\"text-align: center;\"><span style=\"color: #ff6600;\"><strong>2017. szeptember 23-\u00e1n <\/strong><\/span><\/p>\n<p style=\"text-align: center;\">&nbsp;<\/p>\n<p style=\"text-align: center;\"><span style=\"color: #ff6600;\"><strong>T\u00e9ma: Kitart\u00e1s<\/strong><\/span><\/p>\n<p style=\"text-align: center;\"><span style=\"color: #ff6600;\"><strong>El\u0151ad\u00f3: Hirling Zsolt vil\u00e1g- \u00e9s Eur\u00f3pa bajnok evez\u0151s<\/strong><\/span><\/p>\n<p style=\"text-align: center;\"><span style=\"color: #ff6600;\"><strong>Helysz\u00edn:<\/strong> <strong>az Als\u00f3v\u00e1rosi Ferences Templom \u00e9s Rendh\u00e1z, illetve a Karolina Gimn\u00e1zium<\/strong><\/span><\/p>\n<\/blockquote>\n<p>A r\u00e9sztvev\u0151ket k\u00f6z\u00f6s eb\u00e9dre is v\u00e1rjuk. Ahhoz, hogy mindenkinek jusson eb\u00e9d, arra k\u00e9rj\u00fck a csoportk\u00eds\u00e9r\u0151ket, hogy az al\u00e1bbi linken&nbsp;regisztr\u00e1ljanak.<\/p>\n<p>&nbsp;<\/p>\n<h1 style=\"text-align: center;\"><a href=\"https:\/\/goo.gl\/forms\/Um7NLrD6naYusGnA3\">REGISZTR\u00c1LOK!!!!<\/a><\/h1>\n<p><span style=\"color: #ff0000;\"><strong><u>Regisztr\u00e1ci\u00f3s hat\u00e1rid\u0151: 2017. szeptember 15<\/u><\/strong>.<\/span><\/p>\n<p>&nbsp;<\/p>\n<p>A plak\u00e1t PDF form\u00e1tumban let\u00f6lthet\u0151: <a href=\"http:\/\/www.ipcszeged.hu\/index.php\/gellert-nap-2017\/kitartas-plakat-a3-1\/\" rel=\"attachment wp-att-5880\">Kitartas plakat A3 (1)<\/a><\/p>\n<p>&nbsp;<\/p>\n<p>Tov\u00e1bbi inform\u00e1ci\u00f3k\u00e9rt k\u00e9rlek figyeld a web- \u00e9s a facebook oldalunkat!<\/p>\n ","protected":false},"excerpt":{"rendered":"<p>Id\u00e9n is szeretettel h\u00edvunk mindenkit a Szeged-Csan\u00e1di Egyh\u00e1zmegye ifj\u00fas\u00e1gi tal\u00e1lkoz\u00f3j\u00e1ra, a Szent Gell\u00e9rt napra 2017. szeptember 23-\u00e1n &nbsp; T\u00e9ma: Kitart\u00e1s El\u0151ad\u00f3: Hirling Zsolt vil\u00e1g- \u00e9s Eur\u00f3pa bajnok evez\u0151s Helysz\u00edn: az Als\u00f3v\u00e1rosi Ferences Templom \u00e9s Rendh\u00e1z, illetve a Karolina Gimn\u00e1zium A r\u00e9sztvev\u0151ket k\u00f6z\u00f6s eb\u00e9dre is v\u00e1rjuk. Ahhoz, hogy mindenkinek jusson eb\u00e9d, arra k\u00e9rj\u00fck a csoportk\u00eds\u00e9r\u0151ket, hogy&hellip; <br \/> <a class=\"read-more\" href=\"https:\/\/ipcszeged.hu\/index.php\/programok-ahol-megtalalsz-bennunket\/szent-gellert-ifjusagi-talalkozo\/gellert-nap-2017\/\">Read more<\/a><\/p>\n","protected":false},"author":1,"featured_media":5881,"parent":264,"menu_order":3,"comment_status":"closed","ping_status":"closed","template":"","meta":{"ngg_post_thumbnail":0,"footnotes":""},"class_list":["post-5879","page","type-page","status-publish","has-post-thumbnail","hentry"],"_links":{"self":[{"href":"https:\/\/ipcszeged.hu\/index.php\/wp-json\/wp\/v2\/pages\/5879","targetHints":{"allow":["GET"]}}],"collection":[{"href":"https:\/\/ipcszeged.hu\/index.php\/wp-json\/wp\/v2\/pages"}],"about":[{"href":"https:\/\/ipcszeged.hu\/index.php\/wp-json\/wp\/v2\/types\/page"}],"author":[{"embeddable":true,"href":"https:\/\/ipcszeged.hu\/index.php\/wp-json\/wp\/v2\/users\/1"}],"replies":[{"embeddable":true,"href":"https:\/\/ipcszeged.hu\/index.php\/wp-json\/wp\/v2\/comments?post=5879"}],"version-history":[{"count":2,"href":"https:\/\/ipcszeged.hu\/index.php\/wp-json\/wp\/v2\/pages\/5879\/revisions"}],"predecessor-version":[{"id":5883,"href":"https:\/\/ipcszeged.hu\/index.php\/wp-json\/wp\/v2\/pages\/5879\/revisions\/5883"}],"up":[{"embeddable":true,"href":"https:\/\/ipcszeged.hu\/index.php\/wp-json\/wp\/v2\/pages\/264"}],"wp:featuredmedia":[{"embeddable":true,"href":"https:\/\/ipcszeged.hu\/index.php\/wp-json\/wp\/v2\/media\/5881"}],"wp:attachment":[{"href":"https:\/\/ipcszeged.hu\/index.php\/wp-json\/wp\/v2\/media?parent=5879"}],"curies":[{"name":"wp","href":"https:\/\/api.w.org\/{rel}","templated":true}]}}