{"id":268,"date":"2015-11-12T12:46:40","date_gmt":"2015-11-12T12:46:40","guid":{"rendered":"http:\/\/www.ipcszeged.hu\/?page_id=268"},"modified":"2019-07-29T12:53:56","modified_gmt":"2019-07-29T12:53:56","slug":"tesz-vesz-tavasz","status":"publish","type":"page","link":"https:\/\/ipcszeged.hu\/index.php\/programok-ahol-megtalalsz-bennunket\/tesz-vesz-tavasz\/","title":{"rendered":"Tesz Vesz Tavasz"},"content":{"rendered":"<h4 style=\"text-align: center;\">&nbsp; &nbsp; &nbsp; &nbsp; &nbsp; &nbsp; &nbsp; &nbsp; &nbsp; &nbsp; &nbsp; &nbsp; &nbsp; &nbsp; &nbsp; &nbsp; &nbsp; &nbsp; &nbsp; &nbsp; &nbsp; &nbsp; &nbsp; &nbsp; &nbsp; &nbsp; &nbsp; &nbsp; &nbsp; &nbsp; &nbsp; &nbsp; &nbsp; &nbsp; &nbsp; &nbsp; &nbsp; &nbsp; &nbsp; &nbsp; &nbsp; &nbsp; &nbsp; &nbsp; &nbsp; &nbsp; &nbsp; &nbsp;<a href=\"http:\/\/www.ipcszeged.hu\/index.php\/efop-1-2-2-15\/infoblokk_kedv_final_felso_cmyk_esza\/\" rel=\"attachment wp-att-2365\"><img loading=\"lazy\" decoding=\"async\" class=\"wp-image-2365 alignnone\" src=\"http:\/\/www.ipcszeged.hu\/wp-content\/uploads\/2017\/01\/infoblokk_kedv_final_felso_cmyk_ESZA.jpg\" alt=\"\" width=\"319\" height=\"220\" srcset=\"https:\/\/ipcszeged.hu\/wp-content\/uploads\/2017\/01\/infoblokk_kedv_final_felso_cmyk_ESZA.jpg 1453w, https:\/\/ipcszeged.hu\/wp-content\/uploads\/2017\/01\/infoblokk_kedv_final_felso_cmyk_ESZA-150x104.jpg 150w, https:\/\/ipcszeged.hu\/wp-content\/uploads\/2017\/01\/infoblokk_kedv_final_felso_cmyk_ESZA-300x207.jpg 300w, https:\/\/ipcszeged.hu\/wp-content\/uploads\/2017\/01\/infoblokk_kedv_final_felso_cmyk_ESZA-768x531.jpg 768w, https:\/\/ipcszeged.hu\/wp-content\/uploads\/2017\/01\/infoblokk_kedv_final_felso_cmyk_ESZA-945x653.jpg 945w, https:\/\/ipcszeged.hu\/wp-content\/uploads\/2017\/01\/infoblokk_kedv_final_felso_cmyk_ESZA-600x415.jpg 600w\" sizes=\"auto, (max-width: 319px) 100vw, 319px\" \/><\/a><\/h4>\n<h4 style=\"text-align: center;\"><span style=\"color: #333333;\"><span style=\"font-family: Roboto, Helvetica, sans-serif;\"><span style=\"font-size: medium;\">A tesz Vesz Tavasz program 2008-ban indult \u00fatj\u00e1ra. F\u0151 c\u00e9lja, hogy arra buzd\u00edtsa a fiatalokat, hogy m\u00e9rj\u00e9k fel k\u00f6rnyezet\u00fck hi\u00e1nyoss\u00e1gait mind szoci\u00e1lis \u00e9s kultur\u00e1lis, mind pedig \u00f6kol\u00f3giai szempontok szerint. Szeretn\u00e9nk, ha a fiatalok magukhoz venn\u00e9k a kezdem\u00e9nyez\u00e9s eszk\u00f6z\u00e9t \u00e9s maguk tenn\u00e9nek k\u00f6rnyezet\u00fck javul\u00e1sa \u00e9rdek\u00e9ben. A programban az Egyh\u00e1zmegye eg\u00e9sz ter\u00fclet\u00e9r\u0151l jelentkeznek k\u00e9sz projektekkel ifj\u00fas\u00e1gi csoportok \u00e9s pl\u00e9b\u00e1niai k\u00f6z\u00f6ss\u00e9gek. \u00c9vr\u0151l \u00e9vre egyre t\u00f6bb katolikus iskola is csatlakozik a programhoz, \u00edgy di\u00e1kok sz\u00e1zai dolgoznak saj\u00e1t \u00e9letter\u00fck javul\u00e1s\u00e1\u00e9rt egy h\u00e9tv\u00e9ge alatt. Id\u00e9n el\u00e9rt\u00fck a 3000 f\u00f6l\u00f6tti regisztr\u00e1ci\u00f3t. 2 \u00e9ve pedig megnyitottuk a programot az Iskolai K\u00f6z\u00f6ss\u00e9gi Szolg\u00e1latot teljes\u00edt\u0151 di\u00e1kok fel\u00e9.<\/span><\/span><\/span><\/h4>\n ","protected":false},"excerpt":{"rendered":"<p>&nbsp; &nbsp; &nbsp; &nbsp; &nbsp; &nbsp; &nbsp; &nbsp; &nbsp; &nbsp; &nbsp; &nbsp; &nbsp; &nbsp; &nbsp; &nbsp; &nbsp; &nbsp; &nbsp; &nbsp; &nbsp; &nbsp; &nbsp; &nbsp; &nbsp; &nbsp; &nbsp; &nbsp; &nbsp; &nbsp; &nbsp; &nbsp; &nbsp; &nbsp; &nbsp; &nbsp; &nbsp; &nbsp; &nbsp; &nbsp; &nbsp; &nbsp; &nbsp; &nbsp; &nbsp; &nbsp; &nbsp; &nbsp; A tesz Vesz Tavasz program 2008-ban indult&hellip; <br \/> <a class=\"read-more\" href=\"https:\/\/ipcszeged.hu\/index.php\/programok-ahol-megtalalsz-bennunket\/tesz-vesz-tavasz\/\">Read more<\/a><\/p>\n","protected":false},"author":1,"featured_media":2277,"parent":162,"menu_order":2,"comment_status":"closed","ping_status":"closed","template":"","meta":{"ngg_post_thumbnail":0,"footnotes":""},"class_list":["post-268","page","type-page","status-publish","has-post-thumbnail","hentry"],"_links":{"self":[{"href":"https:\/\/ipcszeged.hu\/index.php\/wp-json\/wp\/v2\/pages\/268","targetHints":{"allow":["GET"]}}],"collection":[{"href":"https:\/\/ipcszeged.hu\/index.php\/wp-json\/wp\/v2\/pages"}],"about":[{"href":"https:\/\/ipcszeged.hu\/index.php\/wp-json\/wp\/v2\/types\/page"}],"author":[{"embeddable":true,"href":"https:\/\/ipcszeged.hu\/index.php\/wp-json\/wp\/v2\/users\/1"}],"replies":[{"embeddable":true,"href":"https:\/\/ipcszeged.hu\/index.php\/wp-json\/wp\/v2\/comments?post=268"}],"version-history":[{"count":3,"href":"https:\/\/ipcszeged.hu\/index.php\/wp-json\/wp\/v2\/pages\/268\/revisions"}],"predecessor-version":[{"id":16208,"href":"https:\/\/ipcszeged.hu\/index.php\/wp-json\/wp\/v2\/pages\/268\/revisions\/16208"}],"up":[{"embeddable":true,"href":"https:\/\/ipcszeged.hu\/index.php\/wp-json\/wp\/v2\/pages\/162"}],"wp:featuredmedia":[{"embeddable":true,"href":"https:\/\/ipcszeged.hu\/index.php\/wp-json\/wp\/v2\/media\/2277"}],"wp:attachment":[{"href":"https:\/\/ipcszeged.hu\/index.php\/wp-json\/wp\/v2\/media?parent=268"}],"curies":[{"name":"wp","href":"https:\/\/api.w.org\/{rel}","templated":true}]}}

<h4 style="text-align: center;">&nbsp; &nbsp; &nbsp; &nbsp; &nbsp; &nbsp; &nbsp; &nbsp; &nbsp; &nbsp; &nbsp; &nbsp; &nbsp; &nbsp; &nbsp; &nbsp; &nbsp; &nbsp; &nbsp; &nbsp; &nbsp; &nbsp; &nbsp; &nbsp; &nbsp; &nbsp; &nbsp; &nbsp; &nbsp; &nbsp; &nbsp; &nbsp; &nbsp; &nbsp; &nbsp; &nbsp; &nbsp; &nbsp; &nbsp; &nbsp; &nbsp; &nbsp; &nbsp; &nbsp; &nbsp; &nbsp; &nbsp; &nbsp;<a href="http://www.ipcszeged.hu/index.php/efop-1-2-2-15/infoblokk_kedv_final_felso_cmyk_esza/" rel="attachment wp-att-2365"><img loading="lazy" decoding="async" class="wp-image-2365 alignnone" src="http://www.ipcszeged.hu/wp-content/uploads/2017/01/infoblokk_kedv_final_felso_cmyk_ESZA.jpg" alt="" width="319" height="220" srcset="https://ipcszeged.hu/wp-content/uploads/2017/01/infoblokk_kedv_final_felso_cmyk_ESZA.jpg 1453w, https://ipcszeged.hu/wp-content/uploads/2017/01/infoblokk_kedv_final_felso_cmyk_ESZA-150x104.jpg 150w, https://ipcszeged.hu/wp-content/uploads/2017/01/infoblokk_kedv_final_felso_cmyk_ESZA-300x207.jpg 300w, https://ipcszeged.hu/wp-content/uploads/2017/01/infoblokk_kedv_final_felso_cmyk_ESZA-768x531.jpg 768w, https://ipcszeged.hu/wp-content/uploads/2017/01/infoblokk_kedv_final_felso_cmyk_ESZA-945x653.jpg 945w, https://ipcszeged.hu/wp-content/uploads/2017/01/infoblokk_kedv_final_felso_cmyk_ESZA-600x415.jpg 600w" sizes="auto, (max-width: 319px) 100vw, 319px" /></a></h4>
<h4 style="text-align: center;"><span style="color: #333333;"><span style="font-family: Roboto, Helvetica, sans-serif;"><span style="font-size: medium;">A tesz Vesz Tavasz program 2008-ban indult útjára. Fő célja, hogy arra buzdítsa a fiatalokat, hogy mérjék fel környezetük hiányosságait mind szociális és kulturális, mind pedig ökológiai szempontok szerint. Szeretnénk, ha a fiatalok magukhoz vennék a kezdeményezés eszközét és maguk tennének környezetük javulása érdekében. A programban az Egyházmegye egész területéről jelentkeznek kész projektekkel ifjúsági csoportok és plébániai közösségek. Évről évre egyre több katolikus iskola is csatlakozik a programhoz, így diákok százai dolgoznak saját életterük javulásáért egy hétvége alatt. Idén elértük a 3000 fölötti regisztrációt. 2 éve pedig megnyitottuk a programot az Iskolai Közösségi Szolgálatot teljesítő diákok felé.</span></span></span></h4>
