{"id":252,"date":"2015-11-12T12:13:34","date_gmt":"2015-11-12T12:13:34","guid":{"rendered":"http:\/\/www.ipcszeged.hu\/?page_id=252"},"modified":"2016-02-12T13:09:42","modified_gmt":"2016-02-12T13:09:42","slug":"nagybojti-anyagok","status":"publish","type":"page","link":"https:\/\/ipcszeged.hu\/index.php\/letoltesek\/segedanyagok\/nagybojt\/nagybojti-anyagok\/","title":{"rendered":"Nagyb\u00f6jti seg\u00e9danyagok"},"content":{"rendered":"<p>Nagyb\u00f6jt 2015<!--more--><\/p>\n<p><a href=\"http:\/\/www.ipcszeged.hu\/wp-content\/uploads\/2015\/11\/jezsuit\u00e1k-4vas\u00e1rnap.pdf\">seg\u00e9danyag bevezet\u0151<\/a><\/p>\n<p><a href=\"http:\/\/www.ipcszeged.hu\/wp-content\/uploads\/2015\/11\/jezsuit\u00e1k-4vas\u00e1rnap.pdf\">jezsuit\u00e1k<\/a><\/p>\n<p><a href=\"http:\/\/www.ipcszeged.hu\/wp-content\/uploads\/2015\/11\/minorit\u00e1k5vas\u00e1rnap.pdf\">minorit\u00e1k<\/a><\/p>\n<p><a href=\"http:\/\/www.ipcszeged.hu\/wp-content\/uploads\/2015\/11\/piarist\u00e1k.pdf\">piarist\u00e1k<\/a><\/p>\n<p><a href=\"http:\/\/www.ipcszeged.hu\/index.php\/letoltesek\/segedanyagok\/nagybojti-anyagok\/ferencesek\/\" rel=\"attachment wp-att-491\">ferencesek<\/a><\/p>\n<p><a href=\"http:\/\/www.ipcszeged.hu\/index.php\/letoltesek\/segedanyagok\/nagybojti-anyagok\/iskolanoverek-7vasarnap\/\" rel=\"attachment wp-att-492\">iskolan\u0151v\u00e9rek<\/a><\/p>\n<p>&nbsp;<\/p>\n<p>&nbsp;<\/p>\n<p>&nbsp;<\/p>\n<hr \/>\n<p>&nbsp;<\/p>\n<p>Nagyb\u00f6jt 2014<!--more--><\/p>\n<p><a href=\"http:\/\/www.ipcszeged.hu\/wp-content\/uploads\/2015\/11\/Nagybojt_6.pdf\">Nagybojt_7<\/a><\/p>\n<p><a href=\"http:\/\/www.ipcszeged.hu\/wp-content\/uploads\/2015\/11\/Nagybojt_6.pdf\">Nagybojt_6<\/a><\/p>\n<p><a href=\"http:\/\/www.ipcszeged.hu\/wp-content\/uploads\/2015\/11\/Nagybojt_4.pdf\">Nagybojt_5<\/a><\/p>\n<p><a href=\"http:\/\/www.ipcszeged.hu\/wp-content\/uploads\/2015\/11\/Nagybojt_4.pdf\">Nagybojt_4<\/a><\/p>\n<p><a href=\"http:\/\/www.ipcszeged.hu\/wp-content\/uploads\/2015\/11\/Nagybojt_3.pdf\">Nagybojt_3<\/a><\/p>\n<p><a href=\"http:\/\/www.ipcszeged.hu\/wp-content\/uploads\/2015\/11\/Nagybojt_2_2.pdf\">Nagybojt_2<\/a><\/p>\n<p><a href=\"http:\/\/www.ipcszeged.hu\/wp-content\/uploads\/2015\/11\/Nagybojt_1_2valtozat.pdf\">Nagybojt_1<\/a><\/p>\n<hr \/>\n<p>&nbsp;<\/p>\n ","protected":false},"excerpt":{"rendered":"<p>Nagyb\u00f6jt 2015<\/p>\n","protected":false},"author":1,"featured_media":0,"parent":729,"menu_order":1,"comment_status":"closed","ping_status":"closed","template":"","meta":{"ngg_post_thumbnail":0,"footnotes":""},"class_list":["post-252","page","type-page","status-publish","hentry"],"_links":{"self":[{"href":"https:\/\/ipcszeged.hu\/index.php\/wp-json\/wp\/v2\/pages\/252","targetHints":{"allow":["GET"]}}],"collection":[{"href":"https:\/\/ipcszeged.hu\/index.php\/wp-json\/wp\/v2\/pages"}],"about":[{"href":"https:\/\/ipcszeged.hu\/index.php\/wp-json\/wp\/v2\/types\/page"}],"author":[{"embeddable":true,"href":"https:\/\/ipcszeged.hu\/index.php\/wp-json\/wp\/v2\/users\/1"}],"replies":[{"embeddable":true,"href":"https:\/\/ipcszeged.hu\/index.php\/wp-json\/wp\/v2\/comments?post=252"}],"version-history":[{"count":5,"href":"https:\/\/ipcszeged.hu\/index.php\/wp-json\/wp\/v2\/pages\/252\/revisions"}],"predecessor-version":[{"id":728,"href":"https:\/\/ipcszeged.hu\/index.php\/wp-json\/wp\/v2\/pages\/252\/revisions\/728"}],"up":[{"embeddable":true,"href":"https:\/\/ipcszeged.hu\/index.php\/wp-json\/wp\/v2\/pages\/729"}],"wp:attachment":[{"href":"https:\/\/ipcszeged.hu\/index.php\/wp-json\/wp\/v2\/media?parent=252"}],"curies":[{"name":"wp","href":"https:\/\/api.w.org\/{rel}","templated":true}]}}