{"id":242,"date":"2015-11-12T12:04:00","date_gmt":"2015-11-12T12:04:00","guid":{"rendered":"http:\/\/www.ipcszeged.hu\/?page_id=242"},"modified":"2015-11-25T10:43:05","modified_gmt":"2015-11-25T10:43:05","slug":"regisztracio","status":"publish","type":"page","link":"https:\/\/ipcszeged.hu\/index.php\/programok-ahol-megtalalsz-bennunket\/ivt-krakko-2016\/regisztracio\/","title":{"rendered":"Regisztr\u00e1ci\u00f3"},"content":{"rendered":"<p style=\"text-align: center;\">\u00d6r\u00f6mmel jelentj\u00fck be, hogy a Szeged- Csan\u00e1di Egyh\u00e1zmegy\u00e9ben megnyitottuk a 2016-os krakk\u00f3i IVT-re val\u00f3 regisztr\u00e1ci\u00f3t. K\u00e9r\u00fcnk minden Szeged-Csan\u00e1di Egyh\u00e1zmegy\u00e9s fiatalt, hogy csak itt regisztr\u00e1ljanak \u00e9s ne a nemzetk\u00f6zi rendszerben. HA itt regisztr\u00e1lsz k\u00fcl\u00f6n zar\u00e1ndokcsomag j\u00e1r neked \u00e9s tov\u00e1bbi jelent\u0151s kedvezm\u00e9nyek.<\/p>\n<p style=\"text-align: center;\"><a href=\"http:\/\/goo.gl\/forms\/pIQgCPRhZh\" target=\"_blank\">IVT 2016 jelentkez\u00e9si \u0171rlap<\/a><\/p>\n<p style=\"text-align: center;\">V\u00e1rjuk jelentkez\u00e9sedet!<\/p>\n<p><img decoding=\"async\" class=\"aligncenter\" src=\"http:\/\/krakko2016.hu\/wp-content\/uploads\/2015\/09\/fekvo.png\" alt=\"fekvo\" \/><\/p>\n ","protected":false},"excerpt":{"rendered":"<p>\u00d6r\u00f6mmel jelentj\u00fck be, hogy a Szeged- Csan\u00e1di Egyh\u00e1zmegy\u00e9ben megnyitottuk a 2016-os krakk\u00f3i IVT-re val\u00f3 regisztr\u00e1ci\u00f3t. K\u00e9r\u00fcnk minden Szeged-Csan\u00e1di Egyh\u00e1zmegy\u00e9s fiatalt, hogy csak itt regisztr\u00e1ljanak \u00e9s ne a nemzetk\u00f6zi rendszerben. HA itt regisztr\u00e1lsz k\u00fcl\u00f6n zar\u00e1ndokcsomag j\u00e1r neked \u00e9s tov\u00e1bbi jelent\u0151s kedvezm\u00e9nyek. IVT 2016 jelentkez\u00e9si \u0171rlap V\u00e1rjuk jelentkez\u00e9sedet!<\/p>\n","protected":false},"author":1,"featured_media":0,"parent":202,"menu_order":0,"comment_status":"closed","ping_status":"closed","template":"template-fullwidth.php","meta":{"ngg_post_thumbnail":0,"footnotes":""},"class_list":["post-242","page","type-page","status-publish","hentry"],"_links":{"self":[{"href":"https:\/\/ipcszeged.hu\/index.php\/wp-json\/wp\/v2\/pages\/242","targetHints":{"allow":["GET"]}}],"collection":[{"href":"https:\/\/ipcszeged.hu\/index.php\/wp-json\/wp\/v2\/pages"}],"about":[{"href":"https:\/\/ipcszeged.hu\/index.php\/wp-json\/wp\/v2\/types\/page"}],"author":[{"embeddable":true,"href":"https:\/\/ipcszeged.hu\/index.php\/wp-json\/wp\/v2\/users\/1"}],"replies":[{"embeddable":true,"href":"https:\/\/ipcszeged.hu\/index.php\/wp-json\/wp\/v2\/comments?post=242"}],"version-history":[{"count":3,"href":"https:\/\/ipcszeged.hu\/index.php\/wp-json\/wp\/v2\/pages\/242\/revisions"}],"predecessor-version":[{"id":354,"href":"https:\/\/ipcszeged.hu\/index.php\/wp-json\/wp\/v2\/pages\/242\/revisions\/354"}],"up":[{"embeddable":true,"href":"https:\/\/ipcszeged.hu\/index.php\/wp-json\/wp\/v2\/pages\/202"}],"wp:attachment":[{"href":"https:\/\/ipcszeged.hu\/index.php\/wp-json\/wp\/v2\/media?parent=242"}],"curies":[{"name":"wp","href":"https:\/\/api.w.org\/{rel}","templated":true}]}}

Regisztráció

<p style="text-align: center;">Örömmel jelentjük be, hogy a Szeged- Csanádi Egyházmegyében megnyitottuk a 2016-os krakkói IVT-re való regisztrációt. Kérünk minden Szeged-Csanádi Egyházmegyés fiatalt, hogy csak itt regisztráljanak és ne a nemzetközi rendszerben. HA itt regisztrálsz külön zarándokcsomag jár neked és további jelentős kedvezmények.</p>
<p style="text-align: center;"><a href="http://goo.gl/forms/pIQgCPRhZh" target="_blank">IVT 2016 jelentkezési űrlap</a></p>
<p style="text-align: center;">Várjuk jelentkezésedet!</p>
<p><img decoding="async" class="aligncenter" src="http://krakko2016.hu/wp-content/uploads/2015/09/fekvo.png" alt="fekvo" /></p>

<p>Örömmel jelentjük be, hogy a Szeged- Csanádi Egyházmegyében megnyitottuk a 2016-os krakkói IVT-re való regisztrációt. Kérünk minden Szeged-Csanádi Egyházmegyés fiatalt, hogy csak itt regisztráljanak és ne a nemzetközi rendszerben. HA itt regisztrálsz külön zarándokcsomag jár neked és további jelentős kedvezmények. IVT 2016 jelentkezési űrlap Várjuk jelentkezésedet!</p>
