{"id":2325,"date":"2017-02-27T07:48:34","date_gmt":"2017-02-27T07:48:34","guid":{"rendered":"http:\/\/www.ipcszeged.hu\/?page_id=2325"},"modified":"2017-04-20T08:59:57","modified_gmt":"2017-04-20T08:59:57","slug":"nagybojti-fuzet-2017","status":"publish","type":"page","link":"https:\/\/ipcszeged.hu\/index.php\/letoltesek\/segedanyagok\/nagybojt\/nagybojti-fuzet-2017\/","title":{"rendered":"Nagyb\u00f6jti F\u00fczet 2017"},"content":{"rendered":"<p style=\"text-align: center;\"><strong>Ne f\u00e9ljetek, f\u00f6lt\u00e1madt J\u00e9zus, hazav\u00e1r benneteket.<\/strong><\/p>\n<p style=\"text-align: center;\">\u00a0\u00a0\u00a0\u00a0\u00a0Adventben k\u00e9sz\u00fclt\u00fcnk a mennyb\u0151l k\u00f6z\u00e9nk j\u00f6v\u0151 Krisztus fogad\u00e1s\u00e1ra. Nagyb\u00f6jtben k\u00e9sz\u00fcl\u00fcnk a Megv\u00e1lt\u00f3 Krisztussal t\u00f6rt\u00e9n\u0151 tal\u00e1lkoz\u00e1sra. Akkor \u00e1t\u00e9lt\u00fck, hogy szeret az Isten, r\u00e1nk mosolygott a csecsem\u0151, s tal\u00e1n megtisztult lelk\u00fcnkkel visszamosolyogtunk. Most a v\u00e9rverejt\u00e9kez\u0151 Krisztussal, a keresztet hordoz\u00f3 Emberfi\u00e1val, a kereszten meghal\u00f3 Megv\u00e1lt\u00f3val kell tal\u00e1lkoznunk. A h\u00fasv\u00e9ti Gy\u0151ztessel val\u00f3 tal\u00e1lkoz\u00e1s azonban \u00e9rtelmet ad mindennek.<\/p>\n<p style=\"text-align: center;\">\u00a0\u00a0\u00a0\u00a0\u00a0Az Olajf\u00e1k hegy\u00e9n leborul\u00f3, verg\u0151d\u0151 Isten-Embert figyelj\u00fck meg. \u0150, aki a b\u0171nt soha el nem k\u00f6vette, a S\u00e1t\u00e1n k\u00eds\u00e9rt\u00e9s\u00e9nek h\u00e1romszor is ellentmondott; most a vil\u00e1g minden ember\u00e9nek minden b\u0171n\u00e9t veszi lelk\u00e9re, s mint a vil\u00e1g legb\u0171n\u00f6sebbje n\u00e9z szembe az embert teremt\u0151 Aty\u00e1val. Egykor Izrael templom\u00e1ba maguk helyett \u00e1ldozati b\u00e1r\u00e1nyokat vittek, \u00f6ltek meg \u00e9s \u00e9gettek el a b\u0171n\u00f6k\u00e9rt engesztel\u00e9s\u00fcl. Most a vil\u00e1g minden ember\u00e9nek minden b\u0171n\u00e9\u00e9rt kell \u00e1ldozatot bemutatnia. Csak egy B\u00e1r\u00e1nyt, az Isten-B\u00e1r\u00e1ny\u00e1t, saj\u00e1t-mag\u00e1t. \u201eAty\u00e1m, ha lehets\u00e9ges m\u00falj\u00e9k el t\u0151lem e poh\u00e1r\u2026 de az\u00e9rt ne az \u00e9n akaratom legyen, hanem a ti\u00e9d.\u201d V\u00e9re hull, de akarata szil\u00e1rd: \u00c9RTEM is v\u00e1llalja az \u00e1ldozatot, hiszen az \u00e9n b\u0171neim is ott vannak az \u00e1ldozati olt\u00e1ron.<\/p>\n<p style=\"text-align: center;\">\u00a0\u00a0\u00a0\u00a0\u00a0\u00a0H\u00e1nyszor mondom ki: soha t\u00f6bbet\u2026 Lelkem tisztas\u00e1g\u00e1\u00e9rt azonban nem hozom meg az \u00e1ldozatot. Az Isten B\u00e1r\u00e1nya v\u00e1llalja, hogy \u00e1ldozatt\u00e1 lesz \u00e9rtem. Esem\u00e9nyek, k\u00e9pek jelennek meg el\u0151ttem: \u00e1rul\u00e1s, elfog\u00e1s, kihallgat\u00e1s, b\u0171n\u00f6s az \u00e1rtatlan, a pil\u00e1tusi tort\u00fara, ostor, v\u00e9gre korona, de t\u00f6visb\u0151l \u00e9s a kereszt\u00fat\u2026 H\u00e1nyszor mondhatn\u00e1: el\u00e9g volt, \u00e9n \u00e1rtatlan vagyok, m\u00e1sok a b\u0171n\u00f6s\u00f6k! De elhallgat, mint ny\u00edr\u00f3ja el\u0151tt a b\u00e1r\u00e1ny. E szavak sorozata nem jelk\u00e9p vagy mese, hanem t\u00f6rt\u00e9nelem. \u00c9RETTEM.<\/p>\n<p style=\"text-align: center;\">\u00a0\u00a0\u00a0\u00a0\u00a0\u00a0Isten B\u00e1r\u00e1nya a sz\u00f6gek \u00e9s a kereszt, a g\u00f6rcs\u00f6k \u00e9s a g\u00fany ellen\u00e9re m\u00e9gis \u00edgy sz\u00f3l: \u201eAty\u00e1m bocs\u00e1ss meg nekik, nem tudj\u00e1k, mit cselekszenek!\u201d<\/p>\n<p style=\"text-align: center;\">\u00c9s hogy meg\u00e9rts\u00e9k a mi\u00e9rtet, a lator b\u0171nb\u00e1nat\u00e1ra elmondja: bizony mondom neked, ma v\u00e9lem leszel a paradicsomban. Beteljesedett. A megv\u00e1lt\u00e1s k\u00e9sz, az Isten B\u00e1r\u00e1nya fel\u00e1ldozva, az Atya kiengesztelve. M\u00e1r \u00e9n is elmondhatom, ak\u00e1r minden percben, hogy teljes sz\u00edvvel b\u00e1nom\u2026 S \u0150 nekem is mondja: b\u0171neid megbocs\u00e1tva.<\/p>\n<p style=\"text-align: center;\">\u00a0\u00a0\u00a0\u00a0\u00a0\u00a0\u00c9s j\u00f6n a pecs\u00e9t \u00e9let\u00e9re, megv\u00e1lt\u00f3 munk\u00e1j\u00e1ra: \u00e9s harmad napon FET\u00c1MADT. Mennybement helyet k\u00e9sz\u00edteni\u00a0minden megt\u00e9r\u0151 b\u0171n\u00f6snek, ha akarom nekem is.<\/p>\n<p style=\"text-align: center;\">\u00a0\u00a0\u00a0\u00a0M\u00e1r csak ezt a n\u00e9h\u00e1ny sz\u00f3t kell \u00e9let\u00fcnkbe belevinni, T\u0151le megtanulni:<\/p>\n<p style=\"text-align: center;\">Isten- \u00e9s emberszeretet, \u00c1LDOZAT.<\/p>\n<p style=\"text-align: center;\">\u00a0\u00a0\u00a0\u00a0\u00a0\u00a0\u00a0\u00a0\u00a0\u00a0\u00a0\u00a0\u00a0\u00a0\u00a0\u00a0\u00a0\u00a0\u00a0\u00a0\u00a0\u00a0\u00a0\u00a0\u00a0\u00a0\u00a0\u00a0\u00a0Ne f\u00e9ljetek, f\u00f6lt\u00e1madt\u00a0 J\u00e9zus, hazav\u00e1r benneteket!<\/p>\n<p style=\"text-align: right;\">Gyulay Endre<\/p>\n<h4 style=\"text-align: left;\">A f\u00fczet teljes tartalma let\u00f6lthet\u0151: <a href=\"http:\/\/www.ipcszeged.hu\/index.php\/nagybojti-fuzet-2017\/nagybojti2017k1\/\" rel=\"attachment wp-att-2326\">Nagyb\u00f6jti2017<\/a><\/h4>\n<h5>A napi gondolatok elektronikus lev\u00e9l form\u00e1j\u00e1ban is el\u00e9rhet\u0151ek a k\u00f6vetkez\u0151\u00a0<strong><a href=\"szepi.hu\/mailman\/listinfo\/uzenet\">Lista<\/a>\u00a0-ra val\u00f3 kattint\u00e1ssal<\/strong>!<\/h5>\n ","protected":false},"excerpt":{"rendered":"<p>Ne f\u00e9ljetek, f\u00f6lt\u00e1madt J\u00e9zus, hazav\u00e1r benneteket. \u00a0\u00a0\u00a0\u00a0\u00a0Adventben k\u00e9sz\u00fclt\u00fcnk a mennyb\u0151l k\u00f6z\u00e9nk j\u00f6v\u0151 Krisztus fogad\u00e1s\u00e1ra. Nagyb\u00f6jtben k\u00e9sz\u00fcl\u00fcnk a Megv\u00e1lt\u00f3 Krisztussal t\u00f6rt\u00e9n\u0151 tal\u00e1lkoz\u00e1sra. Akkor \u00e1t\u00e9lt\u00fck, hogy szeret az Isten, r\u00e1nk mosolygott a csecsem\u0151, s tal\u00e1n megtisztult lelk\u00fcnkkel visszamosolyogtunk. Most a v\u00e9rverejt\u00e9kez\u0151 Krisztussal, a keresztet hordoz\u00f3 Emberfi\u00e1val, a kereszten meghal\u00f3 Megv\u00e1lt\u00f3val kell tal\u00e1lkoznunk. A h\u00fasv\u00e9ti Gy\u0151ztessel val\u00f3 tal\u00e1lkoz\u00e1s&hellip; <br \/> <a class=\"read-more\" href=\"https:\/\/ipcszeged.hu\/index.php\/letoltesek\/segedanyagok\/nagybojt\/nagybojti-fuzet-2017\/\">Read more<\/a><\/p>\n","protected":false},"author":1,"featured_media":2327,"parent":729,"menu_order":0,"comment_status":"closed","ping_status":"closed","template":"","meta":{"ngg_post_thumbnail":0,"footnotes":""},"class_list":["post-2325","page","type-page","status-publish","has-post-thumbnail","hentry"],"_links":{"self":[{"href":"https:\/\/ipcszeged.hu\/index.php\/wp-json\/wp\/v2\/pages\/2325","targetHints":{"allow":["GET"]}}],"collection":[{"href":"https:\/\/ipcszeged.hu\/index.php\/wp-json\/wp\/v2\/pages"}],"about":[{"href":"https:\/\/ipcszeged.hu\/index.php\/wp-json\/wp\/v2\/types\/page"}],"author":[{"embeddable":true,"href":"https:\/\/ipcszeged.hu\/index.php\/wp-json\/wp\/v2\/users\/1"}],"replies":[{"embeddable":true,"href":"https:\/\/ipcszeged.hu\/index.php\/wp-json\/wp\/v2\/comments?post=2325"}],"version-history":[{"count":4,"href":"https:\/\/ipcszeged.hu\/index.php\/wp-json\/wp\/v2\/pages\/2325\/revisions"}],"predecessor-version":[{"id":2335,"href":"https:\/\/ipcszeged.hu\/index.php\/wp-json\/wp\/v2\/pages\/2325\/revisions\/2335"}],"up":[{"embeddable":true,"href":"https:\/\/ipcszeged.hu\/index.php\/wp-json\/wp\/v2\/pages\/729"}],"wp:featuredmedia":[{"embeddable":true,"href":"https:\/\/ipcszeged.hu\/index.php\/wp-json\/wp\/v2\/media\/2327"}],"wp:attachment":[{"href":"https:\/\/ipcszeged.hu\/index.php\/wp-json\/wp\/v2\/media?parent=2325"}],"curies":[{"name":"wp","href":"https:\/\/api.w.org\/{rel}","templated":true}]}}

Nagyböjti Füzet 2017

<p style="text-align: center;"><strong>Ne féljetek, föltámadt Jézus, hazavár benneteket.</strong></p>
<p style="text-align: center;">     Adventben készültünk a mennyből közénk jövő Krisztus fogadására. Nagyböjtben készülünk a Megváltó Krisztussal történő találkozásra. Akkor átéltük, hogy szeret az Isten, ránk mosolygott a csecsemő, s talán megtisztult lelkünkkel visszamosolyogtunk. Most a vérverejtékező Krisztussal, a keresztet hordozó Emberfiával, a kereszten meghaló Megváltóval kell találkoznunk. A húsvéti Győztessel való találkozás azonban értelmet ad mindennek.</p>
<p style="text-align: center;">     Az Olajfák hegyén leboruló, vergődő Isten-Embert figyeljük meg. Ő, aki a bűnt soha el nem követte, a Sátán kísértésének háromszor is ellentmondott; most a világ minden emberének minden bűnét veszi lelkére, s mint a világ legbűnösebbje néz szembe az embert teremtő Atyával. Egykor Izrael templomába maguk helyett áldozati bárányokat vittek, öltek meg és égettek el a bűnökért engesztelésül. Most a világ minden emberének minden bűnéért kell áldozatot bemutatnia. Csak egy Bárányt, az Isten-Bárányát, saját-magát. „Atyám, ha lehetséges múljék el tőlem e pohár… de azért ne az én akaratom legyen, hanem a tiéd.” Vére hull, de akarata szilárd: ÉRTEM is vállalja az áldozatot, hiszen az én bűneim is ott vannak az áldozati oltáron.</p>
<p style="text-align: center;">      Hányszor mondom ki: soha többet… Lelkem tisztaságáért azonban nem hozom meg az áldozatot. Az Isten Báránya vállalja, hogy áldozattá lesz értem. Események, képek jelennek meg előttem: árulás, elfogás, kihallgatás, bűnös az ártatlan, a pilátusi tortúra, ostor, végre korona, de tövisből és a keresztút… Hányszor mondhatná: elég volt, én ártatlan vagyok, mások a bűnösök! De elhallgat, mint nyírója előtt a bárány. E szavak sorozata nem jelkép vagy mese, hanem történelem. ÉRETTEM.</p>
<p style="text-align: center;">      Isten Báránya a szögek és a kereszt, a görcsök és a gúny ellenére mégis így szól: „Atyám bocsáss meg nekik, nem tudják, mit cselekszenek!”</p>
<p style="text-align: center;">És hogy megértsék a miértet, a lator bűnbánatára elmondja: bizony mondom neked, ma vélem leszel a paradicsomban. Beteljesedett. A megváltás kész, az Isten Báránya feláldozva, az Atya kiengesztelve. Már én is elmondhatom, akár minden percben, hogy teljes szívvel bánom… S Ő nekem is mondja: bűneid megbocsátva.</p>
<p style="text-align: center;">      És jön a pecsét életére, megváltó munkájára: és harmad napon FETÁMADT. Mennybement helyet készíteni minden megtérő bűnösnek, ha akarom nekem is.</p>
<p style="text-align: center;">    Már csak ezt a néhány szót kell életünkbe belevinni, Tőle megtanulni:</p>
<p style="text-align: center;">Isten- és emberszeretet, ÁLDOZAT.</p>
<p style="text-align: center;">                             Ne féljetek, föltámadt  Jézus, hazavár benneteket!</p>
<p style="text-align: right;">Gyulay Endre</p>
<h4 style="text-align: left;">A füzet teljes tartalma letölthető: <a href="http://www.ipcszeged.hu/index.php/nagybojti-fuzet-2017/nagybojti2017k1/" rel="attachment wp-att-2326">Nagyböjti2017</a></h4>
<h5>A napi gondolatok elektronikus levél formájában is elérhetőek a következő <strong><a href="szepi.hu/mailman/listinfo/uzenet">Lista</a> -ra való kattintással</strong>!</h5>

<p>Ne féljetek, föltámadt Jézus, hazavár benneteket.      Adventben készültünk a mennyből közénk jövő Krisztus fogadására. Nagyböjtben készülünk a Megváltó Krisztussal történő találkozásra. Akkor átéltük, hogy szeret az Isten, ránk mosolygott a csecsemő, s talán megtisztult lelkünkkel visszamosolyogtunk. Most a vérverejtékező Krisztussal, a keresztet hordozó Emberfiával, a kereszten meghaló Megváltóval kell találkoznunk. A húsvéti Győztessel való találkozás&hellip; <br /> <a class="read-more" href="https://ipcszeged.hu/index.php/letoltesek/segedanyagok/nagybojt/nagybojti-fuzet-2017/">Read more</a></p>
