{"id":2259,"date":"2017-01-12T11:20:32","date_gmt":"2017-01-12T11:20:32","guid":{"rendered":"http:\/\/www.ipcszeged.hu\/?page_id=2259"},"modified":"2019-07-29T13:07:01","modified_gmt":"2019-07-29T13:07:01","slug":"x-tesz-vesz-tavasz-2017","status":"publish","type":"page","link":"https:\/\/ipcszeged.hu\/index.php\/programok-ahol-megtalalsz-bennunket\/tesz-vesz-tavasz\/x-tesz-vesz-tavasz-2017\/","title":{"rendered":"X. Tesz-Vesz Tavasz 2017"},"content":{"rendered":"<h3 style=\"text-align: center;\">A X. alkalommal megszervezett <span style=\"color: #ff6600;\">T<\/span>esz &#8211; <span style=\"color: #339966;\">V<\/span>esz<span style=\"color: #ff0000;\"> T<\/span>avasz id\u00e9n arra h\u00edv, hogy cselekedj\u00fcnk \u00e9s \u00fcnnepelj\u00fcnk!<\/h3>\n<blockquote>\n<h3 style=\"text-align: center;\"><em>\u00d6nk\u00e9ntes vagyok, mert adni j\u00f3!<\/em><\/h3>\n<\/blockquote>\n<h2>Regisztr\u00e1ci\u00f3s hat\u00e1rid\u0151: <span style=\"color: #ff0000;\">2017. m\u00e1rcius 10.<\/span><\/h2>\n<h4>X. Tesz &#8211; Vesz Tavasz megnyit\u00f3: m\u00e1rcius&nbsp;22. &#8211; <a href=\"https:\/\/goo.gl\/forms\/5dGOS6hinznNYv4n2\">Regisztr\u00e1lok a megnyit\u00f3 alkalomra<\/a><\/h4>\n<h4>X. TVT projektek kivitelez\u00e9se: m\u00e1rcius&nbsp;23 -25. &#8211; <a href=\"https:\/\/goo.gl\/forms\/zcPk3YkQsIDYr5q62\">Regisztr\u00e1lom a csapatom \u00e9s a projektem<\/a><\/h4>\n<p>&nbsp;<\/p>\n<p><a href=\"http:\/\/www.ipcszeged.hu\/index.php\/programok-ahol-megtalalsz-bennunket\/tesz-vesz-tavasz\/x-tesz-vesz-tavasz-2017\/tvt_a3_plakat_2017-page-001\/\" rel=\"attachment wp-att-2277\"><img loading=\"lazy\" decoding=\"async\" class=\"aligncenter size-full wp-image-2277\" src=\"http:\/\/www.ipcszeged.hu\/wp-content\/uploads\/2017\/01\/TVT_A3_plakat_2017-page-001.jpg\" alt=\"\" width=\"3744\" height=\"5197\" srcset=\"https:\/\/ipcszeged.hu\/wp-content\/uploads\/2017\/01\/TVT_A3_plakat_2017-page-001.jpg 3744w, https:\/\/ipcszeged.hu\/wp-content\/uploads\/2017\/01\/TVT_A3_plakat_2017-page-001-108x150.jpg 108w, https:\/\/ipcszeged.hu\/wp-content\/uploads\/2017\/01\/TVT_A3_plakat_2017-page-001-216x300.jpg 216w, https:\/\/ipcszeged.hu\/wp-content\/uploads\/2017\/01\/TVT_A3_plakat_2017-page-001-768x1066.jpg 768w, https:\/\/ipcszeged.hu\/wp-content\/uploads\/2017\/01\/TVT_A3_plakat_2017-page-001-945x1312.jpg 945w, https:\/\/ipcszeged.hu\/wp-content\/uploads\/2017\/01\/TVT_A3_plakat_2017-page-001-600x833.jpg 600w\" sizes=\"auto, (max-width: 3744px) 100vw, 3744px\" \/><\/a><\/p>\n ","protected":false},"excerpt":{"rendered":"<p>A X. alkalommal megszervezett Tesz &#8211; Vesz Tavasz id\u00e9n arra h\u00edv, hogy cselekedj\u00fcnk \u00e9s \u00fcnnepelj\u00fcnk! \u00d6nk\u00e9ntes vagyok, mert adni j\u00f3! Regisztr\u00e1ci\u00f3s hat\u00e1rid\u0151: 2017. m\u00e1rcius 10. X. Tesz &#8211; Vesz Tavasz megnyit\u00f3: m\u00e1rcius&nbsp;22. &#8211; Regisztr\u00e1lok a megnyit\u00f3 alkalomra X. TVT projektek kivitelez\u00e9se: m\u00e1rcius&nbsp;23 -25. &#8211; Regisztr\u00e1lom a csapatom \u00e9s a projektem &nbsp;<\/p>\n","protected":false},"author":1,"featured_media":2277,"parent":268,"menu_order":2,"comment_status":"closed","ping_status":"closed","template":"","meta":{"ngg_post_thumbnail":0,"footnotes":""},"class_list":["post-2259","page","type-page","status-publish","has-post-thumbnail","hentry"],"_links":{"self":[{"href":"https:\/\/ipcszeged.hu\/index.php\/wp-json\/wp\/v2\/pages\/2259","targetHints":{"allow":["GET"]}}],"collection":[{"href":"https:\/\/ipcszeged.hu\/index.php\/wp-json\/wp\/v2\/pages"}],"about":[{"href":"https:\/\/ipcszeged.hu\/index.php\/wp-json\/wp\/v2\/types\/page"}],"author":[{"embeddable":true,"href":"https:\/\/ipcszeged.hu\/index.php\/wp-json\/wp\/v2\/users\/1"}],"replies":[{"embeddable":true,"href":"https:\/\/ipcszeged.hu\/index.php\/wp-json\/wp\/v2\/comments?post=2259"}],"version-history":[{"count":7,"href":"https:\/\/ipcszeged.hu\/index.php\/wp-json\/wp\/v2\/pages\/2259\/revisions"}],"predecessor-version":[{"id":5893,"href":"https:\/\/ipcszeged.hu\/index.php\/wp-json\/wp\/v2\/pages\/2259\/revisions\/5893"}],"up":[{"embeddable":true,"href":"https:\/\/ipcszeged.hu\/index.php\/wp-json\/wp\/v2\/pages\/268"}],"wp:featuredmedia":[{"embeddable":true,"href":"https:\/\/ipcszeged.hu\/index.php\/wp-json\/wp\/v2\/media\/2277"}],"wp:attachment":[{"href":"https:\/\/ipcszeged.hu\/index.php\/wp-json\/wp\/v2\/media?parent=2259"}],"curies":[{"name":"wp","href":"https:\/\/api.w.org\/{rel}","templated":true}]}}

<h3 style="text-align: center;">A X. alkalommal megszervezett <span style="color: #ff6600;">T</span>esz &#8211; <span style="color: #339966;">V</span>esz<span style="color: #ff0000;"> T</span>avasz idén arra hív, hogy cselekedjünk és ünnepeljünk!</h3>
<blockquote>
<h3 style="text-align: center;"><em>Önkéntes vagyok, mert adni jó!</em></h3>
</blockquote>
<h2>Regisztrációs határidő: <span style="color: #ff0000;">2017. március 10.</span></h2>
<h4>X. Tesz &#8211; Vesz Tavasz megnyitó: március&nbsp;22. &#8211; <a href="https://goo.gl/forms/5dGOS6hinznNYv4n2">Regisztrálok a megnyitó alkalomra</a></h4>
<h4>X. TVT projektek kivitelezése: március&nbsp;23 -25. &#8211; <a href="https://goo.gl/forms/zcPk3YkQsIDYr5q62">Regisztrálom a csapatom és a projektem</a></h4>
<p>&nbsp;</p>
<p><a href="http://www.ipcszeged.hu/index.php/programok-ahol-megtalalsz-bennunket/tesz-vesz-tavasz/x-tesz-vesz-tavasz-2017/tvt_a3_plakat_2017-page-001/" rel="attachment wp-att-2277"><img loading="lazy" decoding="async" class="aligncenter size-full wp-image-2277" src="http://www.ipcszeged.hu/wp-content/uploads/2017/01/TVT_A3_plakat_2017-page-001.jpg" alt="" width="3744" height="5197" srcset="https://ipcszeged.hu/wp-content/uploads/2017/01/TVT_A3_plakat_2017-page-001.jpg 3744w, https://ipcszeged.hu/wp-content/uploads/2017/01/TVT_A3_plakat_2017-page-001-108x150.jpg 108w, https://ipcszeged.hu/wp-content/uploads/2017/01/TVT_A3_plakat_2017-page-001-216x300.jpg 216w, https://ipcszeged.hu/wp-content/uploads/2017/01/TVT_A3_plakat_2017-page-001-768x1066.jpg 768w, https://ipcszeged.hu/wp-content/uploads/2017/01/TVT_A3_plakat_2017-page-001-945x1312.jpg 945w, https://ipcszeged.hu/wp-content/uploads/2017/01/TVT_A3_plakat_2017-page-001-600x833.jpg 600w" sizes="auto, (max-width: 3744px) 100vw, 3744px" /></a></p>

<p>A X. alkalommal megszervezett Tesz &#8211; Vesz Tavasz idén arra hív, hogy cselekedjünk és ünnepeljünk! Önkéntes vagyok, mert adni jó! Regisztrációs határidő: 2017. március 10. X. Tesz &#8211; Vesz Tavasz megnyitó: március&nbsp;22. &#8211; Regisztrálok a megnyitó alkalomra X. TVT projektek kivitelezése: március&nbsp;23 -25. &#8211; Regisztrálom a csapatom és a projektem &nbsp;</p>
