{"id":18695,"date":"2026-03-26T15:27:57","date_gmt":"2026-03-26T14:27:57","guid":{"rendered":"https:\/\/ipcszeged.hu\/?page_id=18695"},"modified":"2026-03-31T10:12:54","modified_gmt":"2026-03-31T09:12:54","slug":"csoportvezetok-2026","status":"publish","type":"page","link":"https:\/\/ipcszeged.hu\/index.php\/csoportvezetok-2026\/","title":{"rendered":"Csoportvezet\u0151k 2026"},"content":{"rendered":"\n<div class=\"wp-block-group\"><div class=\"wp-block-group__inner-container is-layout-constrained wp-block-group-is-layout-constrained\">\n<div class=\"wp-block-media-text is-stacked-on-mobile is-vertically-aligned-center\"><figure class=\"wp-block-media-text__media\"><img loading=\"lazy\" decoding=\"async\" width=\"1536\" height=\"2048\" src=\"https:\/\/ipcszeged.hu\/wp-content\/uploads\/2026\/03\/Abonyi-Matyas.jpg\" alt=\"\" class=\"wp-image-18698 size-full\" srcset=\"https:\/\/ipcszeged.hu\/wp-content\/uploads\/2026\/03\/Abonyi-Matyas.jpg 1536w, https:\/\/ipcszeged.hu\/wp-content\/uploads\/2026\/03\/Abonyi-Matyas-225x300.jpg 225w, https:\/\/ipcszeged.hu\/wp-content\/uploads\/2026\/03\/Abonyi-Matyas-113x150.jpg 113w, https:\/\/ipcszeged.hu\/wp-content\/uploads\/2026\/03\/Abonyi-Matyas-768x1024.jpg 768w, https:\/\/ipcszeged.hu\/wp-content\/uploads\/2026\/03\/Abonyi-Matyas-1152x1536.jpg 1152w, https:\/\/ipcszeged.hu\/wp-content\/uploads\/2026\/03\/Abonyi-Matyas-1024x1365.jpg 1024w, https:\/\/ipcszeged.hu\/wp-content\/uploads\/2026\/03\/Abonyi-Matyas-810x1080.jpg 810w\" sizes=\"auto, (max-width: 1536px) 100vw, 1536px\" \/><\/figure><div class=\"wp-block-media-text__content\">\n<h1 class=\"wp-block-heading\">Abonyi M\u00e1ty\u00e1s<\/h1>\n\n\n\n<div>\n<div>\n<div>\n<div>\n<div>\n<p>Becen\u00e9v: Matyi<\/p>\n<div>\n<div>\n<div>\n<p>Foglalkoz\u00e1s: Egyetemi Hallgat\u00f3<\/p>\n<\/div>\n<\/div>\n<\/div>\n<\/div>\n<\/div>\n<\/div>\n<p>Mi\u00e9rt szeretem a t\u00e1bort:<\/p>\n<\/div>\n<\/div>\n<div>\n<div>\n<p>\u201eM\u00e1r \u00e9vek \u00f3ta visszaj\u00e1rok a t\u00e1borba <span style=\"font-size: revert; color: initial;\">mint t\u00e1boroz\u00f3. Mivel kin\u0151ttem a t\u00e1borlak\u00f3 szerep\u00e9t, ez\u00e9rt \u00fagy d\u00f6nt\u00f6ttem, szeretn\u00e9k hozz\u00e1j\u00e1rulni, hogy m\u00e1soknak is legyen egy olyan j\u00f3 t\u00e1boruk Z\u00f6ldf\u00e1son, mint amilyen nekem volt gyerekk\u00e9nt.\u201d<\/span><\/p>\n<\/div>\n<\/div>\n<\/div><\/div>\n<\/div><\/div>\n\n\n\n<div class=\"wp-block-media-text has-media-on-the-right is-stacked-on-mobile is-vertically-aligned-center\"><div class=\"wp-block-media-text__content\">\n<h1 class=\"wp-block-heading\">Babos M\u00e1ria Luca<\/h1>\n\n\n\n<div>\n<div>\n<div>\n<p>Becen\u00e9v: Mica<\/p>\n<div>\n<div>\n<div>\n<p>Foglalkoz\u00e1s: egyetemi hallgat\u00f3<\/p>\n<div>\n<div>\n<div>\n<p>Mi\u00e9rt szeretem a t\u00e1bort: \u201eMert ez volt az a hely, ahol megtanultam a koroszt\u00e1lyommal a hit\u00fcnkr\u0151l besz\u00e9lgetni, \u00e9s nagyon-nagyon sok j\u00f3 eml\u00e9ket szerezhettem k\u00f6zben.\u201d<\/p>\n<\/div>\n<\/div>\n<\/div>\n<\/div>\n<\/div>\n<\/div>\n<\/div>\n<\/div>\n<\/div>\n<\/div><figure class=\"wp-block-media-text__media\"><img loading=\"lazy\" decoding=\"async\" width=\"1536\" height=\"2048\" src=\"https:\/\/ipcszeged.hu\/wp-content\/uploads\/2026\/03\/Babos-Mica.jpg\" alt=\"\" class=\"wp-image-18699 size-full\" srcset=\"https:\/\/ipcszeged.hu\/wp-content\/uploads\/2026\/03\/Babos-Mica.jpg 1536w, https:\/\/ipcszeged.hu\/wp-content\/uploads\/2026\/03\/Babos-Mica-225x300.jpg 225w, https:\/\/ipcszeged.hu\/wp-content\/uploads\/2026\/03\/Babos-Mica-113x150.jpg 113w, https:\/\/ipcszeged.hu\/wp-content\/uploads\/2026\/03\/Babos-Mica-768x1024.jpg 768w, https:\/\/ipcszeged.hu\/wp-content\/uploads\/2026\/03\/Babos-Mica-1152x1536.jpg 1152w, https:\/\/ipcszeged.hu\/wp-content\/uploads\/2026\/03\/Babos-Mica-1024x1365.jpg 1024w, https:\/\/ipcszeged.hu\/wp-content\/uploads\/2026\/03\/Babos-Mica-810x1080.jpg 810w\" sizes=\"auto, (max-width: 1536px) 100vw, 1536px\" \/><\/figure><\/div>\n\n\n\n<div class=\"wp-block-media-text is-stacked-on-mobile\" style=\"grid-template-columns:41% auto\"><figure class=\"wp-block-media-text__media\"><img loading=\"lazy\" decoding=\"async\" width=\"1120\" height=\"2048\" src=\"https:\/\/ipcszeged.hu\/wp-content\/uploads\/2026\/03\/dr.-Szabone-Varga-Reka.jpg\" alt=\"\" class=\"wp-image-18700 size-full\" srcset=\"https:\/\/ipcszeged.hu\/wp-content\/uploads\/2026\/03\/dr.-Szabone-Varga-Reka.jpg 1120w, https:\/\/ipcszeged.hu\/wp-content\/uploads\/2026\/03\/dr.-Szabone-Varga-Reka-164x300.jpg 164w, https:\/\/ipcszeged.hu\/wp-content\/uploads\/2026\/03\/dr.-Szabone-Varga-Reka-82x150.jpg 82w, https:\/\/ipcszeged.hu\/wp-content\/uploads\/2026\/03\/dr.-Szabone-Varga-Reka-768x1404.jpg 768w, https:\/\/ipcszeged.hu\/wp-content\/uploads\/2026\/03\/dr.-Szabone-Varga-Reka-840x1536.jpg 840w, https:\/\/ipcszeged.hu\/wp-content\/uploads\/2026\/03\/dr.-Szabone-Varga-Reka-1024x1872.jpg 1024w, https:\/\/ipcszeged.hu\/wp-content\/uploads\/2026\/03\/dr.-Szabone-Varga-Reka-591x1080.jpg 591w\" sizes=\"auto, (max-width: 1120px) 100vw, 1120px\" \/><\/figure><div class=\"wp-block-media-text__content\">\n<h1 class=\"wp-block-heading\">Szab\u00f3n\u00e9 Varga R\u00e9ka<\/h1>\n\n\n\n<div>\n<div>\n<div>\n<div>\n<p>Becen\u00e9v: R\u00e9ka<\/p>\n<\/div>\n<\/div>\n<div>\n<div>\n<p>Foglalkoz\u00e1s: V\u00e9gz\u0151s egyetemi hallgat\u00f3<\/p>\n<\/div>\n<\/div>\n<div>\n<div>\n<p>Mi\u00e9rt szeretem a t\u00e1bort: \u201eZ\u00f6ldf\u00e1son n\u0151ttem fel, ebben a t\u00e1borban. J\u00f3 l\u00e1tni ugyanazt a mosolyt, lelkesed\u00e9st \u00e9s sz\u00f3rakoz\u00e1st a mostani fiatalok arc\u00e1n, amit \u00e9n is tapasztaltam.\u201d<\/p>\n<\/div>\n<\/div>\n<\/div>\n<\/div>\n<\/div><\/div>\n\n\n\n<div class=\"wp-block-media-text has-media-on-the-right is-stacked-on-mobile\"><div class=\"wp-block-media-text__content\">\n<h1 class=\"wp-block-heading\">Kiss M\u00e1t\u00e9<\/h1>\n\n\n\n<p>Foglalkoz\u00e1s: Egyetemi hallgat\u00f3<\/p>\n<div>\n<div>\n<div>\n<p>Mi\u00e9rt szeretem a t\u00e1bort:<\/p>\n<\/div>\n<\/div>\n<div>\n<div>\n<p>\u201eZ\u00f6ldf\u00e1s sz\u00e1momra a b\u00e9ke szigete, <span style=\"font-size: revert; color: initial;\">ahol egy\u00fctt lehetek Krisztussal a cs\u00f6ndben. Emellett a t\u00e1borban csupa k\u00f6zvetlen \u00e9s kedves emberrel vagyok k\u00f6r\u00fclv\u00e9ve. Itt \u00f6r\u00f6kre sz\u00f3l\u00f3 bar\u00e1ts\u00e1gok sz\u00fcletnek.\u201d<\/span><\/p>\n<\/div>\n<\/div>\n<\/div>\n<\/div><figure class=\"wp-block-media-text__media\"><img loading=\"lazy\" decoding=\"async\" width=\"720\" height=\"1080\" src=\"https:\/\/ipcszeged.hu\/wp-content\/uploads\/2026\/03\/Kiss-Matyi.jpg\" alt=\"\" class=\"wp-image-18701 size-full\" srcset=\"https:\/\/ipcszeged.hu\/wp-content\/uploads\/2026\/03\/Kiss-Matyi.jpg 720w, https:\/\/ipcszeged.hu\/wp-content\/uploads\/2026\/03\/Kiss-Matyi-200x300.jpg 200w, https:\/\/ipcszeged.hu\/wp-content\/uploads\/2026\/03\/Kiss-Matyi-100x150.jpg 100w\" sizes=\"auto, (max-width: 720px) 100vw, 720px\" \/><\/figure><\/div>\n\n\n\n<div class=\"wp-block-media-text is-stacked-on-mobile\"><figure class=\"wp-block-media-text__media\"><img loading=\"lazy\" decoding=\"async\" width=\"2048\" height=\"1542\" src=\"https:\/\/ipcszeged.hu\/wp-content\/uploads\/2026\/03\/Koczo-Joco.jpg\" alt=\"\" class=\"wp-image-18702 size-full\" srcset=\"https:\/\/ipcszeged.hu\/wp-content\/uploads\/2026\/03\/Koczo-Joco.jpg 2048w, https:\/\/ipcszeged.hu\/wp-content\/uploads\/2026\/03\/Koczo-Joco-300x226.jpg 300w, https:\/\/ipcszeged.hu\/wp-content\/uploads\/2026\/03\/Koczo-Joco-150x113.jpg 150w, https:\/\/ipcszeged.hu\/wp-content\/uploads\/2026\/03\/Koczo-Joco-768x578.jpg 768w, https:\/\/ipcszeged.hu\/wp-content\/uploads\/2026\/03\/Koczo-Joco-1536x1157.jpg 1536w, https:\/\/ipcszeged.hu\/wp-content\/uploads\/2026\/03\/Koczo-Joco-1024x771.jpg 1024w, https:\/\/ipcszeged.hu\/wp-content\/uploads\/2026\/03\/Koczo-Joco-1434x1080.jpg 1434w\" sizes=\"auto, (max-width: 2048px) 100vw, 2048px\" \/><\/figure><div class=\"wp-block-media-text__content\">\n<h1 class=\"wp-block-heading\">Kocz\u00f3 J\u00f3zsef M\u00e1rk<\/h1>\n\n\n\n<p>Becen\u00e9v: Joc\u00f3<\/p>\n<div>\n<p>Foglalkoz\u00e1s: M\u00e9rn\u00f6kinformatikus<\/p>\n<div>\n<div>\n<div>\n<p>Mi\u00e9rt szeretem a t\u00e1bort:<\/p>\n<\/div>\n<\/div>\n<div>\n<div>\n<p>\u201eMindamellett, hogy a t\u00e1borban <span style=\"font-size: revert; color: initial;\">k\u00f6zelebb ker\u00fclt\u00fcnk Istenhez volt lehet\u0151s\u00e9g\u00fcnk \u00faj bar\u00e1ts\u00e1gokat is kialak\u00edtani. A t\u00e1borhoz kapcsol\u00f3d\u00f3an k\u00e9t \u00e1llapot volt jellemz\u0151: egy, hogy f\u00e9l\u00e9vig mes\u00e9lted a t\u00f6rt\u00e9neteket, \u00e9s egy f\u00e9l\u00e9vig v\u00e1rtad a k\u00f6vetkez\u0151t.\u201d<\/span><\/p>\n<\/div>\n<\/div>\n<\/div>\n<\/div>\n<\/div><\/div>\n\n\n\n<div class=\"wp-block-media-text has-media-on-the-right is-stacked-on-mobile\"><div class=\"wp-block-media-text__content\">\n<h2 class=\"wp-block-heading\">Kopasz Helga N\u00f3ra<\/h2>\n\n\n\n<div>\n<div>\n<div>\n<p>Foglalkoz\u00e1s: Egyetemi hallgat\u00f3<\/p>\n<div>\n<div>\n<div>\n<p>Mi\u00e9rt szeretem a t\u00e1bort:<\/p>\n<p>\u201eMert itt az embereken kereszt\u00fcl is \u00e9rzem az Istent!\u201d<\/p>\n<\/div>\n<\/div>\n<\/div>\n<\/div>\n<\/div>\n<\/div>\n<\/div><figure class=\"wp-block-media-text__media\"><img loading=\"lazy\" decoding=\"async\" width=\"994\" height=\"2048\" src=\"https:\/\/ipcszeged.hu\/wp-content\/uploads\/2026\/03\/Kopasz-Helga.jpg\" alt=\"\" class=\"wp-image-18704 size-full\" srcset=\"https:\/\/ipcszeged.hu\/wp-content\/uploads\/2026\/03\/Kopasz-Helga.jpg 994w, https:\/\/ipcszeged.hu\/wp-content\/uploads\/2026\/03\/Kopasz-Helga-146x300.jpg 146w, https:\/\/ipcszeged.hu\/wp-content\/uploads\/2026\/03\/Kopasz-Helga-73x150.jpg 73w, https:\/\/ipcszeged.hu\/wp-content\/uploads\/2026\/03\/Kopasz-Helga-768x1582.jpg 768w, https:\/\/ipcszeged.hu\/wp-content\/uploads\/2026\/03\/Kopasz-Helga-746x1536.jpg 746w, https:\/\/ipcszeged.hu\/wp-content\/uploads\/2026\/03\/Kopasz-Helga-524x1080.jpg 524w\" sizes=\"auto, (max-width: 994px) 100vw, 994px\" \/><\/figure><\/div>\n\n\n\n<div class=\"wp-block-media-text is-stacked-on-mobile\" style=\"grid-template-columns:52% auto\"><figure class=\"wp-block-media-text__media\"><img loading=\"lazy\" decoding=\"async\" width=\"1386\" height=\"924\" src=\"https:\/\/ipcszeged.hu\/wp-content\/uploads\/2026\/03\/Pasztor-Andor-1.jpg\" alt=\"\" class=\"wp-image-18709 size-full\" srcset=\"https:\/\/ipcszeged.hu\/wp-content\/uploads\/2026\/03\/Pasztor-Andor-1.jpg 1386w, https:\/\/ipcszeged.hu\/wp-content\/uploads\/2026\/03\/Pasztor-Andor-1-300x200.jpg 300w, https:\/\/ipcszeged.hu\/wp-content\/uploads\/2026\/03\/Pasztor-Andor-1-150x100.jpg 150w, https:\/\/ipcszeged.hu\/wp-content\/uploads\/2026\/03\/Pasztor-Andor-1-768x512.jpg 768w, https:\/\/ipcszeged.hu\/wp-content\/uploads\/2026\/03\/Pasztor-Andor-1-1024x683.jpg 1024w\" sizes=\"auto, (max-width: 1386px) 100vw, 1386px\" \/><\/figure><div class=\"wp-block-media-text__content\">\n<h2 class=\"wp-block-heading\">P\u00e1sztor Andor<\/h2>\n\n\n\n<div>\n<div>\n<div>\n<p>Becen\u00e9v: Andor<\/p>\n<div>\n<div>\n<div>\n<p><span class=\"a_GcMg font-feature-liga-off font-feature-clig-off font-feature-calt-off text-decoration-none text-strikethrough-none\">Mi\u00e9rt szeretem a t\u00e1bort:<\/span><br>\u201eEz a t\u00e1bor 3 \u00e9ve meghat\u00e1roz\u00f3 <span class=\"a_GcMg font-feature-liga-off font-feature-clig-off font-feature-calt-off text-decoration-none text-strikethrough-none\">\u00e9lm\u00e9nye a nyaraimnak. Sok k\u00f6z\u00f6s \u00e9lm\u00e9nyem van a szervez\u0151kkel \u00e9s a r\u00e9sztvev\u0151kkel is, amely egy \u00e9leten \u00e1t elk\u00eds\u00e9r. Olyanok vagyunk, mint egy nagy csal\u00e1d. Ez\u00e9rt az \u00e9rz\u00e9s\u00e9rt \u00e9s k\u00f6z\u00f6ss\u00e9g\u00e9rt szeretek Z\u00f6ldf\u00e1son t\u00e1borozni.\u201d<\/span><\/p>\n<\/div>\n<\/div>\n<\/div>\n<\/div>\n<\/div>\n<\/div>\n<\/div><\/div>\n\n\n\n<div class=\"wp-block-media-text has-media-on-the-right is-stacked-on-mobile\"><div class=\"wp-block-media-text__content\">\n<h1 class=\"wp-block-heading\">S\u00e1ndor Bal\u00e1zs<\/h1>\n\n\n\n<div>\n<div>\n<div>\n<p>Becen\u00e9v: Bal\u00e1zs<\/p>\n<div>\n<div>\n<div>\n<p>Foglalkoz\u00e1s: programfejleszt\u0151 \u00e9s tesztel\u0151 tanul\u00f3<\/p>\n<div>\n<div>\n<div>\n<p>Mi\u00e9rt szeretem a t\u00e1bort: <br>\u201eMivel olyan emberek k\u00f6z\u00f6tt lehetek, akikkel meg\u00e9lhetem a hitemet \u00e9s ny\u00edltan besz\u00e9lhetek b\u00e1rmir\u0151l!\u201d<\/p>\n<\/div>\n<\/div>\n<\/div>\n<\/div>\n<\/div>\n<\/div>\n<\/div>\n<\/div>\n<\/div>\n<\/div><figure class=\"wp-block-media-text__media\"><img loading=\"lazy\" decoding=\"async\" width=\"1536\" height=\"2048\" src=\"https:\/\/ipcszeged.hu\/wp-content\/uploads\/2026\/03\/Sandor-Balazs.jpg\" alt=\"\" class=\"wp-image-18710 size-full\" srcset=\"https:\/\/ipcszeged.hu\/wp-content\/uploads\/2026\/03\/Sandor-Balazs.jpg 1536w, https:\/\/ipcszeged.hu\/wp-content\/uploads\/2026\/03\/Sandor-Balazs-225x300.jpg 225w, https:\/\/ipcszeged.hu\/wp-content\/uploads\/2026\/03\/Sandor-Balazs-113x150.jpg 113w, https:\/\/ipcszeged.hu\/wp-content\/uploads\/2026\/03\/Sandor-Balazs-768x1024.jpg 768w, https:\/\/ipcszeged.hu\/wp-content\/uploads\/2026\/03\/Sandor-Balazs-1152x1536.jpg 1152w, https:\/\/ipcszeged.hu\/wp-content\/uploads\/2026\/03\/Sandor-Balazs-1024x1365.jpg 1024w, https:\/\/ipcszeged.hu\/wp-content\/uploads\/2026\/03\/Sandor-Balazs-810x1080.jpg 810w\" sizes=\"auto, (max-width: 1536px) 100vw, 1536px\" \/><\/figure><\/div>\n\n\n\n<div class=\"wp-block-media-text is-stacked-on-mobile\"><figure class=\"wp-block-media-text__media\"><img loading=\"lazy\" decoding=\"async\" width=\"1536\" height=\"2048\" src=\"https:\/\/ipcszeged.hu\/wp-content\/uploads\/2026\/03\/Varga-Kinga.jpg\" alt=\"\" class=\"wp-image-18711 size-full\" srcset=\"https:\/\/ipcszeged.hu\/wp-content\/uploads\/2026\/03\/Varga-Kinga.jpg 1536w, https:\/\/ipcszeged.hu\/wp-content\/uploads\/2026\/03\/Varga-Kinga-225x300.jpg 225w, https:\/\/ipcszeged.hu\/wp-content\/uploads\/2026\/03\/Varga-Kinga-113x150.jpg 113w, https:\/\/ipcszeged.hu\/wp-content\/uploads\/2026\/03\/Varga-Kinga-768x1024.jpg 768w, https:\/\/ipcszeged.hu\/wp-content\/uploads\/2026\/03\/Varga-Kinga-1152x1536.jpg 1152w, https:\/\/ipcszeged.hu\/wp-content\/uploads\/2026\/03\/Varga-Kinga-1024x1365.jpg 1024w, https:\/\/ipcszeged.hu\/wp-content\/uploads\/2026\/03\/Varga-Kinga-810x1080.jpg 810w\" sizes=\"auto, (max-width: 1536px) 100vw, 1536px\" \/><\/figure><div class=\"wp-block-media-text__content\">\n<h1 class=\"wp-block-heading\">Varga Kinga<\/h1>\n\n\n\n<div>\n<div>\n<div>\n<p>Becen\u00e9v: Kinga<\/p>\n<div>\n<div>\n<div>\n<p>Foglalkoz\u00e1s: \u00d3vodapedag\u00f3gus<\/p>\n<p><span class=\"a_GcMg font-feature-liga-off font-feature-clig-off font-feature-calt-off text-decoration-none text-strikethrough-none\">Mi\u00e9rt szeretem a t\u00e1bort:<\/span><\/p>\n<div>\n<div>\n<div>\n<p>\u201eAz\u00e9rt szeretem a t\u00e1bort, <span class=\"a_GcMg font-feature-liga-off font-feature-clig-off font-feature-calt-off text-decoration-none text-strikethrough-none\">mert ez alatt az egy h\u00e9t alatt egy olyan k\u00f6z\u00f6ss\u00e9g alakul ki, ahol mindenki j\u00f3l \u00e9rzi mag\u00e1t. \u00daj bar\u00e1tokat tal\u00e1lhatunk a r\u00e9giek mell\u00e9. Ez alatt az egy h\u00e9t alatt olyan \u00e9lm\u00e9nyekben van r\u00e9sz\u00fcnk, amelyekre sz\u00edvesen gondolunk vissza p\u00e1r \u00e9v m\u00falva is.\u201d<\/span><\/p>\n<\/div>\n<\/div>\n<\/div>\n<p>&nbsp;<\/p>\n<\/div>\n<\/div>\n<\/div>\n<\/div>\n<\/div>\n<\/div>\n<\/div><\/div>\n\n\n\n<div class=\"wp-block-media-text has-media-on-the-right is-stacked-on-mobile\"><div class=\"wp-block-media-text__content\">\n<h1 class=\"wp-block-heading\">Schr\u00f6ffel Bertalan<\/h1>\n\n\n\n<div>\n<div>\n<div>\n<p>Becen\u00e9v: Berci<\/p>\n<div>\n<div>\n<div>\n<p>Foglalkoz\u00e1s:&nbsp;<\/p>\n<div>\n<div>\n<div>\n<p>Mi\u00e9rt szeretem a t\u00e1bort:<\/p>\n<p>\u201eAz\u00e9rt szeretem a t\u00e1bort, mert mindig szuper embereket ismerek meg!\u201d<\/p>\n<\/div>\n<\/div>\n<\/div>\n<\/div>\n<\/div>\n<\/div>\n<\/div>\n<\/div>\n<\/div>\n<\/div><figure class=\"wp-block-media-text__media\"><\/figure><\/div>\n\n\n\n<div class=\"wp-block-media-text is-stacked-on-mobile\"><figure class=\"wp-block-media-text__media\"><\/figure><div class=\"wp-block-media-text__content\">\n<h1 class=\"wp-block-heading\">Boros Bogl\u00e1rka<\/h1>\n\n\n\n<div>\n<div>\n<div>\n<p>Becen\u00e9v: Bogi<\/p>\n<div>\n<div>\n<div>\n<p>Foglalkoz\u00e1s: pedag\u00f3gus, \u00e9nek-testnevel\u00e9s tan\u00e1r<\/p>\n<div>\n<div>\n<div>\n<p>Mi\u00e9rt szeretem a t\u00e1bort: <br>\u201eK\u00f6z\u00f6ss\u00e9gben tudom meg\u00e9lni a hitemet \u00e9s az egy\u00fctt dics\u0151\u00edt\u00e9s \u00f6r\u00f6me miatt!\u201d<\/p>\n<\/div>\n<\/div>\n<\/div>\n<\/div>\n<\/div>\n<\/div>\n<\/div>\n<\/div>\n<\/div>\n<\/div><\/div>\n ","protected":false},"excerpt":{"rendered":"<p>Abonyi M\u00e1ty\u00e1s Becen\u00e9v: Matyi Foglalkoz\u00e1s: Egyetemi Hallgat\u00f3 Mi\u00e9rt szeretem a t\u00e1bort: \u201eM\u00e1r \u00e9vek \u00f3ta visszaj\u00e1rok a t\u00e1borba mint t\u00e1boroz\u00f3. Mivel kin\u0151ttem a t\u00e1borlak\u00f3 szerep\u00e9t, ez\u00e9rt \u00fagy d\u00f6nt\u00f6ttem, szeretn\u00e9k hozz\u00e1j\u00e1rulni, hogy m\u00e1soknak is legyen egy olyan j\u00f3 t\u00e1boruk Z\u00f6ldf\u00e1son, mint amilyen nekem volt gyerekk\u00e9nt.\u201d Babos M\u00e1ria Luca Becen\u00e9v: Mica Foglalkoz\u00e1s: egyetemi hallgat\u00f3 Mi\u00e9rt szeretem a t\u00e1bort:&hellip; <br \/> <a class=\"read-more\" href=\"https:\/\/ipcszeged.hu\/index.php\/csoportvezetok-2026\/\">Read more<\/a><\/p>\n","protected":false},"author":1,"featured_media":0,"parent":0,"menu_order":0,"comment_status":"closed","ping_status":"closed","template":"","meta":{"ngg_post_thumbnail":0,"footnotes":""},"class_list":["post-18695","page","type-page","status-publish","hentry"],"_links":{"self":[{"href":"https:\/\/ipcszeged.hu\/index.php\/wp-json\/wp\/v2\/pages\/18695","targetHints":{"allow":["GET"]}}],"collection":[{"href":"https:\/\/ipcszeged.hu\/index.php\/wp-json\/wp\/v2\/pages"}],"about":[{"href":"https:\/\/ipcszeged.hu\/index.php\/wp-json\/wp\/v2\/types\/page"}],"author":[{"embeddable":true,"href":"https:\/\/ipcszeged.hu\/index.php\/wp-json\/wp\/v2\/users\/1"}],"replies":[{"embeddable":true,"href":"https:\/\/ipcszeged.hu\/index.php\/wp-json\/wp\/v2\/comments?post=18695"}],"version-history":[{"count":4,"href":"https:\/\/ipcszeged.hu\/index.php\/wp-json\/wp\/v2\/pages\/18695\/revisions"}],"predecessor-version":[{"id":18718,"href":"https:\/\/ipcszeged.hu\/index.php\/wp-json\/wp\/v2\/pages\/18695\/revisions\/18718"}],"wp:attachment":[{"href":"https:\/\/ipcszeged.hu\/index.php\/wp-json\/wp\/v2\/media?parent=18695"}],"curies":[{"name":"wp","href":"https:\/\/api.w.org\/{rel}","templated":true}]}}