{"id":18677,"date":"2026-03-25T11:02:35","date_gmt":"2026-03-25T10:02:35","guid":{"rendered":"https:\/\/ipcszeged.hu\/?page_id=18677"},"modified":"2026-03-31T12:13:05","modified_gmt":"2026-03-31T11:13:05","slug":"tabor-programterve-2026","status":"publish","type":"page","link":"https:\/\/ipcszeged.hu\/index.php\/tabor-programterve-2026\/","title":{"rendered":"T\u00e1bor programterve 2026"},"content":{"rendered":"\n<h2 class=\"wp-block-heading\">2026. j\u00fanius 29.<\/h2>\n\n\n<p>Napi t\u00e9ma: Atya szeretete<\/p>\n\n<ul>\n<li>Regisztr\u00e1ci\u00f3<\/li>\n<li>Eb\u00e9d<\/li>\n<li>Kiscsoportos besz\u00e9lget\u00e9sek<\/li>\n<li>Nyit\u00f3 Szentmise&nbsp;<\/li>\n<li>Nem v\u00e9letlen vagyok itt &#8211; nyit\u00f3 el\u0151ad\u00e1s<\/li>\n<li>Kicsoportos besz\u00e9lget\u00e9sek<\/li>\n<li>Vacsora<\/li>\n<li>Csapat\u00e9p\u00edt\u00e9s, ismerked\u00e9s<\/li>\n<li>Esti ima<\/li>\n<\/ul>\n\n\n<h2 class=\"wp-block-heading\">2026. j\u00fanius 30.<\/h2>\n\n\n<p>Napi t\u00e9ma: Bennem l\u00e9v\u0151 f\u00e9ny&nbsp;<\/p>\n\n<ul>\n<li>Reggeli ima<\/li>\n<li>Reggeli<\/li>\n<li>Nem rejthet\u0151 el a bennem rejl\u0151 f\u00e9ny &#8211; interakt\u00edv el\u0151ad\u00e1s<\/li>\n<li>Kiscsoportos besz\u00e9lget\u00e9sek<\/li>\n<li>Eb\u00e9d<\/li>\n<li>D\u00e9lut\u00e1ni program<\/li>\n<li>Papcorn &#8211; fiatal papok fognak v\u00e1laszolni legnagyobb k\u00e9rd\u00e9seidre. (Ne agg\u00f3dj, n\u00e9v n\u00e9lk\u00fcl k\u00e9rdezhetsz\ud83d\ude0e)<\/li>\n<li>Vacsora<\/li>\n<li>Esti program<\/li>\n<\/ul>\n\n\n<h2 class=\"wp-block-heading\">2026. j\u00falius 01.<\/h2>\n\n\n<p>Napi t\u00e9ma: D\u00f6nt\u00e9seink s\u00falya<\/p>\n\n<ul>\n<li>Reggeli ima<\/li>\n<li>Reggeli<\/li>\n<li>S\u00f6t\u00e9ts\u00e9g vs Vil\u00e1goss\u00e1g &#8211; interakt\u00edv el\u0151ad\u00e1s<\/li>\n<li>Kiscsoportos besz\u00e9lget\u00e9sek<\/li>\n<li>Eb\u00e9d<\/li>\n<li>R\u00f6plabda bajnoks\u00e1g \u00e9s k\u00e9zm\u0171ves<\/li>\n<li>Vacsora<\/li>\n<li>Fi\u00fa-L\u00e1ny programok<\/li>\n<li>Esti ima<\/li>\n<\/ul>\n\n\n<h2 class=\"wp-block-heading\">2026. j\u00falius 02.<\/h2>\n\n\n<p>Napi t\u00e9ma: Tan\u00fas\u00e1gt\u00e9tel&nbsp;<\/p>\n\n<p>Lelki nap<\/p>\n\n<ul>\n<li>Reggeli ima<\/li>\n<li>Reggeli<\/li>\n<li>Tan\u00edt\u00e1s<\/li>\n<li>Eb\u00e9d<\/li>\n<li>Lelki forg\u00f3<\/li>\n<li>Kiscsoportos besz\u00e9lget\u00e9sek<\/li>\n<li>Vacsora<\/li>\n<li>Esti lelki program<\/li>\n<\/ul>\n\n\n<h2 class=\"wp-block-heading\">2026. j\u00falius 03.<\/h2>\n\n\n<p>Napi t\u00e9ma: Vil\u00e1g\u00edtani a Vil\u00e1gban<\/p>\n<p>Kir\u00e1ndul\u00f3s nap<\/p>\n<ul>\n<li>Reggeli ima<\/li>\n<li>Reggeli<\/li>\n<li>M\u00f3rahalmi f\u00fcrd\u0151 l\u00e1togat\u00e1s<\/li>\n<li>Eb\u00e9d<\/li>\n<li>D\u00e9lut\u00e1n a Vadasparkban<\/li>\n<li>Vacsora<\/li>\n<li>K\u00f6z\u00f6s filmez\u00e9s<\/li>\n<\/ul>\n\n\n<h2 class=\"wp-block-heading\">2026. j\u00falius 04.<\/h2>\n\n\n<p>Napi t\u00e9ma: Egy\u00fctt vil\u00e1g\u00edtunk k\u00f6z\u00f6ss\u00e9gk\u00e9nt<\/p>\n<ul>\n<li>Reggeli ima<\/li>\n<li>K\u00f6z\u00f6ss\u00e9gk\u00e9nt vil\u00e1g\u00edtani a kapcsolatainkban &#8211; interakt\u00edv el\u0151ad\u00e1s<\/li>\n<li>Kiscsoportos besz\u00e9lget\u00e9sek<\/li>\n<li>Vacsora<\/li>\n<li>Szombat esti l\u00e1z<\/li>\n<li>T\u00e1nch\u00e1z, Christian party, Kaszin\u00f3<\/li>\n<li>Esti ima<\/li>\n<\/ul>\n\n\n<h2 class=\"wp-block-heading\">2026. j\u00falius 05.<\/h2>\n\n\n<p>Napi t\u00e9ma: Legy\u00fcnk a rem\u00e9ny hordoz\u00f3i!<\/p>\n<ul>\n<li>Reggeli ima<\/li>\n<li>Reggeli<\/li>\n<li>Kiscsoportos besz\u00e9lget\u00e9sek<\/li>\n<li>Pakol\u00e1s<\/li>\n<li>Z\u00e1r\u00f3 Szentmise<\/li>\n<li>Csoportk\u00e9pek<\/li>\n<li>Eb\u00e9d<\/li>\n<\/ul> ","protected":false},"excerpt":{"rendered":"<p>2026. j\u00fanius 29. Napi t\u00e9ma: Atya szeretete Regisztr\u00e1ci\u00f3 Eb\u00e9d Kiscsoportos besz\u00e9lget\u00e9sek Nyit\u00f3 Szentmise&nbsp; Nem v\u00e9letlen vagyok itt &#8211; nyit\u00f3 el\u0151ad\u00e1s Kicsoportos besz\u00e9lget\u00e9sek Vacsora Csapat\u00e9p\u00edt\u00e9s, ismerked\u00e9s Esti ima 2026. j\u00fanius 30. Napi t\u00e9ma: Bennem l\u00e9v\u0151 f\u00e9ny&nbsp; Reggeli ima Reggeli Nem rejthet\u0151 el a bennem rejl\u0151 f\u00e9ny &#8211; interakt\u00edv el\u0151ad\u00e1s Kiscsoportos besz\u00e9lget\u00e9sek Eb\u00e9d D\u00e9lut\u00e1ni program Papcorn &#8211;&hellip; <br \/> <a class=\"read-more\" href=\"https:\/\/ipcszeged.hu\/index.php\/tabor-programterve-2026\/\">Read more<\/a><\/p>\n","protected":false},"author":1,"featured_media":0,"parent":0,"menu_order":0,"comment_status":"closed","ping_status":"closed","template":"","meta":{"ngg_post_thumbnail":0,"footnotes":""},"class_list":["post-18677","page","type-page","status-publish","hentry"],"_links":{"self":[{"href":"https:\/\/ipcszeged.hu\/index.php\/wp-json\/wp\/v2\/pages\/18677","targetHints":{"allow":["GET"]}}],"collection":[{"href":"https:\/\/ipcszeged.hu\/index.php\/wp-json\/wp\/v2\/pages"}],"about":[{"href":"https:\/\/ipcszeged.hu\/index.php\/wp-json\/wp\/v2\/types\/page"}],"author":[{"embeddable":true,"href":"https:\/\/ipcszeged.hu\/index.php\/wp-json\/wp\/v2\/users\/1"}],"replies":[{"embeddable":true,"href":"https:\/\/ipcszeged.hu\/index.php\/wp-json\/wp\/v2\/comments?post=18677"}],"version-history":[{"count":2,"href":"https:\/\/ipcszeged.hu\/index.php\/wp-json\/wp\/v2\/pages\/18677\/revisions"}],"predecessor-version":[{"id":18719,"href":"https:\/\/ipcszeged.hu\/index.php\/wp-json\/wp\/v2\/pages\/18677\/revisions\/18719"}],"wp:attachment":[{"href":"https:\/\/ipcszeged.hu\/index.php\/wp-json\/wp\/v2\/media?parent=18677"}],"curies":[{"name":"wp","href":"https:\/\/api.w.org\/{rel}","templated":true}]}}