{"id":18667,"date":"2026-03-25T10:38:36","date_gmt":"2026-03-25T09:38:36","guid":{"rendered":"https:\/\/ipcszeged.hu\/?page_id=18667"},"modified":"2026-03-25T10:58:24","modified_gmt":"2026-03-25T09:58:24","slug":"2026-ti-vagytok-a-vilag-vilagossaga","status":"publish","type":"page","link":"https:\/\/ipcszeged.hu\/index.php\/2026-ti-vagytok-a-vilag-vilagossaga\/","title":{"rendered":"2026 ,,Ti vagytok a vil\u00e1g vil\u00e1goss\u00e1ga.&#8221;"},"content":{"rendered":"<div class=\"wp-block-image\">\n<figure class=\"aligncenter size-full is-resized\"><img loading=\"lazy\" decoding=\"async\" width=\"1838\" height=\"2560\" src=\"https:\/\/ipcszeged.hu\/wp-content\/uploads\/2026\/03\/nyari-tabor2026-ok_page-0001-scaled.jpg\" alt=\"\" class=\"wp-image-18662\" style=\"aspect-ratio:0.7179774830722385;width:423px;height:auto\" srcset=\"https:\/\/ipcszeged.hu\/wp-content\/uploads\/2026\/03\/nyari-tabor2026-ok_page-0001-scaled.jpg 1838w, https:\/\/ipcszeged.hu\/wp-content\/uploads\/2026\/03\/nyari-tabor2026-ok_page-0001-215x300.jpg 215w, https:\/\/ipcszeged.hu\/wp-content\/uploads\/2026\/03\/nyari-tabor2026-ok_page-0001-108x150.jpg 108w, https:\/\/ipcszeged.hu\/wp-content\/uploads\/2026\/03\/nyari-tabor2026-ok_page-0001-768x1069.jpg 768w, https:\/\/ipcszeged.hu\/wp-content\/uploads\/2026\/03\/nyari-tabor2026-ok_page-0001-1103x1536.jpg 1103w, https:\/\/ipcszeged.hu\/wp-content\/uploads\/2026\/03\/nyari-tabor2026-ok_page-0001-1471x2048.jpg 1471w, https:\/\/ipcszeged.hu\/wp-content\/uploads\/2026\/03\/nyari-tabor2026-ok_page-0001-1024x1426.jpg 1024w, https:\/\/ipcszeged.hu\/wp-content\/uploads\/2026\/03\/nyari-tabor2026-ok_page-0001-776x1080.jpg 776w\" sizes=\"auto, (max-width: 1838px) 100vw, 1838px\" \/><\/figure>\n<\/div>\n\n<p>A Szeged\u2013Csan\u00e1di Egyh\u00e1zmegye id\u00e9n m\u00e1r XIII. alkalommal szervezi meg ifj\u00fas\u00e1gi ny\u00e1ri t\u00e1bor\u00e1t.<\/p>\n<p>Az Egyh\u00e1zmegyei Ifj\u00fas\u00e1gi T\u00e1bor lehet\u0151s\u00e9get ad arra, hogy k\u00fcl\u00f6nb\u00f6z\u0151 pl\u00e9b\u00e1ni\u00e1k fiataljai megismerj\u00e9k egym\u00e1st, egy\u00fctt \u00f6r\u00fcljenek, im\u00e1dkozzanak \u00e9s er\u0151s\u00edts\u00e9k egym\u00e1sban az egyh\u00e1zmegyei identit\u00e1st. Ezt seg\u00edti majd a t\u00e1borvezet\u0151k \u00e1ltal \u00f6ssze\u00e1ll\u00edtott gazdag program k\u00edn\u00e1lat is.<\/p>\n<p>Id\u0151pont:&nbsp;<strong>2026. j\u00fanius 29. \u2013 j\u00falius 5.<br><\/strong>Helysz\u00edn:&nbsp;<strong>Domasz\u00e9k-Z\u00f6ldf\u00e1s<br><\/strong>Az idei t\u00e1bor mott\u00f3ja: <strong>\u201eTi vagytok a vil\u00e1g vil\u00e1goss\u00e1ga\u201d(Mt 5,14)<\/strong><br>R\u00e9szv\u00e9teli d\u00edj: 4<strong>5.000 forint<\/strong>&nbsp;(Amennyiben a t\u00e1boroz\u00f3nak ez neh\u00e9zs\u00e9get okoz, arra szeretn\u00e9nk k\u00e9rni, hogy keresse meg pl\u00e9b\u00e1nos\u00e1t.)<br>Korhat\u00e1r:&nbsp;<strong>13-18 \u00e9v<\/strong><br><strong>Regisztr\u00e1ci\u00f3s hat\u00e1rid\u0151 2026. j\u00fanius 15.<\/strong><\/p>\n<p><strong>A jelentkez\u00e9s felt\u00e9tele a pl\u00e9b\u00e1nosi aj\u00e1nl\u00e1s a regisztr\u00e1ci\u00f3s rendszerbe!<br>Regisztr\u00e1lni&nbsp; a <a href=\"https:\/\/forms.gle\/oHEUVBdxrA5jbn2j9\">XIII. Egyh\u00e1zmegyei Ny\u00e1ri T\u00e1borra<\/a> a&nbsp;linkre kattintva lehet.<br><\/strong><\/p>\n\n\n<p><\/p>\n ","protected":false},"excerpt":{"rendered":"<p>A Szeged\u2013Csan\u00e1di Egyh\u00e1zmegye id\u00e9n m\u00e1r XIII. alkalommal szervezi meg ifj\u00fas\u00e1gi ny\u00e1ri t\u00e1bor\u00e1t. Az Egyh\u00e1zmegyei Ifj\u00fas\u00e1gi T\u00e1bor lehet\u0151s\u00e9get ad arra, hogy k\u00fcl\u00f6nb\u00f6z\u0151 pl\u00e9b\u00e1ni\u00e1k fiataljai megismerj\u00e9k egym\u00e1st, egy\u00fctt \u00f6r\u00fcljenek, im\u00e1dkozzanak \u00e9s er\u0151s\u00edts\u00e9k egym\u00e1sban az egyh\u00e1zmegyei identit\u00e1st. Ezt seg\u00edti majd a t\u00e1borvezet\u0151k \u00e1ltal \u00f6ssze\u00e1ll\u00edtott gazdag program k\u00edn\u00e1lat is. Id\u0151pont:&nbsp;2026. j\u00fanius 29. \u2013 j\u00falius 5.Helysz\u00edn:&nbsp;Domasz\u00e9k-Z\u00f6ldf\u00e1sAz idei t\u00e1bor mott\u00f3ja: \u201eTi&hellip; <br \/> <a class=\"read-more\" href=\"https:\/\/ipcszeged.hu\/index.php\/2026-ti-vagytok-a-vilag-vilagossaga\/\">Read more<\/a><\/p>\n","protected":false},"author":1,"featured_media":0,"parent":0,"menu_order":0,"comment_status":"closed","ping_status":"closed","template":"","meta":{"ngg_post_thumbnail":0,"footnotes":""},"class_list":["post-18667","page","type-page","status-publish","hentry"],"_links":{"self":[{"href":"https:\/\/ipcszeged.hu\/index.php\/wp-json\/wp\/v2\/pages\/18667","targetHints":{"allow":["GET"]}}],"collection":[{"href":"https:\/\/ipcszeged.hu\/index.php\/wp-json\/wp\/v2\/pages"}],"about":[{"href":"https:\/\/ipcszeged.hu\/index.php\/wp-json\/wp\/v2\/types\/page"}],"author":[{"embeddable":true,"href":"https:\/\/ipcszeged.hu\/index.php\/wp-json\/wp\/v2\/users\/1"}],"replies":[{"embeddable":true,"href":"https:\/\/ipcszeged.hu\/index.php\/wp-json\/wp\/v2\/comments?post=18667"}],"version-history":[{"count":2,"href":"https:\/\/ipcszeged.hu\/index.php\/wp-json\/wp\/v2\/pages\/18667\/revisions"}],"predecessor-version":[{"id":18671,"href":"https:\/\/ipcszeged.hu\/index.php\/wp-json\/wp\/v2\/pages\/18667\/revisions\/18671"}],"wp:attachment":[{"href":"https:\/\/ipcszeged.hu\/index.php\/wp-json\/wp\/v2\/media?parent=18667"}],"curies":[{"name":"wp","href":"https:\/\/api.w.org\/{rel}","templated":true}]}}