{"id":18545,"date":"2025-10-31T14:58:04","date_gmt":"2025-10-31T13:58:04","guid":{"rendered":"https:\/\/ipcszeged.hu\/?page_id=18545"},"modified":"2025-10-31T15:09:52","modified_gmt":"2025-10-31T14:09:52","slug":"adventfeszt-2025-regisztracio","status":"publish","type":"page","link":"https:\/\/ipcszeged.hu\/index.php\/adventfeszt-2025-regisztracio\/","title":{"rendered":"Adventfeszt 2025 Regisztr\u00e1ci\u00f3"},"content":{"rendered":"<div class=\"wp-block-image\">\n<figure class=\"aligncenter size-full is-resized\"><img loading=\"lazy\" decoding=\"async\" width=\"1754\" height=\"2480\" src=\"https:\/\/ipcszeged.hu\/wp-content\/uploads\/2025\/10\/adventfeszt2025-ok.jpg\" alt=\"\" class=\"wp-image-18541\" style=\"width:409px;height:auto\" srcset=\"https:\/\/ipcszeged.hu\/wp-content\/uploads\/2025\/10\/adventfeszt2025-ok.jpg 1754w, https:\/\/ipcszeged.hu\/wp-content\/uploads\/2025\/10\/adventfeszt2025-ok-212x300.jpg 212w, https:\/\/ipcszeged.hu\/wp-content\/uploads\/2025\/10\/adventfeszt2025-ok-106x150.jpg 106w, https:\/\/ipcszeged.hu\/wp-content\/uploads\/2025\/10\/adventfeszt2025-ok-768x1086.jpg 768w, https:\/\/ipcszeged.hu\/wp-content\/uploads\/2025\/10\/adventfeszt2025-ok-1086x1536.jpg 1086w, https:\/\/ipcszeged.hu\/wp-content\/uploads\/2025\/10\/adventfeszt2025-ok-1448x2048.jpg 1448w, https:\/\/ipcszeged.hu\/wp-content\/uploads\/2025\/10\/adventfeszt2025-ok-1024x1448.jpg 1024w, https:\/\/ipcszeged.hu\/wp-content\/uploads\/2025\/10\/adventfeszt2025-ok-764x1080.jpg 764w\" sizes=\"auto, (max-width: 1754px) 100vw, 1754px\" \/><\/figure>\n<\/div>\n\n\n<p class=\"has-text-align-left\"><br>Az\u00a0<strong>AdventFeszt<\/strong>\u00a0a\u00a0Szeged\u2013Csan\u00e1di Egyh\u00e1zmegye nagyszab\u00e1s\u00fa, ifj\u00fas\u00e1gi adventi lelki napja.<br>C\u00e9lja t\u00f6bbr\u00e9t\u0171. Az egyh\u00e1zmegye ter\u00fclet\u00e9n m\u0171k\u00f6d\u0151 katolikus\u00a0iskol\u00e1k, hittanosaik,<strong>14 \u00e9s 18 \u00e9v k\u00f6z\u00f6tti fiatalok<\/strong>\u00a0sz\u00e1m\u00e1ra egy tal\u00e1lkoz\u00e1si alkalom, ahol meger\u0151s\u00edtik egym\u00e1st k\u00f6z\u00f6s \u00fatjukban.<br><br>Egy ilyen tal\u00e1lkoz\u00e1s kiemel\u00a0a\u00a0sz\u00fcrke h\u00e9tk\u00f6znapokb\u00f3l, k\u00fcl\u00f6nlegess\u00e9, \u00fcnnepiv\u00e9 t\u00e9ve azt. A\u00a0k\u00fcl\u00f6n telep\u00fcl\u00e9seken m\u0171k\u00f6d\u0151 int\u00e9zm\u00e9nyek, ez\u00e1ltal az Egyh\u00e1z k\u00f6z\u00f6ss\u00e9g\u00e9be is jobban bevonva \u00e9rezhetik magukat, k\u00fcl\u00f6n\u00f6sen Egyh\u00e1zunk fiatalok fel\u00e9 fordul\u00f3 arc\u00e1val, az \u00f6r\u00f6kk\u00e9 fiatal J\u00e9zussal val\u00f3 tal\u00e1lkoz\u00e1son kereszt\u00fcl.<br><br>Regisztr\u00e1lni\u00a0 a\u00a0<a href=\"https:\/\/forms.gle\/BfCAJcMARN36P1z19\">Regisztr\u00e1lok az Adventfeszt 2025-re <\/a>\u00a0linkre kattintva lehet.<\/p>\n\n\n\n<p><\/p>\n ","protected":false},"excerpt":{"rendered":"<p>Az\u00a0AdventFeszt\u00a0a\u00a0Szeged\u2013Csan\u00e1di Egyh\u00e1zmegye nagyszab\u00e1s\u00fa, ifj\u00fas\u00e1gi adventi lelki napja.C\u00e9lja t\u00f6bbr\u00e9t\u0171. Az egyh\u00e1zmegye ter\u00fclet\u00e9n m\u0171k\u00f6d\u0151 katolikus\u00a0iskol\u00e1k, hittanosaik,14 \u00e9s 18 \u00e9v k\u00f6z\u00f6tti fiatalok\u00a0sz\u00e1m\u00e1ra egy tal\u00e1lkoz\u00e1si alkalom, ahol meger\u0151s\u00edtik egym\u00e1st k\u00f6z\u00f6s \u00fatjukban. Egy ilyen tal\u00e1lkoz\u00e1s kiemel\u00a0a\u00a0sz\u00fcrke h\u00e9tk\u00f6znapokb\u00f3l, k\u00fcl\u00f6nlegess\u00e9, \u00fcnnepiv\u00e9 t\u00e9ve azt. A\u00a0k\u00fcl\u00f6n telep\u00fcl\u00e9seken m\u0171k\u00f6d\u0151 int\u00e9zm\u00e9nyek, ez\u00e1ltal az Egyh\u00e1z k\u00f6z\u00f6ss\u00e9g\u00e9be is jobban bevonva \u00e9rezhetik magukat, k\u00fcl\u00f6n\u00f6sen Egyh\u00e1zunk fiatalok fel\u00e9 fordul\u00f3 arc\u00e1val,&hellip; <br \/> <a class=\"read-more\" href=\"https:\/\/ipcszeged.hu\/index.php\/adventfeszt-2025-regisztracio\/\">Read more<\/a><\/p>\n","protected":false},"author":1,"featured_media":0,"parent":0,"menu_order":0,"comment_status":"closed","ping_status":"closed","template":"","meta":{"ngg_post_thumbnail":0,"footnotes":""},"class_list":["post-18545","page","type-page","status-publish","hentry"],"_links":{"self":[{"href":"https:\/\/ipcszeged.hu\/index.php\/wp-json\/wp\/v2\/pages\/18545","targetHints":{"allow":["GET"]}}],"collection":[{"href":"https:\/\/ipcszeged.hu\/index.php\/wp-json\/wp\/v2\/pages"}],"about":[{"href":"https:\/\/ipcszeged.hu\/index.php\/wp-json\/wp\/v2\/types\/page"}],"author":[{"embeddable":true,"href":"https:\/\/ipcszeged.hu\/index.php\/wp-json\/wp\/v2\/users\/1"}],"replies":[{"embeddable":true,"href":"https:\/\/ipcszeged.hu\/index.php\/wp-json\/wp\/v2\/comments?post=18545"}],"version-history":[{"count":4,"href":"https:\/\/ipcszeged.hu\/index.php\/wp-json\/wp\/v2\/pages\/18545\/revisions"}],"predecessor-version":[{"id":18551,"href":"https:\/\/ipcszeged.hu\/index.php\/wp-json\/wp\/v2\/pages\/18545\/revisions\/18551"}],"wp:attachment":[{"href":"https:\/\/ipcszeged.hu\/index.php\/wp-json\/wp\/v2\/media?parent=18545"}],"curies":[{"name":"wp","href":"https:\/\/api.w.org\/{rel}","templated":true}]}}