{"id":1841,"date":"2016-11-09T09:25:33","date_gmt":"2016-11-09T09:25:33","guid":{"rendered":"http:\/\/www.ipcszeged.hu\/?page_id=1841"},"modified":"2016-11-09T09:25:33","modified_gmt":"2016-11-09T09:25:33","slug":"ahogy-beszelgettek-tanakodtak-egyszer-csak-jezus-kozeledett-es-csatlakozott-hozzajuk-lk-2415","status":"publish","type":"page","link":"https:\/\/ipcszeged.hu\/index.php\/programok-ahol-megtalalsz-bennunket\/vitorla-2\/vitorla\/informaciok\/ahogy-beszelgettek-tanakodtak-egyszer-csak-jezus-kozeledett-es-csatlakozott-hozzajuk-lk-2415\/","title":{"rendered":"&#8220;Ahogy besz\u00e9lgettek, tanakodtak, egyszer csak J\u00e9zus k\u00f6zeledett, \u00e9s csatlakozott hozz\u00e1juk.&#8221; (Lk 24,15)"},"content":{"rendered":"<p><em>\u00a0<\/em><a href=\"http:\/\/www.ipcszeged.hu\/wp-content\/uploads\/2016\/02\/vitorla_kozossegvezeto-logoi.jpg\"><img loading=\"lazy\" decoding=\"async\" class=\"wp-image-995 alignright\" src=\"http:\/\/www.ipcszeged.hu\/wp-content\/uploads\/2016\/02\/vitorla_kozossegvezeto-logoi.jpg\" sizes=\"auto, (max-width: 403px) 100vw, 403px\" srcset=\"http:\/\/www.ipcszeged.hu\/wp-content\/uploads\/2016\/02\/vitorla_kozossegvezeto-logoi.jpg 1659w, http:\/\/www.ipcszeged.hu\/wp-content\/uploads\/2016\/02\/vitorla_kozossegvezeto-logoi-150x74.jpg 150w, http:\/\/www.ipcszeged.hu\/wp-content\/uploads\/2016\/02\/vitorla_kozossegvezeto-logoi-300x148.jpg 300w, http:\/\/www.ipcszeged.hu\/wp-content\/uploads\/2016\/02\/vitorla_kozossegvezeto-logoi-945x467.jpg 945w, http:\/\/www.ipcszeged.hu\/wp-content\/uploads\/2016\/02\/vitorla_kozossegvezeto-logoi-600x296.jpg 600w\" alt=\"vitorla_kozossegvezeto logoi\" width=\"470\" height=\"232\" \/><\/a><\/p>\n<p><em>2016.<\/em><strong>11. 11. P\u00e9ntek<\/strong><strong>\u00a0<\/strong><\/p>\n<ul>\n<li><strong>17.00-t\u00f3l: \u00e9rkez\u00e9sek<\/strong><\/li>\n<li><strong>18.00: Vacsora<\/strong><\/li>\n<li><strong>19.00: Szentmise (Ver\u00e9b L\u00e1szl\u00f3)<\/strong><\/li>\n<li><strong>20.00 &#8211; 22.00: I. blokk \u2013 bevezet\u0151 k\u00f6r, s r\u00e1hangol\u00f3 feladatok<\/strong>\u00a0<strong>\u00a0<\/strong><\/li>\n<\/ul>\n<ol start=\"2016\">\n<li><strong> 11. 12. Szombat<\/strong><strong>\u00a0<\/strong><\/li>\n<\/ol>\n<ul>\n<li><strong>7.45: Reggeli Ima<\/strong><\/li>\n<li><strong>8.00: Reggeli<\/strong><\/li>\n<li><strong>9.00 &#8211; 10.45: II. blokk &#8211; er\u0151szakmentes kommunik\u00e1ci\u00f3 I.<\/strong><strong>\u00a0<\/strong><\/li>\n<li><strong>10.45 \u2013 11.00: Sz\u00fcnet<\/strong><\/li>\n<li><strong>11.00 &#8211; 12.30: III. blokk \u2013 er\u0151szakmentes kommunik\u00e1ci\u00f3 II.<\/strong><\/li>\n<li><strong>12.30: Eb\u00e9d<\/strong><\/li>\n<li><strong>14.00 \u2013 15.45: IV. blokk \u2013 seg\u00edt\u0151 besz\u00e9lget\u00e9s<\/strong><\/li>\n<li><strong>15.45 &#8211; 16.00: Sz\u00fcnet<\/strong><\/li>\n<li><strong>16.00-17.00: IV. blokk \u2013 Fiatalok motiv\u00e1l\u00e1sa \u00e9s vezet\u00e9se + z\u00e1r\u00f3k\u00f6r<\/strong><\/li>\n<li><strong>17:00 hazautaz\u00e1s<\/strong><\/li>\n<\/ul>\n ","protected":false},"excerpt":{"rendered":"<p>\u00a0 2016.11. 11. P\u00e9ntek\u00a0 17.00-t\u00f3l: \u00e9rkez\u00e9sek 18.00: Vacsora 19.00: Szentmise (Ver\u00e9b L\u00e1szl\u00f3) 20.00 &#8211; 22.00: I. blokk \u2013 bevezet\u0151 k\u00f6r, s r\u00e1hangol\u00f3 feladatok\u00a0\u00a0 11. 12. Szombat\u00a0 7.45: Reggeli Ima 8.00: Reggeli 9.00 &#8211; 10.45: II. blokk &#8211; er\u0151szakmentes kommunik\u00e1ci\u00f3 I.\u00a0 10.45 \u2013 11.00: Sz\u00fcnet 11.00 &#8211; 12.30: III. blokk \u2013 er\u0151szakmentes kommunik\u00e1ci\u00f3 II. 12.30: Eb\u00e9d&hellip; <br \/> <a class=\"read-more\" href=\"https:\/\/ipcszeged.hu\/index.php\/programok-ahol-megtalalsz-bennunket\/vitorla-2\/vitorla\/informaciok\/ahogy-beszelgettek-tanakodtak-egyszer-csak-jezus-kozeledett-es-csatlakozott-hozzajuk-lk-2415\/\">Read more<\/a><\/p>\n","protected":false},"author":1,"featured_media":0,"parent":997,"menu_order":3,"comment_status":"closed","ping_status":"closed","template":"","meta":{"ngg_post_thumbnail":0,"footnotes":""},"class_list":["post-1841","page","type-page","status-publish","hentry"],"_links":{"self":[{"href":"https:\/\/ipcszeged.hu\/index.php\/wp-json\/wp\/v2\/pages\/1841","targetHints":{"allow":["GET"]}}],"collection":[{"href":"https:\/\/ipcszeged.hu\/index.php\/wp-json\/wp\/v2\/pages"}],"about":[{"href":"https:\/\/ipcszeged.hu\/index.php\/wp-json\/wp\/v2\/types\/page"}],"author":[{"embeddable":true,"href":"https:\/\/ipcszeged.hu\/index.php\/wp-json\/wp\/v2\/users\/1"}],"replies":[{"embeddable":true,"href":"https:\/\/ipcszeged.hu\/index.php\/wp-json\/wp\/v2\/comments?post=1841"}],"version-history":[{"count":2,"href":"https:\/\/ipcszeged.hu\/index.php\/wp-json\/wp\/v2\/pages\/1841\/revisions"}],"predecessor-version":[{"id":1843,"href":"https:\/\/ipcszeged.hu\/index.php\/wp-json\/wp\/v2\/pages\/1841\/revisions\/1843"}],"up":[{"embeddable":true,"href":"https:\/\/ipcszeged.hu\/index.php\/wp-json\/wp\/v2\/pages\/997"}],"wp:attachment":[{"href":"https:\/\/ipcszeged.hu\/index.php\/wp-json\/wp\/v2\/media?parent=1841"}],"curies":[{"name":"wp","href":"https:\/\/api.w.org\/{rel}","templated":true}]}}

&#8220;Ahogy beszélgettek, tanakodtak, egyszer csak Jézus közeledett, és csatlakozott hozzájuk.&#8221; (Lk 24,15)

<p><em> </em><a href="http://www.ipcszeged.hu/wp-content/uploads/2016/02/vitorla_kozossegvezeto-logoi.jpg"><img loading="lazy" decoding="async" class="wp-image-995 alignright" src="http://www.ipcszeged.hu/wp-content/uploads/2016/02/vitorla_kozossegvezeto-logoi.jpg" sizes="auto, (max-width: 403px) 100vw, 403px" srcset="http://www.ipcszeged.hu/wp-content/uploads/2016/02/vitorla_kozossegvezeto-logoi.jpg 1659w, http://www.ipcszeged.hu/wp-content/uploads/2016/02/vitorla_kozossegvezeto-logoi-150x74.jpg 150w, http://www.ipcszeged.hu/wp-content/uploads/2016/02/vitorla_kozossegvezeto-logoi-300x148.jpg 300w, http://www.ipcszeged.hu/wp-content/uploads/2016/02/vitorla_kozossegvezeto-logoi-945x467.jpg 945w, http://www.ipcszeged.hu/wp-content/uploads/2016/02/vitorla_kozossegvezeto-logoi-600x296.jpg 600w" alt="vitorla_kozossegvezeto logoi" width="470" height="232" /></a></p>
<p><em>2016.</em><strong>11. 11. Péntek</strong><strong> </strong></p>
<ul>
<li><strong>17.00-tól: érkezések</strong></li>
<li><strong>18.00: Vacsora</strong></li>
<li><strong>19.00: Szentmise (Veréb László)</strong></li>
<li><strong>20.00 &#8211; 22.00: I. blokk – bevezető kör, s ráhangoló feladatok</strong> <strong> </strong></li>
</ul>
<ol start="2016">
<li><strong> 11. 12. Szombat</strong><strong> </strong></li>
</ol>
<ul>
<li><strong>7.45: Reggeli Ima</strong></li>
<li><strong>8.00: Reggeli</strong></li>
<li><strong>9.00 &#8211; 10.45: II. blokk &#8211; erőszakmentes kommunikáció I.</strong><strong> </strong></li>
<li><strong>10.45 – 11.00: Szünet</strong></li>
<li><strong>11.00 &#8211; 12.30: III. blokk – erőszakmentes kommunikáció II.</strong></li>
<li><strong>12.30: Ebéd</strong></li>
<li><strong>14.00 – 15.45: IV. blokk – segítő beszélgetés</strong></li>
<li><strong>15.45 &#8211; 16.00: Szünet</strong></li>
<li><strong>16.00-17.00: IV. blokk – Fiatalok motiválása és vezetése + zárókör</strong></li>
<li><strong>17:00 hazautazás</strong></li>
</ul>

<p>  2016.11. 11. Péntek  17.00-tól: érkezések 18.00: Vacsora 19.00: Szentmise (Veréb László) 20.00 &#8211; 22.00: I. blokk – bevezető kör, s ráhangoló feladatok   11. 12. Szombat  7.45: Reggeli Ima 8.00: Reggeli 9.00 &#8211; 10.45: II. blokk &#8211; erőszakmentes kommunikáció I.  10.45 – 11.00: Szünet 11.00 &#8211; 12.30: III. blokk – erőszakmentes kommunikáció II. 12.30: Ebéd&hellip; <br /> <a class="read-more" href="https://ipcszeged.hu/index.php/programok-ahol-megtalalsz-bennunket/vitorla-2/vitorla/informaciok/ahogy-beszelgettek-tanakodtak-egyszer-csak-jezus-kozeledett-es-csatlakozott-hozzajuk-lk-2415/">Read more</a></p>
