{"id":1826,"date":"2016-10-18T11:55:33","date_gmt":"2016-10-18T11:55:33","guid":{"rendered":"http:\/\/www.ipcszeged.hu\/?page_id=1826"},"modified":"2016-10-18T12:27:20","modified_gmt":"2016-10-18T12:27:20","slug":"kitartottak-a-kozossegben-apcsel-242","status":"publish","type":"page","link":"https:\/\/ipcszeged.hu\/index.php\/programok-ahol-megtalalsz-bennunket\/vitorla-2\/vitorla\/informaciok\/kitartottak-a-kozossegben-apcsel-242\/","title":{"rendered":"&#8220;Kitartottak a k\u00f6z\u00f6ss\u00e9gben.&#8221; (ApCsel 2,42)"},"content":{"rendered":"<h4 style=\"text-align: center;\">III. k\u00e9pz\u00e9si alkalom t\u00e9m\u00e1ja:\u00a0K\u00f6z\u00f6ss\u00e9g \u00e9s vezet\u00e9s<\/h4>\n<h4>A k\u00e9pz\u00e9st Gaga Zsuzsa\u00a0vezette.<\/h4>\n<h5>2016.09.30. P\u00e9ntek<br \/>\n\u2022 17:00-t\u00f3l \u00e9rkez\u00e9sek<br \/>\n\u2022 18:00 Vacsora<br \/>\n\u2022 19:15 Nyit\u00f3 Szentmise\u00a0<a href=\"http:\/\/www.ipcszeged.hu\/wp-content\/uploads\/2016\/02\/vitorla_kozossegvezeto-logoi.jpg\"><img loading=\"lazy\" decoding=\"async\" class=\"wp-image-995 alignright\" src=\"http:\/\/www.ipcszeged.hu\/wp-content\/uploads\/2016\/02\/vitorla_kozossegvezeto-logoi.jpg\" sizes=\"auto, (max-width: 403px) 100vw, 403px\" srcset=\"http:\/\/www.ipcszeged.hu\/wp-content\/uploads\/2016\/02\/vitorla_kozossegvezeto-logoi.jpg 1659w, http:\/\/www.ipcszeged.hu\/wp-content\/uploads\/2016\/02\/vitorla_kozossegvezeto-logoi-150x74.jpg 150w, http:\/\/www.ipcszeged.hu\/wp-content\/uploads\/2016\/02\/vitorla_kozossegvezeto-logoi-300x148.jpg 300w, http:\/\/www.ipcszeged.hu\/wp-content\/uploads\/2016\/02\/vitorla_kozossegvezeto-logoi-945x467.jpg 945w, http:\/\/www.ipcszeged.hu\/wp-content\/uploads\/2016\/02\/vitorla_kozossegvezeto-logoi-600x296.jpg 600w\" alt=\"vitorla_kozossegvezeto logoi\" width=\"403\" height=\"199\" \/><\/a><br \/>\n\u2022 20:00 \u2013 21:30 I. blokk: meg\u00e9rkez\u00e9s, r\u00e1hangol\u00f3d\u00e1s<br \/>\n\u2022 21:30 Esti Ima<\/h5>\n<h5>2016.05.07. Szombat<br \/>\n\u2022 7:45 Reggeli Ima<br \/>\n\u2022 8:00 Reggeli<br \/>\n\u2022 8:45 \u2013 10:15 II. blokk megh\u00edv\u00e1s egy k\u00f6z\u00f6ss\u00e9g megsz\u00fcletse<br \/>\n\u2022 10:15-10:45 sz\u00fcnet<br \/>\n\u2022 10:45 \u2013 12:15 III. blokk tervek, keretek, szerepek<br \/>\n\u2022 12:30 Eb\u00e9d<br \/>\n\u2022 14:00 \u2013 15:00 IV. blokk egy k\u00f6z\u00f6ss\u00e9gi alkalom\u00a0modellez\u00e9se<br \/>\n\u2022 15:15 \u2013 16:00 z\u00e1r\u00f3 blokk (szerz\u0151d\u00e9sek al\u00e1\u00edr\u00e1sa)<\/h5>\n<p>A k\u00e9pz\u00e9s sor\u00e1n el\u0151ker\u00fclt \u00e9s felhaszn\u00e1lt anyagokat innen tudod let\u00f6lteni:<\/p>\n<h3><strong><a href=\"http:\/\/www.ipcszeged.hu\/index.php\/vitorla\/informaciok\/kitartottak-a-kozossegben-apcsel-242\/201609301001-vitorla\/\" rel=\"attachment wp-att-1828\">201609301001-vitorla<\/a><\/strong><\/h3>\n ","protected":false},"excerpt":{"rendered":"<p>III. k\u00e9pz\u00e9si alkalom t\u00e9m\u00e1ja:\u00a0K\u00f6z\u00f6ss\u00e9g \u00e9s vezet\u00e9s A k\u00e9pz\u00e9st Gaga Zsuzsa\u00a0vezette. 2016.09.30. P\u00e9ntek \u2022 17:00-t\u00f3l \u00e9rkez\u00e9sek \u2022 18:00 Vacsora \u2022 19:15 Nyit\u00f3 Szentmise\u00a0 \u2022 20:00 \u2013 21:30 I. blokk: meg\u00e9rkez\u00e9s, r\u00e1hangol\u00f3d\u00e1s \u2022 21:30 Esti Ima 2016.05.07. Szombat \u2022 7:45 Reggeli Ima \u2022 8:00 Reggeli \u2022 8:45 \u2013 10:15 II. blokk megh\u00edv\u00e1s egy k\u00f6z\u00f6ss\u00e9g megsz\u00fcletse \u2022 10:15-10:45&hellip; <br \/> <a class=\"read-more\" href=\"https:\/\/ipcszeged.hu\/index.php\/programok-ahol-megtalalsz-bennunket\/vitorla-2\/vitorla\/informaciok\/kitartottak-a-kozossegben-apcsel-242\/\">Read more<\/a><\/p>\n","protected":false},"author":1,"featured_media":1827,"parent":997,"menu_order":0,"comment_status":"closed","ping_status":"closed","template":"","meta":{"ngg_post_thumbnail":0,"footnotes":""},"class_list":["post-1826","page","type-page","status-publish","has-post-thumbnail","hentry"],"_links":{"self":[{"href":"https:\/\/ipcszeged.hu\/index.php\/wp-json\/wp\/v2\/pages\/1826","targetHints":{"allow":["GET"]}}],"collection":[{"href":"https:\/\/ipcszeged.hu\/index.php\/wp-json\/wp\/v2\/pages"}],"about":[{"href":"https:\/\/ipcszeged.hu\/index.php\/wp-json\/wp\/v2\/types\/page"}],"author":[{"embeddable":true,"href":"https:\/\/ipcszeged.hu\/index.php\/wp-json\/wp\/v2\/users\/1"}],"replies":[{"embeddable":true,"href":"https:\/\/ipcszeged.hu\/index.php\/wp-json\/wp\/v2\/comments?post=1826"}],"version-history":[{"count":2,"href":"https:\/\/ipcszeged.hu\/index.php\/wp-json\/wp\/v2\/pages\/1826\/revisions"}],"predecessor-version":[{"id":1830,"href":"https:\/\/ipcszeged.hu\/index.php\/wp-json\/wp\/v2\/pages\/1826\/revisions\/1830"}],"up":[{"embeddable":true,"href":"https:\/\/ipcszeged.hu\/index.php\/wp-json\/wp\/v2\/pages\/997"}],"wp:featuredmedia":[{"embeddable":true,"href":"https:\/\/ipcszeged.hu\/index.php\/wp-json\/wp\/v2\/media\/1827"}],"wp:attachment":[{"href":"https:\/\/ipcszeged.hu\/index.php\/wp-json\/wp\/v2\/media?parent=1826"}],"curies":[{"name":"wp","href":"https:\/\/api.w.org\/{rel}","templated":true}]}}