{"id":17521,"date":"2021-09-22T06:58:24","date_gmt":"2021-09-22T06:58:24","guid":{"rendered":"https:\/\/ipcszeged.hu\/?page_id=17521"},"modified":"2021-09-22T06:58:25","modified_gmt":"2021-09-22T06:58:25","slug":"gellert-nap21","status":"publish","type":"page","link":"https:\/\/ipcszeged.hu\/index.php\/gellert-nap21\/","title":{"rendered":"Gell\u00e9rt Nap&#8217;21"},"content":{"rendered":"\n<p>\u00c9LED?<\/p>\n<p>Az idei Szent Gell\u00e9rt nap t\u00e9m\u00e1ja a k\u00fcldet\u00e9sr\u0151l sz\u00f3l. Isten Mindannyiunknak feladatot sz\u00e1nt, k\u00fcldet\u00e9s\u00fcnk van. Ott ahol \u00e9lek. Most tal\u00e1lkozhatunk olyan fiatalokkal, akik sz\u00edvvel, \u00f6r\u00f6mmel szolg\u00e1lnak \u00e9s megtal\u00e1lt\u00e1k hely\u00fcket az Egyh\u00e1zban. Feladatot, \u00e1ldozatot, szolg\u00e1latokat v\u00e1llalnak, de Mi\u00e9rt is?<\/p>\n<p>Az \u0151 szem\u00e9lyes tan\u00fas\u00e1gt\u00e9tel\u00fck meger\u0151s\u00edthet \u00e9s b\u00e1tor\u00edthat minden fiatalt szem\u00e9lyes k\u00fcldet\u00e9s\u00e9nek meg\u00e9l\u00e9s\u00e9ben. \u00c9led az \u00f6r\u00f6met? \u00c9led azt, amiben j\u00f3 vagy? \u00c9led amire h\u00edvva vagy? \u00c9led?<\/p>\n<p>A jelentkez\u00e9si \u0171rlap kit\u00f6lt\u00e9si hat\u00e1rideje 2021. szeptembere 23.<\/p>\n<p>&nbsp;<\/p>\n<p>&nbsp;<\/p>\n\n<p><iframe loading=\"lazy\" src=\"https:\/\/docs.google.com\/forms\/d\/e\/1FAIpQLScu53K17AZbW3cu2q7cvM3oCNYgaz5uGeerRrNf44PUwzUqpA\/viewform?embedded=true\" width=\"1024\" height=\"1500\" frameborder=\"0\" marginheight=\"0\" marginwidth=\"0\">Bet\u00f6lt\u00e9s\u2026<\/iframe><p>\n\n ","protected":false},"excerpt":{"rendered":"<p>\u00c9LED? Az idei Szent Gell\u00e9rt nap t\u00e9m\u00e1ja a k\u00fcldet\u00e9sr\u0151l sz\u00f3l. Isten Mindannyiunknak feladatot sz\u00e1nt, k\u00fcldet\u00e9s\u00fcnk van. Ott ahol \u00e9lek. Most tal\u00e1lkozhatunk olyan fiatalokkal, akik sz\u00edvvel, \u00f6r\u00f6mmel szolg\u00e1lnak \u00e9s megtal\u00e1lt\u00e1k hely\u00fcket az Egyh\u00e1zban. Feladatot, \u00e1ldozatot, szolg\u00e1latokat v\u00e1llalnak, de Mi\u00e9rt is? Az \u0151 szem\u00e9lyes tan\u00fas\u00e1gt\u00e9tel\u00fck meger\u0151s\u00edthet \u00e9s b\u00e1tor\u00edthat minden fiatalt szem\u00e9lyes k\u00fcldet\u00e9s\u00e9nek meg\u00e9l\u00e9s\u00e9ben. \u00c9led az \u00f6r\u00f6met? \u00c9led&hellip; <br \/> <a class=\"read-more\" href=\"https:\/\/ipcszeged.hu\/index.php\/gellert-nap21\/\">Read more<\/a><\/p>\n","protected":false},"author":1,"featured_media":0,"parent":0,"menu_order":0,"comment_status":"closed","ping_status":"closed","template":"","meta":{"ngg_post_thumbnail":0,"footnotes":""},"class_list":["post-17521","page","type-page","status-publish","hentry"],"_links":{"self":[{"href":"https:\/\/ipcszeged.hu\/index.php\/wp-json\/wp\/v2\/pages\/17521","targetHints":{"allow":["GET"]}}],"collection":[{"href":"https:\/\/ipcszeged.hu\/index.php\/wp-json\/wp\/v2\/pages"}],"about":[{"href":"https:\/\/ipcszeged.hu\/index.php\/wp-json\/wp\/v2\/types\/page"}],"author":[{"embeddable":true,"href":"https:\/\/ipcszeged.hu\/index.php\/wp-json\/wp\/v2\/users\/1"}],"replies":[{"embeddable":true,"href":"https:\/\/ipcszeged.hu\/index.php\/wp-json\/wp\/v2\/comments?post=17521"}],"version-history":[{"count":1,"href":"https:\/\/ipcszeged.hu\/index.php\/wp-json\/wp\/v2\/pages\/17521\/revisions"}],"predecessor-version":[{"id":17522,"href":"https:\/\/ipcszeged.hu\/index.php\/wp-json\/wp\/v2\/pages\/17521\/revisions\/17522"}],"wp:attachment":[{"href":"https:\/\/ipcszeged.hu\/index.php\/wp-json\/wp\/v2\/media?parent=17521"}],"curies":[{"name":"wp","href":"https:\/\/api.w.org\/{rel}","templated":true}]}}