{"id":17411,"date":"2021-02-03T09:43:49","date_gmt":"2021-02-03T09:43:49","guid":{"rendered":"https:\/\/ipcszeged.hu\/?page_id=17411"},"modified":"2021-02-08T12:09:42","modified_gmt":"2021-02-08T12:09:42","slug":"hogyan-ultessem-el-az-ajandek-fat","status":"publish","type":"page","link":"https:\/\/ipcszeged.hu\/index.php\/hogyan-ultessem-el-az-ajandek-fat\/","title":{"rendered":"Hogyan \u00fcltessem el az aj\u00e1nd\u00e9k f\u00e1t?"},"content":{"rendered":"<h3 style=\"text-align: justify;\">Hogyan is kezdjek hozz\u00e1?<\/h3>\n<ol>\n<li style=\"text-align: justify;\">l\u00e9p\u00e9s: az \u00e9rtes\u00edt\u00e9st k\u00f6vet\u0151en vedd \u00e1t az aj\u00e1nd\u00e9k f\u00e1kat az \u00e1ltalad megjel\u00f6lt k\u00f6zponti oszt\u00f3helyen.<\/li>\n<li style=\"text-align: justify;\">l\u00e9p\u00e9s: n\u00e9zz sz\u00e9t a szersz\u00e1maid k\u00f6z\u00f6tt, igen \u00e1s\u00f3ra \u00e9s lap\u00e1tra biztosan sz\u00fcks\u00e9ged lesz, de egy gereblye is j\u00f3l j\u00f6het a folyamat v\u00e9g\u00e9n.<\/li>\n<li style=\"text-align: justify;\">l\u00e9p\u00e9s: az el\u0151re kiszemelt \u00e9s leegyeztetett helyen, &#8211; amely t\u00f6bbnyire napos \u00e9s t\u00e1panyag gazdag talajr\u00e9tegekkel rendelkezik \u2013 \u00e1ss egy akkora g\u00f6dr\u00f6t, amelyben k\u00e9nyelmesen elf\u00e9r a facsemete gy\u00f6k\u00e9rzete, \u00fagy, hogy az sehol nem t\u00f6rik meg. Ez sz\u00e1mokban gondolva kb 50-80 cm m\u00e9ly \u00e9s 50-60 cm sz\u00e9les \u00e1s\u00e1si fel\u00fcletet jelent a fa m\u00e9ret\u00e9t\u0151l f\u00fcgg\u0151en. Ahol kev\u00e9sb\u00e9 t\u00e1panyagd\u00fas a talaj, ott \u00e9rdemes t\u00e1pf\u00f6lddel kedvezni a facsemet\u00e9nknek.<\/li>\n<li style=\"text-align: justify;\">l\u00e9p\u00e9s: a facsemete el\u0151k\u00e9sz\u00edt\u00e9se \u00fcltet\u00e9shez: \u00e9rdemes a legvastagabb gy\u00f6keret kiszemelni \u00e9s annak v\u00e9g\u00e9b\u0151l 2-3 cm-t lev\u00e1gni egy \u00e9les metsz\u0151oll\u00f3val. Ne agg\u00f3dj ez a beavatkoz\u00e1s nem f\u00e1j a facsemet\u00e9nek \u00e9s \u00e1ltala a v\u00e1g\u00e1st k\u00f6vet\u0151en sok hajsz\u00e1l gy\u00f6keret fog n\u00f6veszteni, amely el\u0151seg\u00edti a n\u00f6veked\u00e9sben \u00e9s a t\u00e1panyagok felv\u00e9tel\u00e9ben.<\/li>\n<li style=\"text-align: justify;\">l\u00e9p\u00e9s: a facsemete elhelyez\u00e9se a g\u00f6d\u00f6rben, \u00e9rdemes egy r\u00e9sztvev\u0151t k\u00e9rni, hogy tartsa egy poz\u00edci\u00f3ban a f\u00e1t, am\u00edg a t\u00f6bbiek puha \u00e9s term\u00e9keny f\u00f6lddel betemetik a g\u00f6dr\u00f6t \u00e9s vele egy\u00fctt a facsemet\u00e9t is. \u00c9rdemes esetleg egy vastagabb g\u00e9ge cs\u00f6vet is elhelyezni a fa gy\u00f6ker\u00e9nek alj\u00e1t\u00f3l kezd\u0151d\u0151en a f\u00f6ldfelsz\u00edn ir\u00e1ny\u00e1ba, hogy a locsol\u00e1s igaz\u00e1n gazdas\u00e1gos legyen \u00e9s k\u00f6zvetlen\u00fcl a gy\u00f6k\u00e9rzet szintj\u00e9re ker\u00fclj\u00f6n a v\u00edz a k\u00e9s\u0151bbi gondoz\u00e1sok sor\u00e1n.<\/li>\n<li style=\"text-align: justify;\">l\u00e9p\u00e9s: miut\u00e1n elf\u00f6ldel\u00e9sre ker\u00fclt a facsemete \u00e9s esetlegesen a g\u00e9gecs\u0151 is, \u00e9rdemes kar\u00f3z\u00e1st alkalmazni, amely seg\u00edt a n\u00f6veked\u0151 f\u00e1nak a sz\u00e9llel \u00e9s egy\u00e9b k\u00f6rnyezeti hat\u00e1sokkal (mint p\u00e9ld\u00e1ul a focilabda ?) szemben ellen\u00e1ll\u00f3v\u00e1 v\u00e1lni. A kar\u00f3z\u00e1shoz lehet \u00fczletben v\u00e1s\u00e1rolt kar\u00f3kat is haszn\u00e1lni, de egy\u00e9b \u00faton szerzett fa kar\u00f3k is alkalmasak lehetnek.<\/li>\n<li style=\"text-align: justify;\">l\u00e9p\u00e9s: miut\u00e1n minden \u00fcltet\u00e9ssel kapcsolatos tev\u00e9kenys\u00e9get elv\u00e9geztetek, meg\u00f6nt\u00f6zt\u00e9tek \u00e9s ki is kar\u00f3zt\u00e1tok a f\u00e1t j\u00f6het a megeml\u00e9kez\u00e9s. Ahogy azt a felh\u00edv\u00e1sban is jelezt\u00fck \u00e9rdemes r\u00f6vid gondolatok mellett eml\u00e9kezni a Szeged-Csan\u00e1di Egyh\u00e1zmegye k\u00f6zel ezer\u00e9ves m\u00faltj\u00e1ra \u00e9s jelen\u00e9re, illetve im\u00e1dkozhattok az id\u00e9n megrendez\u00e9sre ker\u00fcl\u0151 NEK2020-\u00e9rt is.<\/li>\n<li style=\"text-align: justify;\">l\u00e9p\u00e9s: hogy ne csak Ti tudj\u00e1tok mit szimboliz\u00e1l az \u00e1ltalatok \u00fcltetett fa, \u00e9rdemes egy eml\u00e9kt\u00e1bl\u00e1t is elhelyezni. A t\u00e1bla elk\u00e9sz\u00edt\u00e9s\u00e9t a fant\u00e1zi\u00e1tokra \u00e9s kreativit\u00e1sotokra b\u00edzzuk, de ha gondolj\u00e1tok megosztjuk veletek, hogy mi mit \u00edrtunk a t\u00e1bl\u00e1nkra:<\/li>\n<\/ol>\n\n\n<figure class=\"wp-block-image size-large\"><img loading=\"lazy\" decoding=\"async\" width=\"1024\" height=\"768\" src=\"https:\/\/ipcszeged.hu\/wp-content\/uploads\/2021\/02\/Ezt-a-fat-egyhazmegyenk-alapitasanak-990.-evforduloja-alkalmabol-a-NEK2020-eveben-ultettek..jpg\" alt=\"\" class=\"wp-image-17430\" srcset=\"https:\/\/ipcszeged.hu\/wp-content\/uploads\/2021\/02\/Ezt-a-fat-egyhazmegyenk-alapitasanak-990.-evforduloja-alkalmabol-a-NEK2020-eveben-ultettek..jpg 1024w, https:\/\/ipcszeged.hu\/wp-content\/uploads\/2021\/02\/Ezt-a-fat-egyhazmegyenk-alapitasanak-990.-evforduloja-alkalmabol-a-NEK2020-eveben-ultettek.-300x225.jpg 300w, https:\/\/ipcszeged.hu\/wp-content\/uploads\/2021\/02\/Ezt-a-fat-egyhazmegyenk-alapitasanak-990.-evforduloja-alkalmabol-a-NEK2020-eveben-ultettek.-150x113.jpg 150w, https:\/\/ipcszeged.hu\/wp-content\/uploads\/2021\/02\/Ezt-a-fat-egyhazmegyenk-alapitasanak-990.-evforduloja-alkalmabol-a-NEK2020-eveben-ultettek.-768x576.jpg 768w\" sizes=\"auto, (max-width: 1024px) 100vw, 1024px\" \/><\/figure>\n ","protected":false},"excerpt":{"rendered":"<p>Hogyan is kezdjek hozz\u00e1? l\u00e9p\u00e9s: az \u00e9rtes\u00edt\u00e9st k\u00f6vet\u0151en vedd \u00e1t az aj\u00e1nd\u00e9k f\u00e1kat az \u00e1ltalad megjel\u00f6lt k\u00f6zponti oszt\u00f3helyen. l\u00e9p\u00e9s: n\u00e9zz sz\u00e9t a szersz\u00e1maid k\u00f6z\u00f6tt, igen \u00e1s\u00f3ra \u00e9s lap\u00e1tra biztosan sz\u00fcks\u00e9ged lesz, de egy gereblye is j\u00f3l j\u00f6het a folyamat v\u00e9g\u00e9n. l\u00e9p\u00e9s: az el\u0151re kiszemelt \u00e9s leegyeztetett helyen, &#8211; amely t\u00f6bbnyire napos \u00e9s t\u00e1panyag gazdag talajr\u00e9tegekkel&hellip; <br \/> <a class=\"read-more\" href=\"https:\/\/ipcszeged.hu\/index.php\/hogyan-ultessem-el-az-ajandek-fat\/\">Read more<\/a><\/p>\n","protected":false},"author":1,"featured_media":0,"parent":0,"menu_order":0,"comment_status":"closed","ping_status":"closed","template":"","meta":{"ngg_post_thumbnail":0,"footnotes":""},"class_list":["post-17411","page","type-page","status-publish","hentry"],"_links":{"self":[{"href":"https:\/\/ipcszeged.hu\/index.php\/wp-json\/wp\/v2\/pages\/17411","targetHints":{"allow":["GET"]}}],"collection":[{"href":"https:\/\/ipcszeged.hu\/index.php\/wp-json\/wp\/v2\/pages"}],"about":[{"href":"https:\/\/ipcszeged.hu\/index.php\/wp-json\/wp\/v2\/types\/page"}],"author":[{"embeddable":true,"href":"https:\/\/ipcszeged.hu\/index.php\/wp-json\/wp\/v2\/users\/1"}],"replies":[{"embeddable":true,"href":"https:\/\/ipcszeged.hu\/index.php\/wp-json\/wp\/v2\/comments?post=17411"}],"version-history":[{"count":2,"href":"https:\/\/ipcszeged.hu\/index.php\/wp-json\/wp\/v2\/pages\/17411\/revisions"}],"predecessor-version":[{"id":17431,"href":"https:\/\/ipcszeged.hu\/index.php\/wp-json\/wp\/v2\/pages\/17411\/revisions\/17431"}],"wp:attachment":[{"href":"https:\/\/ipcszeged.hu\/index.php\/wp-json\/wp\/v2\/media?parent=17411"}],"curies":[{"name":"wp","href":"https:\/\/api.w.org\/{rel}","templated":true}]}}