{"id":16610,"date":"2020-06-25T12:08:42","date_gmt":"2020-06-25T12:08:42","guid":{"rendered":"http:\/\/www.ipcszeged.hu\/?page_id=16610"},"modified":"2020-06-25T12:08:42","modified_gmt":"2020-06-25T12:08:42","slug":"tanulmanyutak","status":"publish","type":"page","link":"https:\/\/ipcszeged.hu\/index.php\/projektjeink\/transznacionalis-egyuttmukodesek-efop-5-2-2-17-2017-00126\/programok\/tanulmanyutak\/","title":{"rendered":"Tanulm\u00e1nyutak"},"content":{"rendered":"\n<p>A projekt sor\u00e1n 9 alkalommal megval\u00f3sult tanulm\u00e1nyutak besz\u00e1mol\u00f3i az al\u00e1bbi csatolm\u00e1nyokban \u00e9rhet\u0151ek el:<\/p>\n\n\n\n<div class=\"wp-block-file\"><a href=\"http:\/\/www.ipcszeged.hu\/wp-content\/uploads\/2020\/06\/tanulm\u00e1ny\u00fat-20180630.pdf\">tanulm\u00e1ny\u00fat 20180630<\/a><a href=\"http:\/\/www.ipcszeged.hu\/wp-content\/uploads\/2020\/06\/tanulm\u00e1ny\u00fat-20180630.pdf\" class=\"wp-block-file__button\" download>Let\u00f6lt\u00e9s<\/a><\/div>\n\n\n\n<div class=\"wp-block-file\"><a href=\"http:\/\/www.ipcszeged.hu\/wp-content\/uploads\/2020\/06\/tanulm\u00e1ny\u00fat20180703_05.pdf\">tanulm\u00e1ny\u00fat20180703_05<\/a><a href=\"http:\/\/www.ipcszeged.hu\/wp-content\/uploads\/2020\/06\/tanulm\u00e1ny\u00fat20180703_05.pdf\" class=\"wp-block-file__button\" download>Let\u00f6lt\u00e9s<\/a><\/div>\n\n\n\n<div class=\"wp-block-file\"><a href=\"http:\/\/www.ipcszeged.hu\/wp-content\/uploads\/2020\/06\/tanulm\u00e1ny\u00fat-20181027.pdf\">tanulm\u00e1ny\u00fat 20181027<\/a><a href=\"http:\/\/www.ipcszeged.hu\/wp-content\/uploads\/2020\/06\/tanulm\u00e1ny\u00fat-20181027.pdf\" class=\"wp-block-file__button\" download>Let\u00f6lt\u00e9s<\/a><\/div>\n\n\n\n<div class=\"wp-block-file\"><a href=\"http:\/\/www.ipcszeged.hu\/wp-content\/uploads\/2020\/06\/tanulm\u00e1ny\u00fat20190515_16.pdf\">tanulm\u00e1ny\u00fat20190515_16<\/a><a href=\"http:\/\/www.ipcszeged.hu\/wp-content\/uploads\/2020\/06\/tanulm\u00e1ny\u00fat20190515_16.pdf\" class=\"wp-block-file__button\" download>Let\u00f6lt\u00e9s<\/a><\/div>\n\n\n\n<div class=\"wp-block-file\"><a href=\"http:\/\/www.ipcszeged.hu\/wp-content\/uploads\/2020\/06\/tanulm\u00e1ny\u00fat20191120_21.pdf\">tanulm\u00e1ny\u00fat20191120_21<\/a><a href=\"http:\/\/www.ipcszeged.hu\/wp-content\/uploads\/2020\/06\/tanulm\u00e1ny\u00fat20191120_21.pdf\" class=\"wp-block-file__button\" download>Let\u00f6lt\u00e9s<\/a><\/div>\n\n\n\n<div class=\"wp-block-file\"><a href=\"http:\/\/www.ipcszeged.hu\/wp-content\/uploads\/2020\/06\/tanulm\u00e1ny\u00fat20191126_28.pdf\">tanulm\u00e1ny\u00fat20191126_28<\/a><a href=\"http:\/\/www.ipcszeged.hu\/wp-content\/uploads\/2020\/06\/tanulm\u00e1ny\u00fat20191126_28.pdf\" class=\"wp-block-file__button\" download>Let\u00f6lt\u00e9s<\/a><\/div>\n\n\n\n<div class=\"wp-block-file\"><a href=\"http:\/\/www.ipcszeged.hu\/wp-content\/uploads\/2020\/06\/tanulm\u00e1ny\u00fat20200123_25.pdf\">tanulm\u00e1ny\u00fat20200123_25<\/a><a href=\"http:\/\/www.ipcszeged.hu\/wp-content\/uploads\/2020\/06\/tanulm\u00e1ny\u00fat20200123_25.pdf\" class=\"wp-block-file__button\" download>Let\u00f6lt\u00e9s<\/a><\/div>\n\n\n\n<div class=\"wp-block-file\"><a href=\"http:\/\/www.ipcszeged.hu\/wp-content\/uploads\/2020\/06\/tanulm\u00e1ny\u00fat20200201.pdf\">tanulm\u00e1ny\u00fat20200201<\/a><a href=\"http:\/\/www.ipcszeged.hu\/wp-content\/uploads\/2020\/06\/tanulm\u00e1ny\u00fat20200201.pdf\" class=\"wp-block-file__button\" download>Let\u00f6lt\u00e9s<\/a><\/div>\n\n\n\n<div class=\"wp-block-file\"><a href=\"http:\/\/www.ipcszeged.hu\/wp-content\/uploads\/2020\/06\/tanulm\u00e1ny\u00fat20200225_27.pdf\">tanulm\u00e1ny\u00fat20200225_27<\/a><a href=\"http:\/\/www.ipcszeged.hu\/wp-content\/uploads\/2020\/06\/tanulm\u00e1ny\u00fat20200225_27.pdf\" class=\"wp-block-file__button\" download>Let\u00f6lt\u00e9s<\/a><\/div>\n ","protected":false},"excerpt":{"rendered":"<p>A projekt sor\u00e1n 9 alkalommal megval\u00f3sult tanulm\u00e1nyutak besz\u00e1mol\u00f3i az al\u00e1bbi csatolm\u00e1nyokban \u00e9rhet\u0151ek el:<\/p>\n","protected":false},"author":1,"featured_media":0,"parent":16589,"menu_order":1,"comment_status":"closed","ping_status":"closed","template":"","meta":{"ngg_post_thumbnail":0,"footnotes":""},"class_list":["post-16610","page","type-page","status-publish","hentry"],"_links":{"self":[{"href":"https:\/\/ipcszeged.hu\/index.php\/wp-json\/wp\/v2\/pages\/16610","targetHints":{"allow":["GET"]}}],"collection":[{"href":"https:\/\/ipcszeged.hu\/index.php\/wp-json\/wp\/v2\/pages"}],"about":[{"href":"https:\/\/ipcszeged.hu\/index.php\/wp-json\/wp\/v2\/types\/page"}],"author":[{"embeddable":true,"href":"https:\/\/ipcszeged.hu\/index.php\/wp-json\/wp\/v2\/users\/1"}],"replies":[{"embeddable":true,"href":"https:\/\/ipcszeged.hu\/index.php\/wp-json\/wp\/v2\/comments?post=16610"}],"version-history":[{"count":1,"href":"https:\/\/ipcszeged.hu\/index.php\/wp-json\/wp\/v2\/pages\/16610\/revisions"}],"predecessor-version":[{"id":16621,"href":"https:\/\/ipcszeged.hu\/index.php\/wp-json\/wp\/v2\/pages\/16610\/revisions\/16621"}],"up":[{"embeddable":true,"href":"https:\/\/ipcszeged.hu\/index.php\/wp-json\/wp\/v2\/pages\/16589"}],"wp:attachment":[{"href":"https:\/\/ipcszeged.hu\/index.php\/wp-json\/wp\/v2\/media?parent=16610"}],"curies":[{"name":"wp","href":"https:\/\/api.w.org\/{rel}","templated":true}]}}