{"id":16501,"date":"2020-04-28T10:24:51","date_gmt":"2020-04-28T10:24:51","guid":{"rendered":"http:\/\/www.ipcszeged.hu\/?page_id=16501"},"modified":"2020-04-28T16:40:46","modified_gmt":"2020-04-28T16:40:46","slug":"aszentszek-megnyilatkozasai-a-fiatalokkal-kapcsolatban-iii-resz","status":"publish","type":"page","link":"https:\/\/ipcszeged.hu\/index.php\/projektjeink\/transznacionalis-egyuttmukodesek-efop-5-2-2-17-2017-00126\/bejegyzesek\/aszentszek-megnyilatkozasai-a-fiatalokkal-kapcsolatban-iii-resz\/","title":{"rendered":"A Szentsz\u00e9k megnyilatkoz\u00e1sai a fiatalokkal kapcsolatban III. r\u00e9sz"},"content":{"rendered":"<h3 style=\"text-align: center;\">1.<\/h3>\n<p style=\"text-align: justify;\"><strong>Kirekesztetts\u00e9g \u00e9rz\u00e9se<\/strong><br \/>\nMint minden gener\u00e1ci\u00f3 eset\u00e9ben a fiatalok gener\u00e1ci\u00f3j\u00e1nak kirekesztetts\u00e9ge is k\u00e9t pill\u00e9ren nyugszik. Az egyik pill\u00e9rt maguk a fiatalok t\u00e1masztott\u00e1k azzal, hogy a b\u00e9rm\u00e1lkoz\u00e1sukat k\u00f6vet\u0151en sokan elt\u00e1volodnak az egyh\u00e1zt\u00f3l.\u00b9 \u00cdgy k\u00f6nnyelm\u0171en kijelenthetj\u00fck, hogy a fiatalok saj\u00e1t magukat rekesztik ki az egyh\u00e1z \u00e9s a t\u00e1rsadalom \u00e9let\u00e9b\u0151l. Pedig a probl\u00e9ma m\u00e9lyebben gy\u00f6kerezik. Ennek a v\u00e9gleges elt\u00e1volod\u00e1snak term\u00e9szetesen t\u00f6bb oka is lehet. Elk\u00e9pzelhet\u0151, hogy a fiataloknak ig\u00e9nyeire nem \u00fagy felel az egyh\u00e1z, hisz b\u00e9rm\u00e1lkoz\u00e1s ut\u00e1n feln\u0151ttk\u00e9nt tekint r\u00e1juk. De a szak\u00edt\u00e1snak hasonl\u00f3 oka lehet az \u00e9letk\u00f6r\u00fclm\u00e9nyek hirtelen v\u00e1ltoz\u00e1sa is, gondolok itt arra, hogy a fiatalok tanulm\u00e1nyaik miatt elker\u00fclnek egy m\u00e1sik sz\u00e1mukra idegen v\u00e1rosba. \u00cdgy gyakran a bar\u00e1ti k\u00f6rnyezet\u00fck is megv\u00e1ltozik. Sok fiatalban ott a keres\u00e9s ig\u00e9nye, de ez az ig\u00e9ny sajnos nem minden fiatalban van meg. Ahhoz, hogy egy serd\u00fcl\u0151 fiatal a megv\u00e1ltozott k\u00f6r\u00fclm\u00e9nyekhez azonnal \u00e9s teljes m\u00e9rt\u00e9kben alkalmazkodjon sz\u00fcks\u00e9ges egy bizonyos szem\u00e9lyis\u00e9g t\u00edpus. Illetve sok esetben nincsenek olyan pl\u00e9b\u00e1ni\u00e1khoz vagy egy\u00e1ltal\u00e1n az egyh\u00e1zhoz k\u00f6t\u0151d\u0151 ifj\u00fas\u00e1gi csoportok, amelyek &#8211; alkalmazkodva a k\u00f6z\u00e9piskol\u00e1sok id\u0151beoszt\u00e1s\u00e1hoz \u00e9s ig\u00e9nyeihez &#8211; sz\u00edvesen fogadn\u00e1k ezeket a keres\u0151 fiatalokat.<\/p>\n<p style=\"padding-left: 40px;\"><em>\u00b9 XVI. Benedek 2008. V\u00f6. T\u0151zs\u00e9r 2014:93.<\/em><\/p>\n<hr>\n<h3 style=\"text-align: center;\">2.<\/h3>\n<p style=\"text-align: justify;\"><strong>A bizalmatlans\u00e1g \u00e9s t\u00e1rsadalmi helyzet, mint a kireksztets\u00e9g egy lehets\u00e9ges oka<\/strong>&nbsp; &nbsp; &nbsp; &nbsp; &nbsp; Szint\u00e9n megfelel\u0151 okot szolg\u00e1ltat a fiatalok egyh\u00e1zt\u00f3l val\u00f3 elt\u00e1volod\u00e1s\u00e1hoz a bizalmatlans\u00e1g. Ez a bizalmatlans\u00e1g gyakran alapmagatart\u00e1ss\u00e1 v\u00e1lik az ifj\u00fas\u00e1g k\u00f6r\u00e9ben.\u00b9 Mindez term\u00e9szetesen szorosan \u00f6sszef\u00fcgg a fentebb eml\u00edtett okokkal \u00e9s azzal is, hogy nagyon gyakori egyh\u00e1zunkban az, hogy a pl\u00e9b\u00e1ni\u00e1kon nem foglalkoznak a fiatalok gener\u00e1ci\u00f3j\u00e1val.\u00b2<br \/>\nAz okok felsorol\u00e1s\u00e1b\u00f3l nem hagyhatjuk ki a mai t\u00e1rsadalmi helyzet felel\u0151ss\u00e9g\u00e9t sem. Az egyre nehezebb \u00e9letk\u00f6r\u00fclm\u00e9nyek \u00e9s f\u0151k\u00e9nt a munkan\u00e9lk\u00fclis\u00e9g jelens\u00e9ge egyre negat\u00edvabb\u00e1 \u00e9s rem\u00e9ny\u00e9t vesztett\u00e9 teszi a fiatalokat.\u00b3 A mai t\u00e1rsadalom szekulariz\u00e1lt int\u00e9zked\u00e9seinek k\u00f6vetkezm\u00e9nye az Egyh\u00e1zt\u00f3l \u00e9s vall\u00e1st\u00f3l val\u00f3 elt\u00e1volod\u00e1s.<\/p>\n<p style=\"padding-left: 40px;\"><em>\u00b9K\u00c1D 182.<\/em><br \/>\n<em>\u00b2Keszeli 2004:3.<\/em><br \/>\n<em>\u00b3T\u0151zs\u00e9r 2014:35.<\/em><\/p>\n<hr>\n<h3 style=\"text-align: center;\">3.<\/h3>\n<p style=\"text-align: justify;\"><strong>Az Egyh\u00e1z akt\u00edv tagj\u00e1v\u00e1 lenni<\/strong><br \/>\nA kirekesztetts\u00e9g elleni harcban nagy szerepet sz\u00e1n az Egyh\u00e1z &#8211; f\u0151k\u00e9nt a p\u00e1p\u00e1k \u00e1ltal &#8211; a fiatalok aktiviz\u00e1l\u00e1s\u00e1ra az egyh\u00e1zon bel\u00fcl. A p\u00e1pai megnyilatkoz\u00e1sok rem\u00e9nnyel telve sz\u00f3l\u00edtj\u00e1k meg a fiatalokat, hogy legyenek \u0151k maguk az Egyh\u00e1z.\u00b9 \u00cdgy az Egyh\u00e1z \u00f6nmag\u00e1t l\u00e1tja a fiatalok gener\u00e1ci\u00f3j\u00e1ban,\u00b2 ahogy a ChL is fogalmaz:<br \/>\n&#8220;<em>A fiatalokban l\u00e1tja ugyanis az Egyh\u00e1z az el\u0151tte \u00e1ll\u00f3, j\u00f6v\u0151be vezet\u0151 utat, \u00e9s benn\u00fck tal\u00e1lja meg a vid\u00e1m fiatals\u00e1g k\u00e9p\u00e9t \u00e9s a f\u00f6lh\u00edv\u00e1st, amellyel Krisztus Lelke \u00e1lland\u00f3an gazdag\u00edtja. A Zsinat ilyen \u00e9rtelemben mondta az ifj\u00fas\u00e1gr\u00f3l: &#8220;\u0150k az Egyh\u00e1z rem\u00e9nys\u00e9ge&#8221;.<\/em>&#8221; (ChL 46.)<br \/>\nXVI. Benedek megl\u00e1t\u00e1sa szerint &#8211; \u00e9s a kork\u00e9p szerint is &#8211; a fiatalokat lassan, de egyre m\u00e9lyebben \u00e1tj\u00e1rja a nihilizmus. Ezt meg\u00e1ll\u00edtand\u00f3, be kell vonni a fiatalokat az Egyh\u00e1z mindennapi \u00e9let\u00e9be.\u00b3 Itt ism\u00e9t felcsillan a kor\u00e1bban emlegetett felel\u0151ss\u00e9gtudata a fiataloknak. Ha gyakran b\u00edzzuk meg a fiatalokat feladatokkal, amelyeket r\u00e9szben k\u00f6nnyed\u00e9n r\u00e9szben pedig kih\u00edv\u00e1sk\u00e9nt \u00e9l meg, akkor a fiatal olyan er\u00e9nyeket \u00e9s \u00e9rt\u00e9keket tal\u00e1l meg, amelyek nagyban seg\u00edtik elk\u00f6telez\u0151d\u00e9s\u00e9t az Egyh\u00e1z \u00e9s a k\u00f6z\u00f6ss\u00e9gi hit\u00e9let ir\u00e1nt. Az els\u0151 l\u00e9p\u00e9s pedig a hitoktat\u00f3knak, a katek\u00e9t\u00e1knak, \u00f6nk\u00e9ntes \u00e9s fizetett munkat\u00e1rsaknak, illetve a kl\u00e9rusnak kell megtennie az\u00e1ltal, hogy megismertetik a fiatalokkal az Egyh\u00e1zat, mint bar\u00e1tot.\u2074 Nem szabad felsz\u00ednesnek lennie az Egyh\u00e1znak, amikor a fiatalokr\u00f3l esik sz\u00f3. Nem szabad \u00fagy tekinteni a fiatalokra, mint egy mozdulatlan passz\u00edv kateketikai t\u00e1rgyra, engedni kell, s\u0151t be kell vonni \u0151ket, hogy legyenek az Egyh\u00e1z akt\u00edv tagjai.\u2075 Mert az \u0151 kez\u00fckben is ott az evangeliz\u00e1l\u00e1shoz \u00e9s a t\u00e1rsadalmi meg\u00fajul\u00e1shoz sz\u00fcks\u00e9ges eszk\u00f6z. &#8220;Ti is megh\u00edv\u00e1st kaptatok, hogy &#8220;emberhal\u00e1szok&#8221; legyetek.&#8221;\u2076 Mind a mellett, hogy a fiatalok tele vannak energi\u00e1val, \u00e1lmokkal, tehets\u00e9ggel \u00e9s rem\u00e9nyekkel, &#8211; amelyet XVI. Benedek b\u0151ven \u00e1rad\u00f3 forr\u00e1soknak nevez\u2077 &#8211; olyan fiatalok sz\u00fcks\u00e9g\u00e9t jelzi a p\u00e1pa, akik engedik, hogy Isten szeretete l\u00e1ngoljon benn\u00fck.\u2078<\/p>\n<p style=\"padding-left: 40px; text-align: justify;\">\u00b9 <em>A jelenl\u00e9v\u0151 (ti. vil\u00e1gtal\u00e1lkoz\u00f3 r\u00e9sztvev\u0151i) fiatalokban l\u00e1tja a p\u00e1pa az Egyh\u00e1z k\u00e9p\u00e9t. Di\u00f3s 2008:17.<\/em><br \/>\n<em>\u00b2 DA 15.&nbsp; &nbsp; &nbsp; &nbsp; &nbsp; &nbsp; &nbsp; &nbsp; &nbsp; &nbsp; &nbsp; &nbsp; &nbsp; &nbsp; &nbsp; &nbsp; &nbsp; &nbsp; &nbsp; &nbsp; &nbsp; &nbsp; &nbsp; &nbsp; &nbsp; &nbsp; &nbsp; &nbsp; &nbsp; &nbsp; &nbsp; &nbsp; &nbsp; &nbsp; &nbsp; &nbsp; &nbsp; &nbsp; &nbsp; &nbsp; &nbsp; &nbsp; &nbsp; &nbsp; &nbsp; &nbsp; &nbsp; &nbsp; &nbsp; &nbsp; &nbsp; &nbsp; &nbsp; &nbsp; &nbsp; &nbsp; &nbsp; &nbsp; &nbsp; &nbsp; &nbsp; \u00b3 K\u00e1m\u00e1n 2014:4.<\/em><br \/>\n<em>\u2074 K\u00e1m\u00e1n 2014:13.<\/em><br \/>\n<em>\u2075 K\u00c1D 183.<\/em><br \/>\n<em>\u2076 T\u0151zs\u00e9r 2014:97.<\/em><br \/>\n<em>\u2077 XVI. Benedek 2010.<\/em><br \/>\n<em>\u2078 XVI. Benedek 2008.<\/em><\/p>\n<hr>\n<h3 style=\"text-align: center;\">4.<\/h3>\n<p style=\"text-align: justify;\"><strong>A P\u00e1p\u00e1k buzd\u00edt\u00e1sai \u00e9s k\u00e9r\u00e9sei a fiatalok fel\u00e9:&nbsp;<\/strong>&nbsp; &nbsp; &nbsp; &nbsp; &nbsp; &nbsp; &nbsp; &nbsp; &nbsp; &nbsp; &nbsp; &nbsp; &nbsp; &nbsp; &nbsp; &nbsp; &nbsp; &nbsp; &nbsp; &nbsp; &nbsp; &nbsp; &nbsp; &nbsp; &nbsp; &nbsp; &nbsp; &nbsp; &nbsp; &nbsp; &nbsp; &nbsp; &nbsp; &nbsp; A p\u00e1pai megnyilatkoz\u00e1sok sor\u00e1n megfigyelhet\u0151, hogy a p\u00e1p\u00e1k, mint koll\u00e9g\u00e1kat, mint bar\u00e1tokat sz\u00f3l\u00edtj\u00e1k meg a fiatalok gener\u00e1ci\u00f3j\u00e1t. Buzd\u00edt\u00e1sok \u00e9s k\u00e9r\u00e9sek \u00fatj\u00e1n szeretn\u00e9k lelkes\u00edteni az ifjakat. Erre sz\u00e1mos p\u00e9ld\u00e1t tal\u00e1lunk mind XVI. Benedek, mind pedig Ferenc p\u00e1p\u00e1n\u00e1l:<br \/>\n&#8220;Hajnalp\u00edr legyetek \u00e9s az evang\u00e9lium \u00faj tavasz\u00e1nak hirdet\u0151i legyetek. Az emberis\u00e9gnek sz\u00fcks\u00e9ge van szabad \u00e9s b\u00e1tor fiatalok tan\u00fas\u00e1gt\u00e9tel\u00e9re.&#8221;\u00b9<br \/>\n&#8220;Az \u00dar k\u00e9ri t\u0151letek, hogy legyetek az \u00faj kor pr\u00f3f\u00e9t\u00e1i. \u00c9p\u00edtsetek rem\u00e9nyteli j\u00f6v\u0151t az emberis\u00e9g sz\u00e1m\u00e1ra.&#8221;\u00b2<br \/>\n&#8220;J\u00f3l figyeljetek, kedves fiatalok: az \u00e1rral szemben haladni; ez j\u00f3t tesz a sz\u00edvnek, de b\u00e1tors\u00e1g kell ahhoz, hogy az \u00e1rral szemben haladjunk, \u0151 azonban megadja a b\u00e1tors\u00e1got ehhez.&#8221; \u00b3<br \/>\n&#8220;Kedves fiatalok, k\u00e9rlek titeket, ne a t\u00f6rt\u00e9nelem v\u00e9g\u00e9n kullogjatok. F\u0151szerepl\u0151k legyetek! Csat\u00e1rk\u00e9nt l\u00e9pjetek fel! [&#8230;] \u00c9p\u00edtsetek egy jobb vil\u00e1got, [&#8230;] J\u00e9zus egyh\u00e1z\u00e1ban mi vagyunk az \u00e9l\u0151 k\u00f6vek, \u00e9s J\u00e9zus azt k\u00e9ri t\u0151l\u00fcnk, hogy \u00e9p\u00edts\u00fck fel az \u0151 egyh\u00e1z\u00e1t [&#8230;] K\u00e9rlek titeket, ne engedj\u00e9tek, hogy m\u00e1sok legyenek a v\u00e1ltoz\u00e1s f\u0151szerepl\u0151i! Ti! Rajtatok kereszt\u00fcl l\u00e9p be a j\u00f6v\u0151 a vil\u00e1gba. K\u00e9rlek titeket, legyetek az \u00e1talakul\u00e1s f\u0151szerepl\u0151i. [&#8230;] Kedves bar\u00e1taim, ne felejts\u00e9tek el: A hit &#8220;campusa, a hit sz\u00e1nt\u00f3f\u00f6ldje, edz\u0151p\u00e1ly\u00e1ja \u00e9s \u00e9p\u00edt\u00e9si ter\u00fclete vagytok.&#8221;\u2074<\/p>\n<p style=\"padding-left: 40px; text-align: justify;\">\u00b9<em> II. J\u00e1nos P\u00e1l 2003.<\/em><br \/>\n<em>\u00b2 Di\u00f3s 2008:54.<\/em><br \/>\n<em>\u00b3 T\u0151zs\u00e9r 2014:27. V\u00f6. T\u0151zs\u00e9r 2014:80, 89.<\/em><br \/>\n<em>\u2074 T\u0151zs\u00e9r 2014:65-67<\/em>.<\/p>\n<hr>\n<h3 style=\"text-align: center;\">5.<\/h3>\n<p style=\"text-align: justify;\"><strong>Az \u00darnak sz\u00fcks\u00e9ge van r\u00e1tok<\/strong>:&nbsp; &nbsp; &nbsp; &nbsp; &nbsp; &nbsp; &nbsp; &nbsp; &nbsp; &nbsp; &nbsp; &nbsp; &nbsp; &nbsp; &nbsp; &nbsp; &nbsp; &nbsp; &nbsp; &nbsp; &nbsp; &nbsp; &nbsp; &nbsp; &nbsp; &nbsp; &nbsp; &nbsp; &nbsp; &nbsp; &nbsp; &nbsp; &nbsp; &nbsp; &nbsp; &nbsp; &nbsp; &nbsp; &nbsp; &nbsp; XVI.Benedek \u00e9s Ferenc p\u00e1pa is t\u00f6bb szempontot ad egy tervhez, amellyel a fiatalokat akt\u00edvabban be lehetne kapcsolni az Egyh\u00e1z mindennapi \u00e9let\u00e9be. El\u0151sz\u00f6r is ism\u00e9t meg kell eml\u00edteni azt, hogy az Egyh\u00e1zat, mint bar\u00e1tot kell megismertetni, megtapasztaltatni a fiatalokkal. Ez az els\u0151dleges \u00e9s legfontosabb l\u00e9p\u00e9s. Emellett nagyon jelent\u0151s szempont az is, hogy er\u0151s\u00edteni \u00e9s t\u00e1mogatni kell a fiatal k\u00f6z\u00f6ss\u00e9gek, mozgalmak \u00e9s csoportosul\u00e1sok aktivit\u00e1s\u00e1t az Egyh\u00e1z mindennapjaiban.\u00b9 Ez megfiatal\u00edtan\u00e1 az egyh\u00e1zat \u00e9s valamelyest vonz\u00f3bb\u00e1 tenn\u00e9 a fiatal gener\u00e1ci\u00f3k sz\u00e1m\u00e1ra (nem csak a fiatalok gener\u00e1ci\u00f3j\u00e1r\u00f3l van itt sz\u00f3, hanem a gyermekek\u00e9r\u0151l is). Napjainkban az \u00f6nk\u00e9ntess\u00e9gnek \u00e9s a szolidarit\u00e1snak egyre nagyobb hangs\u00falya van f\u0151k\u00e9nt a fiatalok tenni v\u00e1gy\u00f3 gener\u00e1ci\u00f3j\u00e1nak k\u00f6r\u00e9ben. Ezt az EG. el\u0151rel\u00e9p\u00e9snek nevezi, illetve egy olyan esem\u00e9nynek, amely \u00f6n\u00e1ll\u00f3bb szerepet adhat a fiataloknak.\u00b2 Ferenc p\u00e1pa ebben a k\u00e9rd\u00e9sben kisebb ter\u00fcletben gondolkodik. Szeretn\u00e9, ha a fiatalok megkeresn\u00e9k saj\u00e1t egyh\u00e1zmegy\u00e9iket \u00e9s ott hallatn\u00e1k hangjukat.\u00b3 A fiataloknak el\u0151t\u00e9rbe kell ker\u00fclni\u00fck \u00e9s a fogad\u00f3int\u00e9zm\u00e9nyeknek, mint a pl\u00e9b\u00e1ni\u00e1knak, katolikus iskol\u00e1knak nyitniuk kell a fiatalok azaz a vil\u00e1g fel\u00e9, k\u00fcl\u00f6nben egyszer\u0171 civilszervezetekk\u00e9 v\u00e1lnak \u00e9s elvesztik lelkis\u00e9g\u00fcket.<br \/>\nTeh\u00e1t ahogy azt XVI. Benedek p\u00e1pa is megfogalmazza: &#8220;A fiatalok magukban hordozz\u00e1k J\u00e9zus Lelk\u00e9t. Ez\u00e9rt az emberis\u00e9g \u00e9s az egyh\u00e1z is sokat v\u00e1r a fiatalokt\u00f3l. Az \u00dar Lelke egy \u00faj P\u00fcnk\u00f6sd\u00f6t akar elhozni a fiatalok \u00e1ltal.&#8221;\u2074 A fiatalokra sz\u00fcks\u00e9ge van az emberis\u00e9gnek \u00e9s az Egyh\u00e1znak is egyar\u00e1nt, mert mind a k\u00e9t egys\u00e9gnek a j\u00f6v\u0151j\u00e9t jelentik a fiatalok. Ferenc p\u00e1pa tov\u00e1bb f\u0171zve ezt a gondolatmenetet azt mondja, hogy &#8220;Az \u00darnak sz\u00fcks\u00e9ge van r\u00e1tok.&#8221;\u2075 (ti. fiatalokra).<\/p>\n<p>\u00b9 EG. 105.<br \/>\n\u00b2 EG 106.<br \/>\n\u00b3 T\u0151zs\u00e9r:35.&nbsp; &nbsp; &nbsp; &nbsp; &nbsp; &nbsp; &nbsp; &nbsp; &nbsp; &nbsp; &nbsp; &nbsp; &nbsp; &nbsp; &nbsp; &nbsp; &nbsp; &nbsp; &nbsp; &nbsp; &nbsp; &nbsp; &nbsp; &nbsp; &nbsp; &nbsp; &nbsp; &nbsp; &nbsp; &nbsp; &nbsp; &nbsp; &nbsp; &nbsp; &nbsp; &nbsp; &nbsp; &nbsp; &nbsp; &nbsp; &nbsp; &nbsp; &nbsp; &nbsp; &nbsp; &nbsp; &nbsp; &nbsp; &nbsp; &nbsp; &nbsp; &nbsp; &nbsp; &nbsp; &nbsp; &nbsp; &nbsp; &nbsp; &nbsp; &nbsp; &nbsp; \u2074&nbsp;XVI. Benedek 2008.<br \/>\n\u2075 T\u0151zs\u00e9r 2014:59.&nbsp;<\/p>\n ","protected":false},"excerpt":{"rendered":"<p>1. Kirekesztetts\u00e9g \u00e9rz\u00e9se Mint minden gener\u00e1ci\u00f3 eset\u00e9ben a fiatalok gener\u00e1ci\u00f3j\u00e1nak kirekesztetts\u00e9ge is k\u00e9t pill\u00e9ren nyugszik. Az egyik pill\u00e9rt maguk a fiatalok t\u00e1masztott\u00e1k azzal, hogy a b\u00e9rm\u00e1lkoz\u00e1sukat k\u00f6vet\u0151en sokan elt\u00e1volodnak az egyh\u00e1zt\u00f3l.\u00b9 \u00cdgy k\u00f6nnyelm\u0171en kijelenthetj\u00fck, hogy a fiatalok saj\u00e1t magukat rekesztik ki az egyh\u00e1z \u00e9s a t\u00e1rsadalom \u00e9let\u00e9b\u0151l. Pedig a probl\u00e9ma m\u00e9lyebben gy\u00f6kerezik. Ennek a v\u00e9gleges&hellip; <br \/> <a class=\"read-more\" href=\"https:\/\/ipcszeged.hu\/index.php\/projektjeink\/transznacionalis-egyuttmukodesek-efop-5-2-2-17-2017-00126\/bejegyzesek\/aszentszek-megnyilatkozasai-a-fiatalokkal-kapcsolatban-iii-resz\/\">Read more<\/a><\/p>\n","protected":false},"author":1,"featured_media":0,"parent":16477,"menu_order":6,"comment_status":"closed","ping_status":"closed","template":"","meta":{"ngg_post_thumbnail":0,"footnotes":""},"class_list":["post-16501","page","type-page","status-publish","hentry"],"_links":{"self":[{"href":"https:\/\/ipcszeged.hu\/index.php\/wp-json\/wp\/v2\/pages\/16501","targetHints":{"allow":["GET"]}}],"collection":[{"href":"https:\/\/ipcszeged.hu\/index.php\/wp-json\/wp\/v2\/pages"}],"about":[{"href":"https:\/\/ipcszeged.hu\/index.php\/wp-json\/wp\/v2\/types\/page"}],"author":[{"embeddable":true,"href":"https:\/\/ipcszeged.hu\/index.php\/wp-json\/wp\/v2\/users\/1"}],"replies":[{"embeddable":true,"href":"https:\/\/ipcszeged.hu\/index.php\/wp-json\/wp\/v2\/comments?post=16501"}],"version-history":[{"count":3,"href":"https:\/\/ipcszeged.hu\/index.php\/wp-json\/wp\/v2\/pages\/16501\/revisions"}],"predecessor-version":[{"id":16506,"href":"https:\/\/ipcszeged.hu\/index.php\/wp-json\/wp\/v2\/pages\/16501\/revisions\/16506"}],"up":[{"embeddable":true,"href":"https:\/\/ipcszeged.hu\/index.php\/wp-json\/wp\/v2\/pages\/16477"}],"wp:attachment":[{"href":"https:\/\/ipcszeged.hu\/index.php\/wp-json\/wp\/v2\/media?parent=16501"}],"curies":[{"name":"wp","href":"https:\/\/api.w.org\/{rel}","templated":true}]}}