{"id":16462,"date":"2020-04-14T17:37:36","date_gmt":"2020-04-14T17:37:36","guid":{"rendered":"http:\/\/www.ipcszeged.hu\/?page_id=16462"},"modified":"2022-10-20T09:27:00","modified_gmt":"2022-10-20T08:27:00","slug":"kutatasi-zarojelentes","status":"publish","type":"page","link":"https:\/\/ipcszeged.hu\/index.php\/projektjeink\/transznacionalis-egyuttmukodesek-efop-5-2-2-17-2017-00126\/ifjusagpasztoracios-kutatasa\/kutatasi-zarojelentes\/","title":{"rendered":"Kutat\u00e1si Z\u00e1r\u00f3jelent\u00e9s"},"content":{"rendered":"<p>A Kutat\u00e1si Z\u00e1r\u00f3jelent\u00e9s teljes eg\u00e9sze al\u00e1bb olvashat\u00f3 lapozhat\u00f3 PDF form\u00e1tumban.<\/p>\n<p>Amennyiben a weboldal nem t\u00f6lt\u0151dik be megfelel\u0151en, vagy a lasabb kapcsolati sebess\u00e9g miatt nem jelenik meg megfelel\u0151en a lapozhat\u00f3 PDF dokumentum, abban az esetben a Z\u00e1r\u00f3jelent\u00e9s anyaga let\u00f6lthet\u0151 PDF form\u00e1tumban is hozz\u00e1f\u00e9rhet\u0151: <a href=\"http:\/\/www.ipcszeged.hu\/wp-content\/uploads\/2020\/04\/Ifj\u00fas\u00e1gpolitikai_kutat\u00e1s_kutat\u00e1si_z\u00e1r\u00f3jelent\u00e9s_final_20200219.pdf\">Ifj\u00fas\u00e1gpasztor\u00e1ci\u00f3s_kutat\u00e1s_z\u00e1r\u00f3jelent\u00e9s_szegedcsan\u00e1d_20200219<\/a><\/p>\n<div class=\"_3d-flip-book  fb3d-fullscreen-mode full-size\" data-id=\"17973\" data-mode=\"fullscreen\" data-title=\"false\" data-template=\"short-white-book-view\" data-lightbox=\"dark-shadow\" data-urlparam=\"fb3d-page\" data-page-n=\"0\" data-pdf=\"\" data-tax=\"null\" data-thumbnail=\"\" data-cols=\"3\" data-book-template=\"default\" data-trigger=\"\"><\/div><script type=\"text\/javascript\">window.FB3D_CLIENT_DATA = window.FB3D_CLIENT_DATA || [];FB3D_CLIENT_DATA.push('eyJwb3N0cyI6eyIxNzk3MyI6eyJJRCI6MTc5NzMsInRpdGxlIjoiSWpcdTAwZmFzXHUwMGUxZ3Bhc3p0b3JcdTAwZTFjaVx1MDBmM3MgS3V0YXRcdTAwZTFzIC0gS3V0YXRcdTAwZTFzaSBaXHUwMGUxclx1MDBmM2plbGVudFx1MDBlOXMiLCJ0eXBlIjoicGRmIiwicmVhZHlfZnVuY3Rpb24iOiIiLCJib29rX3N0eWxlIjoiZmxhdCIsImJvb2tfdGVtcGxhdGUiOiJub25lIiwib3V0bGluZSI6W10sImRhdGEiOnsicG9zdF9JRCI6IjE2NDY0IiwiZ3VpZCI6Imh0dHBzOlwvXC9pcGNzemVnZWQuaHVcL3dwLWNvbnRlbnRcL3VwbG9hZHNcLzIwMjBcLzA0XC9JZmpcdTAwZmFzXHUwMGUxZ3BvbGl0aWthaV9rdXRhdFx1MDBlMXNfa3V0YXRcdTAwZTFzaV96XHUwMGUxclx1MDBmM2plbGVudFx1MDBlOXNfZmluYWxfMjAyMDAyMTkucGRmIiwicGRmX3BhZ2VzIjoiMTQ0IiwicGFnZXNfY3VzdG9taXphdGlvbiI6Im5vbmUifSwidGh1bWJuYWlsIjp7ImRhdGEiOnsicG9zdF9JRCI6IjAifSwidHlwZSI6ImF1dG8ifSwicHJvcHMiOnsiY2FjaGVkUGFnZXMiOiJhdXRvIiwicmVuZGVySW5hY3RpdmVQYWdlcyI6ImF1dG8iLCJyZW5kZXJJbmFjdGl2ZVBhZ2VzT25Nb2JpbGUiOiJhdXRvIiwicmVuZGVyV2hpbGVGbGlwcGluZyI6ImF1dG8iLCJwcmVsb2FkUGFnZXMiOiJhdXRvIiwicnRsIjoiYXV0byIsImludGVyYWN0aXZlQ29ybmVycyI6ImF1dG8iLCJzaGVldCI6eyJzdGFydFZlbG9jaXR5IjoiYXV0byIsIndhdmUiOiJhdXRvIiwic2hhcGUiOiJhdXRvIiwid2lkdGhUZXhlbHMiOiJhdXRvIiwiY29sb3IiOiJhdXRvIiwic2lkZSI6ImF1dG8iLCJjb3JuZXJEZXZpYXRpb24iOiJhdXRvIiwiZmxleGliaWxpdHkiOiJhdXRvIiwiZmxleGlibGVDb3JuZXIiOiJhdXRvIiwiYmVuZGluZyI6ImF1dG8iLCJoZWlnaHRUZXhlbHMiOiJhdXRvIn0sImNvdmVyIjp7IndhdmUiOiJhdXRvIiwiY29sb3IiOiJhdXRvIiwiYmluZGVyVGV4dHVyZSI6ImF1dG8iLCJkZXB0aCI6ImF1dG8iLCJwYWRkaW5nIjoiYXV0byIsInN0YXJ0VmVsb2NpdHkiOiJhdXRvIiwiZmxleGliaWxpdHkiOiJhdXRvIiwiZmxleGlibGVDb3JuZXIiOiJhdXRvIiwiYmVuZGluZyI6ImF1dG8iLCJ3aWR0aFRleGVscyI6ImF1dG8iLCJoZWlnaHRUZXhlbHMiOiJhdXRvIiwibWFzcyI6ImF1dG8iLCJzaWRlIjoiYXV0byIsInNoYXBlIjoiYXV0byJ9LCJwYWdlIjp7IndhdmUiOiJhdXRvIiwiY29sb3IiOiJhdXRvIiwiZGVwdGgiOiJhdXRvIiwic3RhcnRWZWxvY2l0eSI6ImF1dG8iLCJmbGV4aWJpbGl0eSI6ImF1dG8iLCJmbGV4aWJsZUNvcm5lciI6ImF1dG8iLCJiZW5kaW5nIjoiYXV0byIsIndpZHRoVGV4ZWxzIjoiYXV0byIsImhlaWdodFRleGVscyI6ImF1dG8iLCJtYXNzIjoiYXV0byIsInNpZGUiOiJhdXRvIiwic2hhcGUiOiJhdXRvIn0sImhlaWdodCI6ImF1dG8iLCJ3aWR0aCI6ImF1dG8iLCJncmF2aXR5IjoiYXV0byIsInBhZ2VzRm9yUHJlZGljdGluZyI6ImF1dG8ifSwiY29udHJvbFByb3BzIjp7ImFjdGlvbnMiOnsiY21kU2F2ZSI6eyJlbmFibGVkIjoiYXV0byIsImVuYWJsZWRJbk5hcnJvdyI6ImF1dG8ifSwiY21kUHJpbnQiOnsiZW5hYmxlZCI6ImF1dG8iLCJlbmFibGVkSW5OYXJyb3ciOiJhdXRvIn0sImNtZFNpbmdsZVBhZ2UiOnsiZW5hYmxlZCI6ImF1dG8iLCJlbmFibGVkSW5OYXJyb3ciOiJhdXRvIiwiYWN0aXZlIjoiYXV0byIsImFjdGl2ZUZvck1vYmlsZSI6ImF1dG8ifX19LCJhdXRvVGh1bWJuYWlsIjoiaHR0cHM6XC9cL2lwY3N6ZWdlZC5odVwvd3AtY29udGVudFwvdXBsb2Fkc1wvM2QtZmxpcC1ib29rXC9hdXRvLXRodW1ibmFpbHNcLzE3OTczLnBuZyIsInBvc3RfbmFtZSI6ImlqdXNhZ3Bhc3p0b3JhY2lvcy1rdXRhdGFzLWt1dGF0YXNpLXphcm9qZWxlbnRlcyIsInBvc3RfdHlwZSI6IjNkLWZsaXAtYm9vayJ9fSwicGFnZXMiOltdLCJmaXJzdFBhZ2VzIjpbXX0=');window.FB3D_CLIENT_LOCALE && FB3D_CLIENT_LOCALE.render && FB3D_CLIENT_LOCALE.render();<\/script>\n ","protected":false},"excerpt":{"rendered":"<p>A Kutat\u00e1si Z\u00e1r\u00f3jelent\u00e9s teljes eg\u00e9sze al\u00e1bb olvashat\u00f3 lapozhat\u00f3 PDF form\u00e1tumban. Amennyiben a weboldal nem t\u00f6lt\u0151dik be megfelel\u0151en, vagy a lasabb kapcsolati sebess\u00e9g miatt nem jelenik meg megfelel\u0151en a lapozhat\u00f3 PDF dokumentum, abban az esetben a Z\u00e1r\u00f3jelent\u00e9s anyaga let\u00f6lthet\u0151 PDF form\u00e1tumban is hozz\u00e1f\u00e9rhet\u0151: Ifj\u00fas\u00e1gpasztor\u00e1ci\u00f3s_kutat\u00e1s_z\u00e1r\u00f3jelent\u00e9s_szegedcsan\u00e1d_20200219<\/p>\n","protected":false},"author":1,"featured_media":0,"parent":16459,"menu_order":0,"comment_status":"closed","ping_status":"closed","template":"","meta":{"ngg_post_thumbnail":0,"footnotes":""},"class_list":["post-16462","page","type-page","status-publish","hentry"],"_links":{"self":[{"href":"https:\/\/ipcszeged.hu\/index.php\/wp-json\/wp\/v2\/pages\/16462","targetHints":{"allow":["GET"]}}],"collection":[{"href":"https:\/\/ipcszeged.hu\/index.php\/wp-json\/wp\/v2\/pages"}],"about":[{"href":"https:\/\/ipcszeged.hu\/index.php\/wp-json\/wp\/v2\/types\/page"}],"author":[{"embeddable":true,"href":"https:\/\/ipcszeged.hu\/index.php\/wp-json\/wp\/v2\/users\/1"}],"replies":[{"embeddable":true,"href":"https:\/\/ipcszeged.hu\/index.php\/wp-json\/wp\/v2\/comments?post=16462"}],"version-history":[{"count":3,"href":"https:\/\/ipcszeged.hu\/index.php\/wp-json\/wp\/v2\/pages\/16462\/revisions"}],"predecessor-version":[{"id":17977,"href":"https:\/\/ipcszeged.hu\/index.php\/wp-json\/wp\/v2\/pages\/16462\/revisions\/17977"}],"up":[{"embeddable":true,"href":"https:\/\/ipcszeged.hu\/index.php\/wp-json\/wp\/v2\/pages\/16459"}],"wp:attachment":[{"href":"https:\/\/ipcszeged.hu\/index.php\/wp-json\/wp\/v2\/media?parent=16462"}],"curies":[{"name":"wp","href":"https:\/\/api.w.org\/{rel}","templated":true}]}}