{"id":16386,"date":"2019-10-26T19:29:37","date_gmt":"2019-10-26T19:29:37","guid":{"rendered":"http:\/\/www.ipcszeged.hu\/?page_id=16386"},"modified":"2019-10-26T19:29:39","modified_gmt":"2019-10-26T19:29:39","slug":"mediarol-fiataloknak","status":"publish","type":"page","link":"https:\/\/ipcszeged.hu\/index.php\/projektjeink\/transznacionalis-egyuttmukodesek-efop-5-2-2-17-2017-00126\/mediarol-fiataloknak\/","title":{"rendered":"M\u00e9di\u00e1r\u00f3l Fiataloknak"},"content":{"rendered":"\n<figure class=\"wp-block-image\"><img loading=\"lazy\" decoding=\"async\" width=\"2171\" height=\"3072\" src=\"http:\/\/www.ipcszeged.hu\/wp-content\/uploads\/2019\/10\/M\u00e9dia-m\u0171hely-Transznac-page-001-2171x3072.jpg\" alt=\"\" class=\"wp-image-16387\" srcset=\"https:\/\/ipcszeged.hu\/wp-content\/uploads\/2019\/10\/M\u00e9dia-m\u0171hely-Transznac-page-001-2171x3072.jpg 2171w, https:\/\/ipcszeged.hu\/wp-content\/uploads\/2019\/10\/M\u00e9dia-m\u0171hely-Transznac-page-001-106x150.jpg 106w, https:\/\/ipcszeged.hu\/wp-content\/uploads\/2019\/10\/M\u00e9dia-m\u0171hely-Transznac-page-001-212x300.jpg 212w, https:\/\/ipcszeged.hu\/wp-content\/uploads\/2019\/10\/M\u00e9dia-m\u0171hely-Transznac-page-001-768x1087.jpg 768w, https:\/\/ipcszeged.hu\/wp-content\/uploads\/2019\/10\/M\u00e9dia-m\u0171hely-Transznac-page-001-1024x1449.jpg 1024w, https:\/\/ipcszeged.hu\/wp-content\/uploads\/2019\/10\/M\u00e9dia-m\u0171hely-Transznac-page-001-763x1080.jpg 763w\" sizes=\"auto, (max-width: 2171px) 100vw, 2171px\" \/><\/figure>\n\n\n<h3 style=\"text-align: center;\">Regisztr\u00e1lj m\u00e9g ma!&nbsp;<br><a href=\"https:\/\/forms.gle\/Mrq5CjMWNr2xuE4M9\">Amennyiben k\u00fcl\u00f6n lapon szeretn\u00e9d kit\u00f6lteni a regisztr\u00e1ci\u00f3s fel\u00fcletet Kattints IDE!<\/a><\/h3> ","protected":false},"excerpt":{"rendered":"<p>Regisztr\u00e1lj m\u00e9g ma!&nbsp;Amennyiben k\u00fcl\u00f6n lapon szeretn\u00e9d kit\u00f6lteni a regisztr\u00e1ci\u00f3s fel\u00fcletet Kattints IDE!<\/p>\n","protected":false},"author":1,"featured_media":0,"parent":14643,"menu_order":0,"comment_status":"closed","ping_status":"closed","template":"","meta":{"ngg_post_thumbnail":0,"footnotes":""},"class_list":["post-16386","page","type-page","status-publish","hentry"],"_links":{"self":[{"href":"https:\/\/ipcszeged.hu\/index.php\/wp-json\/wp\/v2\/pages\/16386","targetHints":{"allow":["GET"]}}],"collection":[{"href":"https:\/\/ipcszeged.hu\/index.php\/wp-json\/wp\/v2\/pages"}],"about":[{"href":"https:\/\/ipcszeged.hu\/index.php\/wp-json\/wp\/v2\/types\/page"}],"author":[{"embeddable":true,"href":"https:\/\/ipcszeged.hu\/index.php\/wp-json\/wp\/v2\/users\/1"}],"replies":[{"embeddable":true,"href":"https:\/\/ipcszeged.hu\/index.php\/wp-json\/wp\/v2\/comments?post=16386"}],"version-history":[{"count":1,"href":"https:\/\/ipcszeged.hu\/index.php\/wp-json\/wp\/v2\/pages\/16386\/revisions"}],"predecessor-version":[{"id":16388,"href":"https:\/\/ipcszeged.hu\/index.php\/wp-json\/wp\/v2\/pages\/16386\/revisions\/16388"}],"up":[{"embeddable":true,"href":"https:\/\/ipcszeged.hu\/index.php\/wp-json\/wp\/v2\/pages\/14643"}],"wp:attachment":[{"href":"https:\/\/ipcszeged.hu\/index.php\/wp-json\/wp\/v2\/media?parent=16386"}],"curies":[{"name":"wp","href":"https:\/\/api.w.org\/{rel}","templated":true}]}}