{"id":14655,"date":"2018-11-09T12:45:03","date_gmt":"2018-11-09T12:45:03","guid":{"rendered":"http:\/\/www.ipcszeged.hu\/?page_id=14655"},"modified":"2020-08-19T11:53:55","modified_gmt":"2020-08-19T11:53:55","slug":"ifjusagi-kozossegek","status":"publish","type":"page","link":"https:\/\/ipcszeged.hu\/index.php\/fiatalokrol-fiataloknak\/ifjusagi-kozossegek\/","title":{"rendered":"Ifj\u00fas\u00e1gi K\u00f6z\u00f6ss\u00e9gek"},"content":{"rendered":"<p><a href=\"http:\/\/www.ipcszeged.hu\/index.php\/ifjusagi-kozossegek\/dsc_0534\/\" rel=\"attachment wp-att-14772\"><img loading=\"lazy\" decoding=\"async\" class=\"aligncenter size-full wp-image-14772\" src=\"http:\/\/www.ipcszeged.hu\/wp-content\/uploads\/2018\/11\/DSC_0534.jpg\" alt=\"\" width=\"6000\" height=\"4000\" srcset=\"https:\/\/ipcszeged.hu\/wp-content\/uploads\/2018\/11\/DSC_0534.jpg 6000w, https:\/\/ipcszeged.hu\/wp-content\/uploads\/2018\/11\/DSC_0534-150x100.jpg 150w, https:\/\/ipcszeged.hu\/wp-content\/uploads\/2018\/11\/DSC_0534-300x200.jpg 300w, https:\/\/ipcszeged.hu\/wp-content\/uploads\/2018\/11\/DSC_0534-768x512.jpg 768w, https:\/\/ipcszeged.hu\/wp-content\/uploads\/2018\/11\/DSC_0534-1024x683.jpg 1024w, https:\/\/ipcszeged.hu\/wp-content\/uploads\/2018\/11\/DSC_0534-1620x1080.jpg 1620w\" sizes=\"auto, (max-width: 6000px) 100vw, 6000px\" \/><\/a> <a href=\"http:\/\/www.ipcszeged.hu\/index.php\/ifjusagi-kozossegek\/dsc_0558\/\" rel=\"attachment wp-att-14774\"><img loading=\"lazy\" decoding=\"async\" class=\"aligncenter size-full wp-image-14774\" src=\"http:\/\/www.ipcszeged.hu\/wp-content\/uploads\/2018\/11\/DSC_0558.jpg\" alt=\"\" width=\"6000\" height=\"4000\" srcset=\"https:\/\/ipcszeged.hu\/wp-content\/uploads\/2018\/11\/DSC_0558.jpg 6000w, https:\/\/ipcszeged.hu\/wp-content\/uploads\/2018\/11\/DSC_0558-150x100.jpg 150w, https:\/\/ipcszeged.hu\/wp-content\/uploads\/2018\/11\/DSC_0558-300x200.jpg 300w, https:\/\/ipcszeged.hu\/wp-content\/uploads\/2018\/11\/DSC_0558-768x512.jpg 768w, https:\/\/ipcszeged.hu\/wp-content\/uploads\/2018\/11\/DSC_0558-1024x683.jpg 1024w, https:\/\/ipcszeged.hu\/wp-content\/uploads\/2018\/11\/DSC_0558-1620x1080.jpg 1620w\" sizes=\"auto, (max-width: 6000px) 100vw, 6000px\" \/><\/a><\/p>\n ","protected":false},"excerpt":{"rendered":"","protected":false},"author":1,"featured_media":0,"parent":7374,"menu_order":0,"comment_status":"closed","ping_status":"closed","template":"","meta":{"ngg_post_thumbnail":0,"footnotes":""},"class_list":["post-14655","page","type-page","status-publish","hentry"],"_links":{"self":[{"href":"https:\/\/ipcszeged.hu\/index.php\/wp-json\/wp\/v2\/pages\/14655","targetHints":{"allow":["GET"]}}],"collection":[{"href":"https:\/\/ipcszeged.hu\/index.php\/wp-json\/wp\/v2\/pages"}],"about":[{"href":"https:\/\/ipcszeged.hu\/index.php\/wp-json\/wp\/v2\/types\/page"}],"author":[{"embeddable":true,"href":"https:\/\/ipcszeged.hu\/index.php\/wp-json\/wp\/v2\/users\/1"}],"replies":[{"embeddable":true,"href":"https:\/\/ipcszeged.hu\/index.php\/wp-json\/wp\/v2\/comments?post=14655"}],"version-history":[{"count":3,"href":"https:\/\/ipcszeged.hu\/index.php\/wp-json\/wp\/v2\/pages\/14655\/revisions"}],"predecessor-version":[{"id":14775,"href":"https:\/\/ipcszeged.hu\/index.php\/wp-json\/wp\/v2\/pages\/14655\/revisions\/14775"}],"up":[{"embeddable":true,"href":"https:\/\/ipcszeged.hu\/index.php\/wp-json\/wp\/v2\/pages\/7374"}],"wp:attachment":[{"href":"https:\/\/ipcszeged.hu\/index.php\/wp-json\/wp\/v2\/media?parent=14655"}],"curies":[{"name":"wp","href":"https:\/\/api.w.org\/{rel}","templated":true}]}}