{"id":14643,"date":"2018-11-08T09:28:37","date_gmt":"2018-11-08T09:28:37","guid":{"rendered":"http:\/\/www.ipcszeged.hu\/?page_id=14643"},"modified":"2020-08-19T12:04:11","modified_gmt":"2020-08-19T12:04:11","slug":"transznacionalis-egyuttmukodesek-efop-5-2-2-17-2017-00126","status":"publish","type":"page","link":"https:\/\/ipcszeged.hu\/index.php\/projektjeink\/transznacionalis-egyuttmukodesek-efop-5-2-2-17-2017-00126\/","title":{"rendered":"Transznacion\u00e1lis Egy\u00fcttm\u0171k\u00f6d\u00e9sek EFOP 5.2.2-17-2017-00126"},"content":{"rendered":"<p><img loading=\"lazy\" decoding=\"async\" class=\"wp-image-4774 alignright\" src=\"http:\/\/szeged-csanad.hu\/wp-content\/uploads\/2020\/02\/infoblokk_kedv_final_felso_cmyk_ESZA.jpg\" alt=\"\" width=\"350\" height=\"242\"><\/p>\n<p>&nbsp;<\/p>\n<p>&nbsp;<\/p>\n<p>&nbsp;<\/p>\n<p>&nbsp;<\/p>\n<p>&nbsp;<\/p>\n<p>&nbsp;<\/p>\n<p>A projekt c\u00edme:&nbsp;<strong>Fiatalokkal a kereszt\u00e9ny Eur\u00f3p\u00e1\u00e9rt<\/strong><\/p>\n<p>Kedvezm\u00e9nyezett neve:&nbsp;<strong>Szeged-Csan\u00e1di Egyh\u00e1zmegye<\/strong><\/p>\n<p>A szerz\u0151d\u00f6tt t\u00e1mogat\u00e1s \u00f6sszege:&nbsp;<strong>49.500.986.- Ft<\/strong><\/p>\n<p>A t\u00e1mogat\u00e1s m\u00e9rt\u00e9ke (%-ban):<strong>&nbsp;100 %<\/strong><\/p>\n<p style=\"text-align: justify;\"><strong>A projekt tartalm\u00e1nak bemutat\u00e1sa:<\/strong><br>Jelen projekt az ifj\u00fas\u00e1g\u00fcgy ter\u00fclet\u00e9re f\u00f3kusz\u00e1l, azon bel\u00fcl is a szabadid\u0151 hasznos elt\u00f6lt\u00e9s\u00e9re, a vall\u00e1s szerep\u00e9re a fiatalok \u00e9let\u00e9ben. A K\u00e1rp\u00e1t-medence szomsz\u00e9dos EU tag\u00e1llamaiban m\u0171k\u00f6d\u0151 partnerszervezetek\/ int\u00e9zm\u00e9nyekkel egy\u00fcttm\u0171k\u00f6dve, a helyzet\u00e9rt\u00e9kel\u00e9s sor\u00e1n felt\u00e1rt probl\u00e9m\u00e1kra keress\u00fck a megold\u00e1st, j\u00f3 gyakorlatokat \u00e9s m\u00f3dszertanokat. A legfontosabb probl\u00e9m\u00e1k a k\u00f6vetkez\u0151k:<br>(1) Kultur\u00e1lis \u00e9rt\u00e9kv\u00e1lls\u00e1g, globaliz\u00e1ci\u00f3 miatt a nemzeti identit\u00e1s elveszt\u00e9se (2) Virtu\u00e1lis kapcsolatok t\u00e9rnyer\u00e9se, a szem\u00e9lyes emberi kapcsolatok visszaszorul\u00e1sa, (3) kultur\u00e1lis \u00e9s szoci\u00e1lis devianci\u00e1kkal kapcsolatos probl\u00e9m\u00e1k megjelen\u00e9se (4) ifj\u00fas\u00e1gi \u00e9letszakasz meghosszabbod\u00e1sa (posztadoleszcens),(5) a t\u00e1rsadalmi kirekesztetts\u00e9g, (6) Vesz\u00e9lyek, amelyekkel szembe kell n\u00e9zni a feln\u0151tt\u00e9 v\u00e1l\u00e1s \u00e1tmeneti peri\u00f3dus\u00e1ban.<br>A projekt c\u00e9lja a fiatalok k\u00f6r\u00e9ben a kereszt\u00e9ny \u00e9s kultur\u00e1lis \u00e9rt\u00e9kek megszil\u00e1rd\u00edt\u00e1s\u00e1nak m\u00f3dszertani vizsg\u00e1lata. A projekt r\u00e9szc\u00e9lja megvizsg\u00e1lni a K\u00e1rp\u00e1t-medencei egy\u00fcttm\u0171k\u00f6d\u0151 partnerek m\u00f3dszertan\u00e1t az int\u00e9zm\u00e9nyek, szervezetek ifj\u00fas\u00e1g\u00fcgyben v\u00e9gzett tev\u00e9kenys\u00e9g\u00e9t. Nemzetk\u00f6zi j\u00f3 gyakorlatok gy\u0171jt\u00e9se \u00e9s adapt\u00e1l\u00e1sa az Egyh\u00e1zmegye m\u00f3dszertan\u00e1ba, az ifj\u00fas\u00e1g\u00fcgyi szakemberek \u00e9s k\u00f6z\u00f6ss\u00e9gvezet\u0151k k\u00e9pz\u00e9s\u00e9vel, valamint szakpolitikai-szakmapolitikai fejleszt\u00e9si javaslatok megfogalmaz\u00e1sa, j\u00f3 gyakorlatok gy\u0171jtem\u00e9ny\u00e9nek \u00f6sszegy\u0171jt\u00e9s\u00e9vel. A c\u00e9lok el\u00e9r\u00e9s\u00e9hez hat\u00e1ron \u00e1tny\u00fal\u00f3 tapasztalat \u00e9s m\u00f3dszertan cser\u00e9t val\u00f3s\u00edtunk meg, amelynek eszk\u00f6zei a szakmai konferenci\u00e1k, workshopok, tanulm\u00e1nyutak. A projekt eredm\u00e9nyek\u00e9nt elk\u00e9sz\u00fcl egy\u201d a szabadid\u0151 hasznos elt\u00f6lt\u00e9s\u00e9t \u00e9s a szem\u00e9lyes emberi kapcsolatokat prom\u00f3t\u00e1l\u00f3 ifj\u00fas\u00e1gnevel\u00e9si strat\u00e9gi\u00e1k nemzetk\u00f6zi \u00e9s hazai j\u00f3 gyakorlatokat felt\u00e1r\u00f3 kutat\u00e1s\u201d 100-100 f\u0151s mint\u00e1val, a kutat\u00e1s eredm\u00e9nyeir\u0151l sz\u00f3l\u00f3 z\u00e1r\u00f3jelent\u00e9s publik\u00e1l\u00e1sra ker\u00fcl a t\u00e1mogat\u00e1st ig\u00e9nyl\u0151 honlapj\u00e1n. A projekt sor\u00e1n 12 db workshop \u00e9s 8 db hazai tanulm\u00e1ny\u00fat ker\u00fcl megval\u00f3s\u00edt\u00e1sra. A projekt eredm\u00e9nyei hossz\u00fat\u00e1von is hasznosulnak a nemzetk\u00f6zi \u00e9s hazai kapcsolatok kialak\u00edt\u00e1s\u00e1val \u00e9s fenntart\u00e1s\u00e1val a projekt hozz\u00e1j\u00e1rul a hazai ifj\u00fas\u00e1g\u00fcgy m\u00f3dszertani innov\u00e1ci\u00f3j\u00e1hoz, \u00edgy a t\u00e1rsadalmi haszna egy\u00e9rtelm\u0171.<\/p>\n<p style=\"text-align: justify;\">A projekt tervezett befejez\u00e9si d\u00e1tuma:&nbsp;<strong>2020. 02.29.<\/strong><\/p>\n<p style=\"text-align: justify;\">Projekt azonos\u00edt\u00f3 sz\u00e1ma:&nbsp;<strong>EFOP-5.2.2-17-2017-00126<\/strong><\/p>\n\n\n<figure class=\"wp-block-image size-large\"><a href=\"http:\/\/szeged-csanad.hu\/\"><img loading=\"lazy\" decoding=\"async\" width=\"4096\" height=\"2891\" src=\"http:\/\/www.ipcszeged.hu\/wp-content\/uploads\/2020\/06\/efop_5_2_2_17_2017_00126_c_fekvo_nyomdai-page-001-1-4096x2891.jpg\" alt=\"\" class=\"wp-image-16583\" srcset=\"https:\/\/ipcszeged.hu\/wp-content\/uploads\/2020\/06\/efop_5_2_2_17_2017_00126_c_fekvo_nyomdai-page-001-1-4096x2891.jpg 4096w, https:\/\/ipcszeged.hu\/wp-content\/uploads\/2020\/06\/efop_5_2_2_17_2017_00126_c_fekvo_nyomdai-page-001-1-300x212.jpg 300w, https:\/\/ipcszeged.hu\/wp-content\/uploads\/2020\/06\/efop_5_2_2_17_2017_00126_c_fekvo_nyomdai-page-001-1-150x106.jpg 150w, https:\/\/ipcszeged.hu\/wp-content\/uploads\/2020\/06\/efop_5_2_2_17_2017_00126_c_fekvo_nyomdai-page-001-1-768x542.jpg 768w, https:\/\/ipcszeged.hu\/wp-content\/uploads\/2020\/06\/efop_5_2_2_17_2017_00126_c_fekvo_nyomdai-page-001-1-1536x1084.jpg 1536w, https:\/\/ipcszeged.hu\/wp-content\/uploads\/2020\/06\/efop_5_2_2_17_2017_00126_c_fekvo_nyomdai-page-001-1-2048x1445.jpg 2048w, https:\/\/ipcszeged.hu\/wp-content\/uploads\/2020\/06\/efop_5_2_2_17_2017_00126_c_fekvo_nyomdai-page-001-1-1024x723.jpg 1024w, https:\/\/ipcszeged.hu\/wp-content\/uploads\/2020\/06\/efop_5_2_2_17_2017_00126_c_fekvo_nyomdai-page-001-1-1530x1080.jpg 1530w\" sizes=\"auto, (max-width: 4096px) 100vw, 4096px\" \/><\/a><\/figure>\n ","protected":false},"excerpt":{"rendered":"<p>&nbsp; &nbsp; &nbsp; &nbsp; &nbsp; &nbsp; A projekt c\u00edme:&nbsp;Fiatalokkal a kereszt\u00e9ny Eur\u00f3p\u00e1\u00e9rt Kedvezm\u00e9nyezett neve:&nbsp;Szeged-Csan\u00e1di Egyh\u00e1zmegye A szerz\u0151d\u00f6tt t\u00e1mogat\u00e1s \u00f6sszege:&nbsp;49.500.986.- Ft A t\u00e1mogat\u00e1s m\u00e9rt\u00e9ke (%-ban):&nbsp;100 % A projekt tartalm\u00e1nak bemutat\u00e1sa:Jelen projekt az ifj\u00fas\u00e1g\u00fcgy ter\u00fclet\u00e9re f\u00f3kusz\u00e1l, azon bel\u00fcl is a szabadid\u0151 hasznos elt\u00f6lt\u00e9s\u00e9re, a vall\u00e1s szerep\u00e9re a fiatalok \u00e9let\u00e9ben. A K\u00e1rp\u00e1t-medence szomsz\u00e9dos EU tag\u00e1llamaiban m\u0171k\u00f6d\u0151 partnerszervezetek\/ int\u00e9zm\u00e9nyekkel&hellip; <br \/> <a class=\"read-more\" href=\"https:\/\/ipcszeged.hu\/index.php\/projektjeink\/transznacionalis-egyuttmukodesek-efop-5-2-2-17-2017-00126\/\">Read more<\/a><\/p>\n","protected":false},"author":1,"featured_media":0,"parent":16773,"menu_order":1,"comment_status":"closed","ping_status":"closed","template":"","meta":{"ngg_post_thumbnail":0,"footnotes":""},"class_list":["post-14643","page","type-page","status-publish","hentry"],"_links":{"self":[{"href":"https:\/\/ipcszeged.hu\/index.php\/wp-json\/wp\/v2\/pages\/14643","targetHints":{"allow":["GET"]}}],"collection":[{"href":"https:\/\/ipcszeged.hu\/index.php\/wp-json\/wp\/v2\/pages"}],"about":[{"href":"https:\/\/ipcszeged.hu\/index.php\/wp-json\/wp\/v2\/types\/page"}],"author":[{"embeddable":true,"href":"https:\/\/ipcszeged.hu\/index.php\/wp-json\/wp\/v2\/users\/1"}],"replies":[{"embeddable":true,"href":"https:\/\/ipcszeged.hu\/index.php\/wp-json\/wp\/v2\/comments?post=14643"}],"version-history":[{"count":3,"href":"https:\/\/ipcszeged.hu\/index.php\/wp-json\/wp\/v2\/pages\/14643\/revisions"}],"predecessor-version":[{"id":16777,"href":"https:\/\/ipcszeged.hu\/index.php\/wp-json\/wp\/v2\/pages\/14643\/revisions\/16777"}],"up":[{"embeddable":true,"href":"https:\/\/ipcszeged.hu\/index.php\/wp-json\/wp\/v2\/pages\/16773"}],"wp:attachment":[{"href":"https:\/\/ipcszeged.hu\/index.php\/wp-json\/wp\/v2\/media?parent=14643"}],"curies":[{"name":"wp","href":"https:\/\/api.w.org\/{rel}","templated":true}]}}