{"id":11782,"date":"2018-07-23T09:04:02","date_gmt":"2018-07-23T09:04:02","guid":{"rendered":"http:\/\/www.ipcszeged.hu\/?page_id=11782"},"modified":"2018-11-05T10:41:18","modified_gmt":"2018-11-05T10:41:18","slug":"ministrans-talalkozo-2018","status":"publish","type":"page","link":"https:\/\/ipcszeged.hu\/index.php\/programok-ahol-megtalalsz-bennunket\/ministrans-talalkozo-2018\/","title":{"rendered":"Ministr\u00e1ns Tal\u00e1lkoz\u00f3 2018"},"content":{"rendered":"<p style=\"text-align: center;\"><strong>&nbsp; &nbsp; &#8220;<\/strong><strong>Az \u00dar h\u00e1z\u00e1ban van el\u00fcltetve, Isten\u00e9nek csarnok\u00e1ban bont vir\u00e1got.\u201d<\/strong><\/p>\n<p style=\"text-align: center;\"><em>( Zsolt 92,14)<\/em><\/p>\n<p style=\"text-align: left;\">F\u0151tisztelend\u0151 Aty\u00e1k!<\/p>\n<ol start=\"2018\">\n<li><strong> okt\u00f3ber 6-\u00e1n (szombaton)<\/strong> ministr\u00e1ns tal\u00e1lkoz\u00f3t szervez\u00fcnk a Szeged-Csan\u00e1di Egyh\u00e1zmegye ministr\u00e1nsai sz\u00e1m\u00e1ra. K\u00e9rj\u00fck, t\u00e1mogass\u00e1k ezt a rendezv\u00e9nyt azzal, hogy ministr\u00e1nsaikat elhozz\u00e1k.<\/li>\n<\/ol>\n<p><strong>Jelentkezni szeptember 30-ig<\/strong> lehet a k\u00f6vetkez\u0151 <strong>linkre kattintva<\/strong>:<\/p>\n<h3 style=\"text-align: center;\"><strong><u><a href=\"https:\/\/docs.google.com\/forms\/d\/e\/1FAIpQLSc2hHSuAZM02XDx2fYxQotqISk0_wHlhuwxd1o_vn7ny_3vmg\/viewform\">REGISZTR\u00c1CI\u00d3<\/a><\/u><\/strong><\/h3>\n<p>&nbsp;<\/p>\n<p><a href=\"http:\/\/www.ipcszeged.hu\/index.php\/ministrans-talalkozo-2018\/unnamed\/\" rel=\"attachment wp-att-14082\"><img loading=\"lazy\" decoding=\"async\" class=\"aligncenter size-full wp-image-14082\" src=\"http:\/\/www.ipcszeged.hu\/wp-content\/uploads\/2018\/08\/unnamed.jpg\" alt=\"\" width=\"1587\" height=\"2245\" srcset=\"https:\/\/ipcszeged.hu\/wp-content\/uploads\/2018\/08\/unnamed.jpg 1587w, https:\/\/ipcszeged.hu\/wp-content\/uploads\/2018\/08\/unnamed-106x150.jpg 106w, https:\/\/ipcszeged.hu\/wp-content\/uploads\/2018\/08\/unnamed-212x300.jpg 212w, https:\/\/ipcszeged.hu\/wp-content\/uploads\/2018\/08\/unnamed-768x1086.jpg 768w, https:\/\/ipcszeged.hu\/wp-content\/uploads\/2018\/08\/unnamed-1024x1449.jpg 1024w, https:\/\/ipcszeged.hu\/wp-content\/uploads\/2018\/08\/unnamed-763x1080.jpg 763w\" sizes=\"auto, (max-width: 1587px) 100vw, 1587px\" \/><\/a><\/p>\n<p><strong>PROGRAM:<\/strong><\/p>\n<p>Helysz\u00edn: <strong>Szeged \u2013 d\u00f3m, szemin\u00e1rium<\/strong><\/p>\n<p>Id\u0151pont: <strong>2018. okt\u00f3ber 6. (szombat)<\/strong><\/p>\n<p>Koroszt\u00e1ly:<strong> 9 \u2013 10 \u00e9vt\u0151l kezd\u0151d\u0151en<\/strong><\/p>\n<p>Jelentkez\u00e9si hat\u00e1rid\u0151: <strong>szeptember 30-ig<\/strong><\/p>\n<p>Parkol\u00e1si lehet\u0151s\u00e9g:<strong> p\u00fcsp\u00f6ks\u00e9g udvara <\/strong><\/p>\n<p>M\u00e1s el\u00e9rhet\u0151s\u00e9g: <strong>06-20 \/ 291 54 11<\/strong><\/p>\n<p>&nbsp;<\/p>\n<p><strong>A szentmise el\u0151tt regisztr\u00e1ci\u00f3 lesz a D\u00f3m kapuj\u00e1ban<\/strong>.<\/p>\n<p><strong>&nbsp; 9.30 \u2013 t\u00f3l regisztr\u00e1ci\u00f3 a D\u00f3m kapuj\u00e1ban<\/strong><\/p>\n<p><strong>10.00 Szentmise: Dr. Kiss-Rig\u00f3 L\u00e1szl\u00f3 p\u00fcsp\u00f6k <\/strong><\/p>\n<p><em>&nbsp;&nbsp; &nbsp;&nbsp;&nbsp;&nbsp;&nbsp;&nbsp;&nbsp;A szentmise el\u0151tt \u00e9s alatt folyamatos gy\u00f3n\u00e1si lehet\u0151s\u00e9get biztos\u00edtunk<\/em><\/p>\n<p><strong>11.30 \u2013 13.15 El\u0151ad\u00e1sok, besz\u00e9lget\u00e9s <\/strong><\/p>\n<p><strong>13.30 \u2013 14.15 Eb\u00e9d<\/strong><\/p>\n<p><strong>14.30 \u2013 15.45 \u00c1llom\u00e1sos j\u00e1t\u00e9kok<\/strong><\/p>\n<p><strong>16.00 Hazaindul\u00e1s<\/strong><\/p>\n<p>A szentmis\u00e9n \u00e9nekel: <strong>Eleven t\u0171z<\/strong><\/p>\n<p>&nbsp;<\/p>\n<p><strong>&nbsp;<\/strong><em>Szeretettel v\u00e1rjuk a ministr\u00e1nsokat!<\/em><\/p>\n ","protected":false},"excerpt":{"rendered":"<p>&nbsp; &nbsp; &#8220;Az \u00dar h\u00e1z\u00e1ban van el\u00fcltetve, Isten\u00e9nek csarnok\u00e1ban bont vir\u00e1got.\u201d ( Zsolt 92,14) F\u0151tisztelend\u0151 Aty\u00e1k! okt\u00f3ber 6-\u00e1n (szombaton) ministr\u00e1ns tal\u00e1lkoz\u00f3t szervez\u00fcnk a Szeged-Csan\u00e1di Egyh\u00e1zmegye ministr\u00e1nsai sz\u00e1m\u00e1ra. K\u00e9rj\u00fck, t\u00e1mogass\u00e1k ezt a rendezv\u00e9nyt azzal, hogy ministr\u00e1nsaikat elhozz\u00e1k. Jelentkezni szeptember 30-ig lehet a k\u00f6vetkez\u0151 linkre kattintva: REGISZTR\u00c1CI\u00d3 &nbsp; PROGRAM: Helysz\u00edn: Szeged \u2013 d\u00f3m, szemin\u00e1rium Id\u0151pont: 2018. okt\u00f3ber&hellip; <br \/> <a class=\"read-more\" href=\"https:\/\/ipcszeged.hu\/index.php\/programok-ahol-megtalalsz-bennunket\/ministrans-talalkozo-2018\/\">Read more<\/a><\/p>\n","protected":false},"author":1,"featured_media":0,"parent":162,"menu_order":9,"comment_status":"closed","ping_status":"closed","template":"","meta":{"ngg_post_thumbnail":0,"footnotes":""},"class_list":["post-11782","page","type-page","status-publish","hentry"],"_links":{"self":[{"href":"https:\/\/ipcszeged.hu\/index.php\/wp-json\/wp\/v2\/pages\/11782","targetHints":{"allow":["GET"]}}],"collection":[{"href":"https:\/\/ipcszeged.hu\/index.php\/wp-json\/wp\/v2\/pages"}],"about":[{"href":"https:\/\/ipcszeged.hu\/index.php\/wp-json\/wp\/v2\/types\/page"}],"author":[{"embeddable":true,"href":"https:\/\/ipcszeged.hu\/index.php\/wp-json\/wp\/v2\/users\/1"}],"replies":[{"embeddable":true,"href":"https:\/\/ipcszeged.hu\/index.php\/wp-json\/wp\/v2\/comments?post=11782"}],"version-history":[{"count":3,"href":"https:\/\/ipcszeged.hu\/index.php\/wp-json\/wp\/v2\/pages\/11782\/revisions"}],"predecessor-version":[{"id":14083,"href":"https:\/\/ipcszeged.hu\/index.php\/wp-json\/wp\/v2\/pages\/11782\/revisions\/14083"}],"up":[{"embeddable":true,"href":"https:\/\/ipcszeged.hu\/index.php\/wp-json\/wp\/v2\/pages\/162"}],"wp:attachment":[{"href":"https:\/\/ipcszeged.hu\/index.php\/wp-json\/wp\/v2\/media?parent=11782"}],"curies":[{"name":"wp","href":"https:\/\/api.w.org\/{rel}","templated":true}]}}

Ministráns Találkozó 2018

<p style="text-align: center;"><strong>&nbsp; &nbsp; &#8220;</strong><strong>Az Úr házában van elültetve, Istenének csarnokában bont virágot.”</strong></p>
<p style="text-align: center;"><em>( Zsolt 92,14)</em></p>
<p style="text-align: left;">Főtisztelendő Atyák!</p>
<ol start="2018">
<li><strong> október 6-án (szombaton)</strong> ministráns találkozót szervezünk a Szeged-Csanádi Egyházmegye ministránsai számára. Kérjük, támogassák ezt a rendezvényt azzal, hogy ministránsaikat elhozzák.</li>
</ol>
<p><strong>Jelentkezni szeptember 30-ig</strong> lehet a következő <strong>linkre kattintva</strong>:</p>
<h3 style="text-align: center;"><strong><u><a href="https://docs.google.com/forms/d/e/1FAIpQLSc2hHSuAZM02XDx2fYxQotqISk0_wHlhuwxd1o_vn7ny_3vmg/viewform">REGISZTRÁCIÓ</a></u></strong></h3>
<p>&nbsp;</p>
<p><a href="http://www.ipcszeged.hu/index.php/ministrans-talalkozo-2018/unnamed/" rel="attachment wp-att-14082"><img loading="lazy" decoding="async" class="aligncenter size-full wp-image-14082" src="http://www.ipcszeged.hu/wp-content/uploads/2018/08/unnamed.jpg" alt="" width="1587" height="2245" srcset="https://ipcszeged.hu/wp-content/uploads/2018/08/unnamed.jpg 1587w, https://ipcszeged.hu/wp-content/uploads/2018/08/unnamed-106x150.jpg 106w, https://ipcszeged.hu/wp-content/uploads/2018/08/unnamed-212x300.jpg 212w, https://ipcszeged.hu/wp-content/uploads/2018/08/unnamed-768x1086.jpg 768w, https://ipcszeged.hu/wp-content/uploads/2018/08/unnamed-1024x1449.jpg 1024w, https://ipcszeged.hu/wp-content/uploads/2018/08/unnamed-763x1080.jpg 763w" sizes="auto, (max-width: 1587px) 100vw, 1587px" /></a></p>
<p><strong>PROGRAM:</strong></p>
<p>Helyszín: <strong>Szeged – dóm, szeminárium</strong></p>
<p>Időpont: <strong>2018. október 6. (szombat)</strong></p>
<p>Korosztály:<strong> 9 – 10 évtől kezdődően</strong></p>
<p>Jelentkezési határidő: <strong>szeptember 30-ig</strong></p>
<p>Parkolási lehetőség:<strong> püspökség udvara </strong></p>
<p>Más elérhetőség: <strong>06-20 / 291 54 11</strong></p>
<p>&nbsp;</p>
<p><strong>A szentmise előtt regisztráció lesz a Dóm kapujában</strong>.</p>
<p><strong>&nbsp; 9.30 – tól regisztráció a Dóm kapujában</strong></p>
<p><strong>10.00 Szentmise: Dr. Kiss-Rigó László püspök </strong></p>
<p><em>&nbsp;&nbsp; &nbsp;&nbsp;&nbsp;&nbsp;&nbsp;&nbsp;&nbsp;A szentmise előtt és alatt folyamatos gyónási lehetőséget biztosítunk</em></p>
<p><strong>11.30 – 13.15 Előadások, beszélgetés </strong></p>
<p><strong>13.30 – 14.15 Ebéd</strong></p>
<p><strong>14.30 – 15.45 Állomásos játékok</strong></p>
<p><strong>16.00 Hazaindulás</strong></p>
<p>A szentmisén énekel: <strong>Eleven tűz</strong></p>
<p>&nbsp;</p>
<p><strong>&nbsp;</strong><em>Szeretettel várjuk a ministránsokat!</em></p>

<p>&nbsp; &nbsp; &#8220;Az Úr házában van elültetve, Istenének csarnokában bont virágot.” ( Zsolt 92,14) Főtisztelendő Atyák! október 6-án (szombaton) ministráns találkozót szervezünk a Szeged-Csanádi Egyházmegye ministránsai számára. Kérjük, támogassák ezt a rendezvényt azzal, hogy ministránsaikat elhozzák. Jelentkezni szeptember 30-ig lehet a következő linkre kattintva: REGISZTRÁCIÓ &nbsp; PROGRAM: Helyszín: Szeged – dóm, szeminárium Időpont: 2018. október&hellip; <br /> <a class="read-more" href="https://ipcszeged.hu/index.php/programok-ahol-megtalalsz-bennunket/ministrans-talalkozo-2018/">Read more</a></p>
